000
CXUS53 KLSX 201600
CF6CPS
PRELIMINARY LOCAL CLIMATOLOGICAL DATA (WS FORM: F-6)

                                          STATION:   CAHOKIA/ST. LOUIS
                                          MONTH:     JUNE
                                          YEAR:      2018
                                          LATITUDE:   38 34 N
                                          LONGITUDE:  90  9 W

  TEMPERATURE IN F:       :PCPN:    SNOW:  WIND      :SUNSHINE: SKY     :PK WND
================================================================================
1   2   3   4   5  6A  6B    7    8   9   10  11  12  13   14  15   16   17  18
                                     12Z  AVG MX 2MIN
DY MAX MIN AVG DEP HDD CDD  WTR  SNW DPTH SPD SPD DIR MIN PSBL S-S WX    SPD DR
================================================================================

 1  95  68  82  12   0  17 0.00  0.0    0  4.5 10 170   M    M   1        15 170
 2  86  70  78   7   0  13 0.11  0.0    0  5.4 21 320   M    M   3 138    32 100
 3  84  61  73   2   0   8 0.00  0.0    0 12.6 24 330   M    M   0        35 310
 4  79  54  67  -4   0   2 0.00  0.0    0  4.9 15  10   M    M   0        20 360
 5  88  56  72   0   0   7 0.00  0.0    0  2.4  9 250   M    M   0        15 300
 6  91  61  76   4   0  11 0.00  0.0    0  2.3 10 200   M    M   0        15 210
 7  94  65  80   8   0  15 0.00  0.0    0  3.5 12 170   M    M   0        18 160
 8  93  69  81   9   0  16 0.00  0.0    0  5.8 13 180   M    M   1        20 160
 9  84  68  76   3   0  11 1.13  0.0    0  3.9 22 250   M    M   1 13     34 230
10  92  69  81   8   0  16 0.00  0.0    0  5.8 10 200   M    M   0        18 220
11  93  71  82   9   0  17 0.00  0.0    0  5.8 14 140   M    M   1 38     21 150
12  90  73  82   9   0  17    T  0.0    0  5.0 14 340   M    M   2        19 160
13  91  69  80   6   0  15 0.00  0.0    0  6.1 15 340   M    M   2        20 330
14  92  64  78   4   0  13 0.03  0.0    0  5.9 29  20   M    M   2 3      38 180
15  95  69  82   8   0  17    T  0.0    0  4.3 14 180   M    M   0        24 170
16  95  71  83   9   0  18 0.00  0.0    0  5.5 12 200   M    M   1        18 200
17  95  72  84   9   0  19 0.00  0.0    0  5.1 13 190   M    M   1        20 180
18  95  72  84   9   0  19 0.00  0.0    0  4.6 13 190   M    M   0        21 180
19  93  71  82   7   0  17 0.50  0.0    0  5.8 26 310   M    M   2 13     40 320
================================================================================
SM 1725 1273         0 268  1.77     0.0  99.2          M       17
================================================================================
AV 90.8 67.0                               5.2 FASTST   M    M   1    MAX(MPH)
                                 MISC ---->  # 29  20               # 40  320
================================================================================
NOTES:
# LAST OF SEVERAL OCCURRENCES

COLUMN 17 PEAK WIND IN M.P.H.

PRELIMINARY LOCAL CLIMATOLOGICAL DATA (WS FORM: F-6) , PAGE 2

                                          STATION:  CAHOKIA/ST. LOUIS
                                          MONTH:    JUNE
                                          YEAR:     2018
                                          LATITUDE:   38 34 N
                                          LONGITUDE:  90  9 W

[TEMPERATURE DATA]      [PRECIPITATION DATA]       SYMBOLS USED IN COLUMN 16

AVERAGE MONTHLY: 78.9   TOTAL FOR MONTH:   1.77    1 = FOG OR MIST
DPTR FM NORMAL:   6.1   DPTR FM NORMAL:   -1.12    2 = FOG REDUCING VISIBILITY
HIGHEST:    95 ON 18,17 GRTST 24HR  1.13 ON  9- 9      TO 1/4 MILE OR LESS
LOWEST:     54 ON  4                               3 = THUNDER
                        SNOW, ICE PELLETS, HAIL    4 = ICE PELLETS
                        TOTAL MONTH:   0.0 INCH    5 = HAIL
                        GRTST 24HR     0.0         6 = FREEZING RAIN OR DRIZZLE
                        GRTST DEPTH:   0           7 = DUSTSTORM OR SANDSTORM:
                                                       VSBY 1/2 MILE OR LESS
                                                   8 = SMOKE OR HAZE
[NO. OF DAYS WITH]      [WEATHER - DAYS WITH]      9 = BLOWING SNOW
                                                   X = TORNADO
MAX 32 OR BELOW:   0    0.01 INCH OR MORE:   4
MAX 90 OR ABOVE:  14    0.10 INCH OR MORE:   3
MIN 32 OR BELOW:   0    0.50 INCH OR MORE:   2
MIN  0 OR BELOW:   0    1.00 INCH OR MORE:   1

[HDD (BASE 65) ]
TOTAL THIS MO.     0    CLEAR  (SCALE 0-3)  19
DPTR FM NORMAL    -6    PTCLDY (SCALE 4-7)   0
TOTAL FM JUL 1  4641    CLOUDY (SCALE 8-10)  0
DPTR FM NORMAL   -83

[CDD (BASE 65) ]
TOTAL THIS MO.   268
DPTR FM NORMAL   113    [PRESSURE DATA]
TOTAL FM JAN 1   577    HIGHEST SLP M ON M
DPTR FM NORMAL   287    LOWEST  SLP 29.71 ON 10

[REMARKS]
