000
CXUS55 KLOX 241655
CF6CQT
PRELIMINARY LOCAL CLIMATOLOGICAL DATA (WS FORM: F-6)

                                          STATION:   DOWNTOWN LOS ANGELES (USC) CA
                                          MONTH:     SEPTEMBER
                                          YEAR:      2018
                                          LATITUDE:   34  1 N
                                          LONGITUDE: 118 17 W

  TEMPERATURE IN F:       :PCPN:    SNOW:  WIND      :SUNSHINE: SKY     :PK WND
================================================================================
1   2   3   4   5  6A  6B    7    8   9   10  11  12  13   14  15   16   17  18
                                     12Z  AVG MX 2MIN
DY MAX MIN AVG DEP HDD CDD  WTR  SNW DPTH SPD SPD DIR MIN PSBL S-S WX    SPD DR
================================================================================

 1  82  67  75   1   0  10 0.00  0.0    0  1.8  8 270   M    M   4 8      13 280
 2  79  69  74   0   0   9 0.00  0.0    0  2.0  9 270   M    M   8        13 270
 3  79  69  74   0   0   9 0.00  0.0    0  1.9  9 270   M    M   8        15 270
 4  76  68  72  -2   0   7 0.00  0.0    0  1.4  9 270   M    M   9 8      15 270
 5  77  67  72  -2   0   7 0.00  0.0    0  2.2 12 270   M    M   9 8      18 270
 6  76  66  71  -3   0   6 0.00  0.0    0  1.8 10 270   M    M   7 18     16 260
 7  82  65  74   0   0   9 0.00  0.0    0  1.2  8 260   M    M   4 18     14 260
 8  84  65  75   1   0  10 0.00  0.0    0  1.5  8 270   M    M   3 18     12 280
 9  89  64  77   3   0  12 0.00  0.0    0  0.5  5 260   M    M   2 18     11 270
10  84  67  76   2   0  11 0.00  0.0    0  1.7  9 280   M    M   5 18     14 280
11  82  68  75   1   0  10 0.00  0.0    M  1.7  8 270   M    M   5 18     13 270
12  81  66  74   0   0   9 0.00  0.0    0  2.4  8 280   M    M   4        14 270
13  85  64  75   1   0  10 0.00  0.0    0  1.1  8 270   M    M   0 18     14 280
14  92  65  79   5   0  14 0.00  0.0    0  1.3 10 270   M    M   0 8      15 270
15  86  65  76   3   0  11 0.00  0.0    0  1.5  9 270   M    M   0        14 270
16  87  64  76   3   0  11 0.00  0.0    0  0.8 10 270   M    M   0        14 280
17  87  62  75   2   0  10 0.00  0.0    0  1.2  9 270   M    M   0        14 270
18  85  61  73   0   0   8 0.00  0.0    M  1.3  9 140   M    M   0        12 270
19  81  61  71  -2   0   6 0.00  0.0    0  1.6  8 270   M    M   0        13 270
20  82  63  73   0   0   8 0.00  0.0    0  2.2  9 270   M    M   5 18     15 270
21  80  65  73   1   0   8 0.00  0.0    0  1.2  8 270   M    M   4 8      12 280
22  81  64  73   1   0   8 0.00  0.0    0  1.6  9 270   M    M   3 18     15 270
23  80  65  73   1   0   8 0.00  0.0    0  1.4  9 270   M    M   2 18     15 270
================================================================================
SM 1897 1500         0 211  0.00     0.0  35.3          M       82
================================================================================
AV 82.5 65.2                               1.5 FASTST   M    M   4    MAX(MPH)
                                 MISC ---->  # 12 270               # 18  270
================================================================================
NOTES:
# LAST OF SEVERAL OCCURRENCES

COLUMN 17 PEAK WIND IN M.P.H.

PRELIMINARY LOCAL CLIMATOLOGICAL DATA (WS FORM: F-6) , PAGE 2

                                          STATION:  DOWNTOWN LOS ANGELES (USC) CA
                                          MONTH:    SEPTEMBER
                                          YEAR:     2018
                                          LATITUDE:   34  1 N
                                          LONGITUDE: 118 17 W

[TEMPERATURE DATA]      [PRECIPITATION DATA]       SYMBOLS USED IN COLUMN 16

AVERAGE MONTHLY: 73.9   TOTAL FOR MONTH:   0.00    1 = FOG OR MIST
DPTR FM NORMAL:   0.4   DPTR FM NORMAL:   -0.15    2 = FOG REDUCING VISIBILITY
HIGHEST:    92 ON 14    GRTST 24HR  0.00 ON 23-23      TO 1/4 MILE OR LESS
LOWEST:     61 ON 19,18                            3 = THUNDER
                        SNOW, ICE PELLETS, HAIL    4 = ICE PELLETS
                        TOTAL MONTH:   0.0 INCH    5 = HAIL
                        GRTST 24HR     0.0         6 = FREEZING RAIN OR DRIZZLE
                        GRTST DEPTH:   0           7 = DUSTSTORM OR SANDSTORM:
                                                       VSBY 1/2 MILE OR LESS
                                                   8 = SMOKE OR HAZE
[NO. OF DAYS WITH]      [WEATHER - DAYS WITH]      9 = BLOWING SNOW
                                                   X = TORNADO
MAX 32 OR BELOW:   0    0.01 INCH OR MORE:   0
MAX 90 OR ABOVE:   1    0.10 INCH OR MORE:   0
MIN 32 OR BELOW:   0    0.50 INCH OR MORE:   0
MIN  0 OR BELOW:   0    1.00 INCH OR MORE:   0

[HDD (BASE 65) ]
TOTAL THIS MO.     0    CLEAR  (SCALE 0-3)  11
DPTR FM NORMAL     0    PTCLDY (SCALE 4-7)  10
TOTAL FM JUL 1     0    CLOUDY (SCALE 8-10)  2
DPTR FM NORMAL     0

[CDD (BASE 65) ]
TOTAL THIS MO.   211
DPTR FM NORMAL    16    [PRESSURE DATA]
TOTAL FM JAN 1  1342    HIGHEST SLP M ON M
DPTR FM NORMAL   313    LOWEST  SLP 29.66 ON 19

[REMARKS]
