000
CXUS56 KLOX 161155
CF6CQT
PRELIMINARY LOCAL CLIMATOLOGICAL DATA (WS FORM: F-6)

                                          STATION:   DOWNTOWN LOS ANGELES (USC) CA
                                          MONTH:     DECEMBER
                                          YEAR:      2018
                                          LATITUDE:   34  1 N
                                          LONGITUDE: 118 17 W

  TEMPERATURE IN F:       :PCPN:    SNOW:  WIND      :SUNSHINE: SKY     :PK WND
================================================================================
1   2   3   4   5  6A  6B    7    8   9   10  11  12  13   14  15   16   17  18
                                     12Z  AVG MX 2MIN
DY MAX MIN AVG DEP HDD CDD  WTR  SNW DPTH SPD SPD DIR MIN PSBL S-S WX    SPD DR
================================================================================

 1  66  48  57  -2   8   0 0.00  0.0    0  1.2 10 270   M    M   0        17 270
 2  65  52  59   0   6   0 0.00  0.0    0  2.8  9 320   M    M   0        17 340
 3  68  51  60   2   5   0 0.00  0.0    0  1.6  8 270   M    M   0        11 270
 4  71  51  61   3   4   0 0.00  0.0    0  2.5  8 100   M    M   0        12 110
 5  61  52  57  -1   8   0 0.20  0.0    0  4.4 10 100   M    M   9 1      16 100
 6  58  50  54  -4  11   0 1.91  0.0    0  4.6 13 100   M    M   5 1      22  90
 7  70  49  60   2   5   0 0.00  0.0    0  1.4  9 100   M    M   1        13  90
 8  72  52  62   4   3   0 0.00  0.0    0  1.3  7 270   M    M   0        11 260
 9  72  53  63   5   2   0 0.00  0.0    0  1.3  7 270   M    M   0        10 270
10  68  56  62   4   3   0 0.00  0.0    0  1.3  6 100   M    M   0 8      10  70
11  70  50  60   2   5   0 0.00  0.0    0  1.5  8 270   M    M   0 8      11 270
12  66  52  59   1   6   0 0.00  0.0    0  1.4  6 140   M    M   4 18     10 130
13  77  48  63   6   2   0 0.00  0.0    0  1.7  7  80   M    M   0 18     10  50
14  69  56  63   6   2   0 0.00  0.0    0  0.6  5 280   M    M   0         8  50
15  72  47  60   3   5   0 0.00  0.0    0  0.8  7 270   M    M   0        12 270
================================================================================
SM 1025  767        75   0  2.11     0.0  28.4          M       19
================================================================================
AV 68.3 51.1                               1.9 FASTST   M    M   1    MAX(MPH)
                                 MISC ---->  # 13 100               # 22   90
================================================================================
NOTES:
# LAST OF SEVERAL OCCURRENCES

COLUMN 17 PEAK WIND IN M.P.H.

PRELIMINARY LOCAL CLIMATOLOGICAL DATA (WS FORM: F-6) , PAGE 2

                                          STATION:  DOWNTOWN LOS ANGELES (USC) CA
                                          MONTH:    DECEMBER
                                          YEAR:     2018
                                          LATITUDE:   34  1 N
                                          LONGITUDE: 118 17 W

[TEMPERATURE DATA]      [PRECIPITATION DATA]       SYMBOLS USED IN COLUMN 16

AVERAGE MONTHLY: 59.7   TOTAL FOR MONTH:   2.11    1 = FOG OR MIST
DPTR FM NORMAL:   1.8   DPTR FM NORMAL:    1.20    2 = FOG REDUCING VISIBILITY
HIGHEST:    77 ON 13    GRTST 24HR  1.91 ON  6- 6      TO 1/4 MILE OR LESS
LOWEST:     47 ON 15                               3 = THUNDER
                        SNOW, ICE PELLETS, HAIL    4 = ICE PELLETS
                        TOTAL MONTH:   0.0 INCH    5 = HAIL
                        GRTST 24HR     0.0         6 = FREEZING RAIN OR DRIZZLE
                        GRTST DEPTH:   0           7 = DUSTSTORM OR SANDSTORM:
                                                       VSBY 1/2 MILE OR LESS
                                                   8 = SMOKE OR HAZE
[NO. OF DAYS WITH]      [WEATHER - DAYS WITH]      9 = BLOWING SNOW
                                                   X = TORNADO
MAX 32 OR BELOW:   0    0.01 INCH OR MORE:   2
MAX 90 OR ABOVE:   0    0.10 INCH OR MORE:   2
MIN 32 OR BELOW:   0    0.50 INCH OR MORE:   1
MIN  0 OR BELOW:   0    1.00 INCH OR MORE:   1

[HDD (BASE 65) ]
TOTAL THIS MO.    75    CLEAR  (SCALE 0-3)  12
DPTR FM NORMAL   -34    PTCLDY (SCALE 4-7)   2
TOTAL FM JUL 1   111    CLOUDY (SCALE 8-10)  1
DPTR FM NORMAL  -129

[CDD (BASE 65) ]
TOTAL THIS MO.     0
DPTR FM NORMAL     0    [PRESSURE DATA]
TOTAL FM JAN 1  1615    HIGHEST SLP M ON M
DPTR FM NORMAL   375    LOWEST  SLP 29.82 ON  6

[REMARKS]
