000
CXUS52 KILM 231000
CF6CRE
PRELIMINARY LOCAL CLIMATOLOGICAL DATA (WS FORM: F-6)

                                          STATION:   N.MYRTLE BEACH SOUTH CAROLINA
                                          MONTH:     OCTOBER
                                          YEAR:      2018
                                          LATITUDE:   33 49 N
                                          LONGITUDE:  78 43 W

  TEMPERATURE IN F:       :PCPN:    SNOW:  WIND      :SUNSHINE: SKY     :PK WND
================================================================================
1   2   3   4   5  6A  6B    7    8   9   10  11  12  13   14  15   16   17  18
                                     12Z  AVG MX 2MIN
DY MAX MIN AVG DEP HDD CDD  WTR  SNW DPTH SPD SPD DIR MIN PSBL S-S WX    SPD DR
================================================================================

 1  84  68  76   5   0  11 0.00    M    M  7.9 15  90   M    M   1        19 130
 2  84  68  76   6   0  11 0.00    M    M  5.1 12 160   M    M   1        15 160
 3  84  68  76   6   0  11 0.00    M    M  4.5 13 200   M    M   1 1      15 180
 4  87  71  79   9   0  14 0.00    M    M  5.8 15 220   M    M   1        18 200
 5  91  72  82  13   0  17    T    M    M  6.5 15 220   M    M   2        17 220
 6  87  72  80  11   0  15    T    M    M  3.7 15  60   M    M   2 138    23  30
 7  85  72  79  11   0  14 0.32    M    M  5.0 16 100   M    M   2 1      21 110
 8  85  73  79  11   0  14    T    M    M 10.9 21  90   M    M   2 1      30 100
 9  85  72  79  11   0  14 0.18    M    M 11.4 21  80   M    M   6 1      29 100
10  84  78  81  14   0  16 0.32    M    M 11.2 20 130   M    M   9 138    32 130
11  84  73  79  12   0  14 0.06    M    M 19.7 41 210   M    M   8 18     55 190
12  78  58  68   1   0   3 0.00    M    M  4.7 14  20   M    M   0        17  10
13  79  55  67   1   0   2 0.00    M    M  4.1 13  50   M    M   1 1      16  50
14  82  59  71   5   0   6 0.00    M    M  7.2 15 110   M    M   2        21 100
15  83  69  76  10   0  11    T    M    M  8.5 13 200   M    M   5        17 160
16  86  73  80  15   0  15 0.74    M    M  5.4 12 170   M    M   4 13      M  M
17  81  69  75  10   0  10 0.29    M    M  5.3 16 260   M    M   6 13     26 260
18  70  54  62  -3   3   0 0.00    M    M 10.1 20  50   M    M   1        24  30
19  74  53  64   0   1   0 0.00    M    M  8.5 14 110   M    M   1        19  80
20  81  67  74  10   0   9    T    M    M  9.2 18 240   M    M   4        28 240
21  67  43  55  -9  10   0 0.00    M    M  8.6 23 360   M    M   0        37  10
22  67  42  55  -8  10   0 0.00    M    M  4.0 10 190   M    M   0        13 160
================================================================================
SM 1788 1429        24 207  1.91    M    167.3          M       59
================================================================================
AV 81.3 65.0                               7.6 FASTST   M    M   3    MAX(MPH)
                                 MISC ---->  # 41 210               # 55  190
================================================================================
NOTES:
# LAST OF SEVERAL OCCURRENCES

COLUMN 17 PEAK WIND IN M.P.H.

PRELIMINARY LOCAL CLIMATOLOGICAL DATA (WS FORM: F-6) , PAGE 2

                                          STATION:  N.MYRTLE BEACH SOUTH CAROLINA
                                          MONTH:    OCTOBER
                                          YEAR:     2018
                                          LATITUDE:   33 49 N
                                          LONGITUDE:  78 43 W

[TEMPERATURE DATA]      [PRECIPITATION DATA]       SYMBOLS USED IN COLUMN 16

AVERAGE MONTHLY: 73.1   TOTAL FOR MONTH:   1.91    1 = FOG OR MIST
DPTR FM NORMAL:   6.2   DPTR FM NORMAL:   -1.10    2 = FOG REDUCING VISIBILITY
HIGHEST:    91 ON  5    GRTST 24HR  0.74 ON 16-16      TO 1/4 MILE OR LESS
LOWEST:     42 ON 22                               3 = THUNDER
                        SNOW, ICE PELLETS, HAIL    4 = ICE PELLETS
                        TOTAL MONTH:    M          5 = HAIL
                        GRTST 24HR    M  ON   M    6 = FREEZING RAIN OR DRIZZLE
                        GRTST DEPTH:  M  ON   M    7 = DUSTSTORM OR SANDSTORM:
                                                       VSBY 1/2 MILE OR LESS
                                                   8 = SMOKE OR HAZE
[NO. OF DAYS WITH]      [WEATHER - DAYS WITH]      9 = BLOWING SNOW
                                                   X = TORNADO
MAX 32 OR BELOW:   0    0.01 INCH OR MORE:   6
MAX 90 OR ABOVE:   1    0.10 INCH OR MORE:   5
MIN 32 OR BELOW:   0    0.50 INCH OR MORE:   1
MIN  0 OR BELOW:   0    1.00 INCH OR MORE:   0

[HDD (BASE 65) ]
TOTAL THIS MO.    24    CLEAR  (SCALE 0-3)  15
DPTR FM NORMAL   -18    PTCLDY (SCALE 4-7)   6
TOTAL FM JUL 1    24    CLOUDY (SCALE 8-10)  1
DPTR FM NORMAL   -22

[CDD (BASE 65) ]
TOTAL THIS MO.   207
DPTR FM NORMAL   125    [PRESSURE DATA]
TOTAL FM JAN 1  2380    HIGHEST SLP M ON M
DPTR FM NORMAL   514    LOWEST  SLP 29.45 ON 11

[REMARKS]
