000
CXUS52 KILM 181000
CF6CRE
PRELIMINARY LOCAL CLIMATOLOGICAL DATA (WS FORM: F-6)

                                          STATION:   N.MYRTLE BEACH SOUTH CAROLINA
                                          MONTH:     FEBRUARY
                                          YEAR:      2019
                                          LATITUDE:   33 49 N
                                          LONGITUDE:  78 43 W

  TEMPERATURE IN F:       :PCPN:    SNOW:  WIND      :SUNSHINE: SKY     :PK WND
================================================================================
1   2   3   4   5  6A  6B    7    8   9   10  11  12  13   14  15   16   17  18
                                     12Z  AVG MX 2MIN
DY MAX MIN AVG DEP HDD CDD  WTR  SNW DPTH SPD SPD DIR MIN PSBL S-S WX    SPD DR
================================================================================

 1  56  29  43  -3  22   0 0.00    M    M  2.8 10 150   M    M   2        15 140
 2  58  34  46   0  19   0    T    M    M  5.4 15 110   M    M   4 1      19 110
 3  57  50  54   8  11   0 0.33    M    M  8.3 18  60   M    M  10 1      23  50
 4  71  44  58  12   7   0 0.00    M    M  6.0 16 360   M    M   1        23 330
 5  72  41  57  11   8   0 0.00    M    M  6.0 15 210   M    M   0        18 220
 6  69  47  58  11   7   0 0.00    M    M  5.0 15 220   M    M   0 1      18 220
 7  70  56  63  16   2   0 0.00    M    M 11.1 21 220   M    M   0 1      25 220
 8  71  55  63  16   2   0 0.00    M    M  8.7 17 220   M    M   0 1      23 340
 9  56  39  48   1  17   0 0.00    M    M 10.5 21  40   M    M   0        24  40
10  57  33  45  -2  20   0 0.00    M    M  8.1 15  30   M    M   5        21  30
11  59  48  54   7  11   0 0.31    M    M  4.2  7  80   M    M   9 12     14  10
12  63  54  59  12   6   0 0.02    M    M  9.0 25 290   M    M  10 12     37 280
13  62  40  51   3  14   0 0.01    M    M  6.5 15 290   M    M   4        24 280
14  56  32  44  -4  21   0 0.00    M    M  3.5 12 110   M    M   0 1      15 110
15  68  52  60  12   5   0 0.02    M    M  9.7 21 220   M    M   3        25 210
16  62  43  53   5  12   0 0.20    M    M  9.8 20 360   M    M  10 1      27 360
17  52  41  47  -1  18   0    T    M    M  5.7 14  40   M    M  10        17  40
================================================================================
SM 1059  738       202   0  0.89    M    120.3          M       68
================================================================================
AV 62.3 43.4                               7.1 FASTST   M    M   4    MAX(MPH)
                                 MISC ---->  # 25 290               # 37  280
================================================================================
NOTES:
# LAST OF SEVERAL OCCURRENCES

COLUMN 17 PEAK WIND IN M.P.H.

PRELIMINARY LOCAL CLIMATOLOGICAL DATA (WS FORM: F-6) , PAGE 2

                                          STATION:  N.MYRTLE BEACH SOUTH CAROLINA
                                          MONTH:    FEBRUARY
                                          YEAR:     2019
                                          LATITUDE:   33 49 N
                                          LONGITUDE:  78 43 W

[TEMPERATURE DATA]      [PRECIPITATION DATA]       SYMBOLS USED IN COLUMN 16

AVERAGE MONTHLY: 52.9   TOTAL FOR MONTH:   0.89    1 = FOG OR MIST
DPTR FM NORMAL:   5.9   DPTR FM NORMAL:   -1.12    2 = FOG REDUCING VISIBILITY
HIGHEST:    72 ON  5    GRTST 24HR  0.33 ON  3- 3      TO 1/4 MILE OR LESS
LOWEST:     29 ON  1                               3 = THUNDER
                        SNOW, ICE PELLETS, HAIL    4 = ICE PELLETS
                        TOTAL MONTH:    M          5 = HAIL
                        GRTST 24HR    M  ON   M    6 = FREEZING RAIN OR DRIZZLE
                        GRTST DEPTH:  M  ON   M    7 = DUSTSTORM OR SANDSTORM:
                                                       VSBY 1/2 MILE OR LESS
                                                   8 = SMOKE OR HAZE
[NO. OF DAYS WITH]      [WEATHER - DAYS WITH]      9 = BLOWING SNOW
                                                   X = TORNADO
MAX 32 OR BELOW:   0    0.01 INCH OR MORE:   6
MAX 90 OR ABOVE:   0    0.10 INCH OR MORE:   3
MIN 32 OR BELOW:   2    0.50 INCH OR MORE:   0
MIN  0 OR BELOW:   0    1.00 INCH OR MORE:   0

[HDD (BASE 65) ]
TOTAL THIS MO.   202    CLEAR  (SCALE 0-3)   9
DPTR FM NORMAL  -104    PTCLDY (SCALE 4-7)   3
TOTAL FM JUL 1  1525    CLOUDY (SCALE 8-10)  5
DPTR FM NORMAL  -249

[CDD (BASE 65) ]
TOTAL THIS MO.     0
DPTR FM NORMAL     0    [PRESSURE DATA]
TOTAL FM JAN 1     3    HIGHEST SLP M ON M
DPTR FM NORMAL     3    LOWEST  SLP 29.69 ON 16

[REMARKS]
