000
CXUS54 KCRP 241300
CF6CRP
PRELIMINARY LOCAL CLIMATOLOGICAL DATA (WS FORM: F-6)

                                          STATION:   CORPUS CHRISTI
                                          MONTH:     MAY
                                          YEAR:      2020
                                          LATITUDE:   27 46 N
                                          LONGITUDE:  97 30 W

  TEMPERATURE IN F:       :PCPN:    SNOW:  WIND      :SUNSHINE: SKY     :PK WND
================================================================================
1   2   3   4   5  6A  6B    7    8   9   10  11  12  13   14  15   16   17  18
                                     12Z  AVG MX 2MIN
DY MAX MIN AVG DEP HDD CDD  WTR  SNW DPTH SPD SPD DIR MIN PSBL S-S WX    SPD DR
================================================================================

 1  87  55  71  -5   0   6 0.00  0.0    0 11.7 22 140   M    M   3        27 150
 2  89  69  79   3   0  14 0.00  0.0    0 15.3 25 140   M    M   6        33 150
 3  90  71  81   5   0  16 0.00  0.0    0 13.3 24 150   M    M   6        28 140
 4  91  73  82   6   0  17 0.00  0.0    0 14.7 25 160   M    M   7 18     31 160
 5  90  75  83   7   0  18 0.00  0.0    0 11.3 21  80   M    M   8 18     25 100
 6  85  73  79   2   0  14 0.00  0.0    0 13.6 23 110   M    M   8 8      28 100
 7  88  71  80   3   0  15 0.01  0.0    0 14.6 28 150   M    M   7 8      35 150
 8  94  73  84   7   0  19 0.05  0.0    0 17.0 30  40   M    M   7 138    39 190
 9  77  62  70  -7   0   5 0.62  0.0    0 13.1 25  30   M    M   9 13     30  20
10  81  65  73  -4   0   8 0.00  0.0    0 11.7 16 100   M    M   4        20  40
11  84  65  75  -3   0  10    T  0.0    0 12.9 23 130   M    M   6 1      31 120
12  87  70  79   1   0  14 0.00  0.0    0 15.9 30 160   M    M   7        37 170
13  88  73  81   3   0  16 0.00  0.0    0 14.2 22 130   M    M   7 1      28 140
14  87  68  78   0   0  13 0.25  0.0    0 10.9 24 150   M    M   6 13     29 150
15  87  77  82   4   0  17    T  0.0    0 13.5 24 150   M    M   9 18     28 140
16  86  66  76  -2   0  11 2.23  0.0    0  7.1 36  40   M    M   7 13     43 350
17  93  67  80   1   0  15 0.00  0.0    0  7.2 16  40   M    M   4        20  30
18  91  67  79   0   0  14 0.00  0.0    0  6.8 15 150   M    M   1 1      19 140
19  94  72  83   4   0  18 0.00  0.0    0 12.0 20 170   M    M   3 18     27 180
20  92  75  84   5   0  19 0.00  0.0    0 14.1 24 150   M    M   6 18     29 130
21  90  76  83   4   0  18 0.00  0.0    0 13.8 30 160   M    M   8 1      36 150
22  89  79  84   5   0  19 0.00  0.0    0 14.9 22 150   M    M   6 18     27 140
23  89  79  84   4   0  19 0.00  0.0    0 14.0 22 120   M    M   8 1      27 160
================================================================================
SM 2029 1621         0 335  3.16     0.0 293.6          M      143
================================================================================
AV 88.2 70.5                              12.8 FASTST   M    M   6    MAX(MPH)
                                 MISC ---->  # 36  40               # 43  350
================================================================================
NOTES:
# LAST OF SEVERAL OCCURRENCES

COLUMN 17 PEAK WIND IN M.P.H.

PRELIMINARY LOCAL CLIMATOLOGICAL DATA (WS FORM: F-6) , PAGE 2

                                          STATION:  CORPUS CHRISTI
                                          MONTH:    MAY
                                          YEAR:     2020
                                          LATITUDE:   27 46 N
                                          LONGITUDE:  97 30 W

[TEMPERATURE DATA]      [PRECIPITATION DATA]       SYMBOLS USED IN COLUMN 16

AVERAGE MONTHLY: 79.4   TOTAL FOR MONTH:   3.16    1 = FOG OR MIST
DPTR FM NORMAL:   1.7   DPTR FM NORMAL:    0.97    2 = FOG REDUCING VISIBILITY
HIGHEST:    94 ON 19, 8 GRTST 24HR  2.23 ON 16-16      TO 1/4 MILE OR LESS
LOWEST:     55 ON  1                               3 = THUNDER
                        SNOW, ICE PELLETS, HAIL    4 = ICE PELLETS
                        TOTAL MONTH:   0.0 INCH    5 = HAIL
                        GRTST 24HR     0.0         6 = FREEZING RAIN OR DRIZZLE
                        GRTST DEPTH:   0           7 = DUSTSTORM OR SANDSTORM:
                                                       VSBY 1/2 MILE OR LESS
                                                   8 = SMOKE OR HAZE
[NO. OF DAYS WITH]      [WEATHER - DAYS WITH]      9 = BLOWING SNOW
                                                   X = TORNADO
MAX 32 OR BELOW:   0    0.01 INCH OR MORE:   5
MAX 90 OR ABOVE:   9    0.10 INCH OR MORE:   3
MIN 32 OR BELOW:   0    0.50 INCH OR MORE:   2
MIN  0 OR BELOW:   0    1.00 INCH OR MORE:   1

[HDD (BASE 65) ]
TOTAL THIS MO.     0    CLEAR  (SCALE 0-3)   2
DPTR FM NORMAL     0    PTCLDY (SCALE 4-7)  17
TOTAL FM JUL 1   667    CLOUDY (SCALE 8-10)  4
DPTR FM NORMAL  -231

[CDD (BASE 65) ]
TOTAL THIS MO.   335
DPTR FM NORMAL    44    [PRESSURE DATA]
TOTAL FM JAN 1  1074    HIGHEST SLP M ON M
DPTR FM NORMAL   355    LOWEST  SLP 29.59 ON 16

[REMARKS]
