000
CXUS54 KCRP 231300
CF6CRP
PRELIMINARY LOCAL CLIMATOLOGICAL DATA (WS FORM: F-6)

                                          STATION:   CORPUS CHRISTI
                                          MONTH:     OCTOBER
                                          YEAR:      2019
                                          LATITUDE:   27 46 N
                                          LONGITUDE:  97 30 W

  TEMPERATURE IN F:       :PCPN:    SNOW:  WIND      :SUNSHINE: SKY     :PK WND
================================================================================
1   2   3   4   5  6A  6B    7    8   9   10  11  12  13   14  15   16   17  18
                                     12Z  AVG MX 2MIN
DY MAX MIN AVG DEP HDD CDD  WTR  SNW DPTH SPD SPD DIR MIN PSBL S-S WX    SPD DR
================================================================================

 1  94  78  86   8   0  21    T  0.0    0 11.6 22 150   M    M   3        26 130
 2  94  75  85   7   0  20    T  0.0    0  8.9 18 120   M    M   3        24  90
 3  92  75  84   6   0  19 0.10  0.0    0  8.2 21  90   M    M   5 3      25  80
 4  92  74  83   6   0  18 0.00  0.0    0  7.4 20 110   M    M   5 3      24 120
 5  93  72  83   6   0  18 0.00  0.0    0  6.7 16 100   M    M   2 1      19 110
 6  93  70  82   5   0  17 0.00  0.0    0  6.6 16 100   M    M   3 1      21 100
 7  95  70  83   6   0  18 0.00  0.0    0 10.7 22  20   M    M   5        29  20
 8  89  69  79   3   0  14 0.00  0.0    0  9.4 20  40   M    M   5        24  30
 9  93  69  81   5   0  16    T  0.0    0 13.2 24 140   M    M   4        30 140
10  95  80  88  12   0  23 0.00  0.0    0 16.5 25 150   M    M   4        32 130
11  90  56  73  -3   0   8    T  0.0    0 15.7 30  10   M    M   7        37 360
12  76  60  68  -8   0   3 0.00  0.0    0 10.6 22  10   M    M   9        28  10
13  80  65  73  -2   0   8 0.01  0.0    0  8.9 16  70   M    M   9 1      19  70
14  95  70  83   8   0  18 0.00  0.0    0  9.6 22 140   M    M   6 12     26 130
15  95  77  86  11   0  21 0.00  0.0    0 11.5 21 140   M    M   6        27 130
16  81  65  73  -2   0   8    T  0.0    0 15.4 36 330   M    M   8        44 340
17  72  63  68  -6   0   3 0.02  0.0    0 10.6 17  10   M    M  10        22 360
18  86  60  73  -1   0   8 0.00  0.0    0  8.6 17 110   M    M   3        20 100
19  94  72  83   9   0  18 0.00  0.0    0  9.5 20 150   M    M   4        24 140
20  92  74  83   9   0  18    T  0.0    0 15.8 28 150   M    M   6        34 140
21  88  69  79   5   0  14 0.08  0.0    0 12.3 30 170   M    M   6 1      35 180
22  85  59  72  -1   0   7 0.00  0.0    0 13.0 23  80   M    M   1        28  80
================================================================================
SM 1964 1522         0 318  0.21     0.0 240.7          M      114
================================================================================
AV 89.3 69.2                              10.9 FASTST   M    M   5    MAX(MPH)
                                 MISC ---->  # 36 330               # 44  340
================================================================================
NOTES:
# LAST OF SEVERAL OCCURRENCES

COLUMN 17 PEAK WIND IN M.P.H.

PRELIMINARY LOCAL CLIMATOLOGICAL DATA (WS FORM: F-6) , PAGE 2

                                          STATION:  CORPUS CHRISTI
                                          MONTH:    OCTOBER
                                          YEAR:     2019
                                          LATITUDE:   27 46 N
                                          LONGITUDE:  97 30 W

[TEMPERATURE DATA]      [PRECIPITATION DATA]       SYMBOLS USED IN COLUMN 16

AVERAGE MONTHLY: 79.2   TOTAL FOR MONTH:   0.21    1 = FOG OR MIST
DPTR FM NORMAL:   3.5   DPTR FM NORMAL:   -2.47    2 = FOG REDUCING VISIBILITY
HIGHEST:    95 ON 15,14 GRTST 24HR  0.10 ON  3- 3      TO 1/4 MILE OR LESS
LOWEST:     56 ON 11                               3 = THUNDER
                        SNOW, ICE PELLETS, HAIL    4 = ICE PELLETS
                        TOTAL MONTH:   0.0 INCH    5 = HAIL
                        GRTST 24HR     0.0         6 = FREEZING RAIN OR DRIZZLE
                        GRTST DEPTH:   0           7 = DUSTSTORM OR SANDSTORM:
                                                       VSBY 1/2 MILE OR LESS
                                                   8 = SMOKE OR HAZE
[NO. OF DAYS WITH]      [WEATHER - DAYS WITH]      9 = BLOWING SNOW
                                                   X = TORNADO
MAX 32 OR BELOW:   0    0.01 INCH OR MORE:   4
MAX 90 OR ABOVE:  14    0.10 INCH OR MORE:   1
MIN 32 OR BELOW:   0    0.50 INCH OR MORE:   0
MIN  0 OR BELOW:   0    1.00 INCH OR MORE:   0

[HDD (BASE 65) ]
TOTAL THIS MO.     0    CLEAR  (SCALE 0-3)   4
DPTR FM NORMAL     0    PTCLDY (SCALE 4-7)  15
TOTAL FM JUL 1     0    CLOUDY (SCALE 8-10)  3
DPTR FM NORMAL     0

[CDD (BASE 65) ]
TOTAL THIS MO.   318
DPTR FM NORMAL    78    [PRESSURE DATA]
TOTAL FM JAN 1  3876    HIGHEST SLP M ON M
DPTR FM NORMAL   593    LOWEST  SLP 29.65 ON 21

[REMARKS]
