000
CXUS51 KRLX 261133
CF6CRW
PRELIMINARY LOCAL CLIMATOLOGICAL DATA (WS FORM: F-6)

                                          STATION:   CHARLESTON WV
                                          MONTH:     MAY
                                          YEAR:      2018
                                          LATITUDE:   38 22 N
                                          LONGITUDE:  81 36 W

  TEMPERATURE IN F:       :PCPN:    SNOW:  WIND      :SUNSHINE: SKY     :PK WND
================================================================================
1   2   3   4   5  6A  6B    7    8   9   10  11  12  13   14  15   16   17  18
                                     12Z  AVG MX 2MIN
DY MAX MIN AVG DEP HDD CDD  WTR  SNW DPTH SPD SPD DIR MIN PSBL S-S WX    SPD DR
================================================================================

 1  85  36  61   1   4   0 0.00  0.0    0  3.3 14 310   M    M   1        18 310
 2  87  49  68   8   0   3 0.00  0.0    0  5.4 17 210   M    M   3        24 230
 3  90  57  74  13   0   9 0.00  0.0    0  5.6 20 230   M    M   4        27 240
 4  82  63  73  12   0   8 0.17  0.0    0  8.6 21 240   M    M   7 1      28 220
 5  69  61  65   4   0   0 0.83  0.0    0  2.5 13  90   M    M  10 123    18  80
 6  71  53  62   1   3   0 0.69  0.0    0  5.3 16  70   M    M   8 1      23 360
 7  73  52  63   1   2   0 0.08  0.0    0  2.1 13 180   M    M   6 123    14 180
 8  81  50  66   4   0   1 0.00  0.0    0  1.9 12 190   M    M   6 12      M  M
 9  84  52  68   6   0   3    T  0.0    0  4.6 14 230   M    M   3 1      24 220
10  82  62  72  10   0   7    T  0.0    0  7.4 22 240   M    M   5 3      31 280
11  87  56  72  10   0   7 0.00  0.0    0  4.1 15 240   M    M   4 1      19 240
12  88  62  75  12   0  10 0.00  0.0    0  5.8 20 230   M    M   3 1      27 240
13  88  62  75  12   0  10 0.00  0.0    0  6.2 17 220   M    M   2 1      25 220
14  90  63  77  14   0  12 0.00  0.0    0  4.1 12 240   M    M   2 1      16 210
15  92  64  78  15   0  13 0.16  0.0    M  5.0 25 180   M    M   4 13     30 180
16  77  65  71   7   0   6    T  0.0    0  2.4  9 130   M    M   8 1      12 150
17  83  66  75  11   0  10    T  0.0    0  5.9 18  70   M    M   9 1      23  70
18  78  64  71   7   0   6    T  0.0    0  7.0 17 100   M    M   8        22 110
19  84  66  75  11   0  10 0.64  0.0    0  7.0 22 200   M    M   7 138    27 200
20  87  62  75  10   0  10 0.00  0.0    0  3.1 12 250   M    M   4 1      17 250
21  88  63  76  11   0  11 0.20  0.0    0  2.4 15 150   M    M   5 123    21 160
22  82  65  74   9   0   9 0.09  0.0    0  4.5 16 240   M    M   7 13     23 240
23  78  58  68   3   0   3 0.84  0.0    M  4.0 14 340   M    M   5 123    20 350
24  86  54  70   4   0   5 0.00  0.0    0  1.7  8  30   M    M   3 12     13  50
25  88  61  75   9   0  10 0.00  0.0    0  3.5 13 220   M    M   5 1      14 220
================================================================================
SM 2080 1466         9 163  3.70     0.0 113.4          M      129
================================================================================
AV 83.2 58.6                               4.5 FASTST   M    M   5    MAX(MPH)
                                 MISC ---->  # 25 180               # 31  280
================================================================================
NOTES:
# LAST OF SEVERAL OCCURRENCES

COLUMN 17 PEAK WIND IN M.P.H.

PRELIMINARY LOCAL CLIMATOLOGICAL DATA (WS FORM: F-6) , PAGE 2

                                          STATION:  CHARLESTON WV
                                          MONTH:    MAY
                                          YEAR:     2018
                                          LATITUDE:   38 22 N
                                          LONGITUDE:  81 36 W

[TEMPERATURE DATA]      [PRECIPITATION DATA]       SYMBOLS USED IN COLUMN 16

AVERAGE MONTHLY: 70.9   TOTAL FOR MONTH:   3.70    1 = FOG OR MIST
DPTR FM NORMAL:   8.0   DPTR FM NORMAL:   -0.10    2 = FOG REDUCING VISIBILITY
HIGHEST:    92 ON 15    GRTST 24HR  0.84 ON 23-23      TO 1/4 MILE OR LESS
LOWEST:     36 ON  1                               3 = THUNDER
                        SNOW, ICE PELLETS, HAIL    4 = ICE PELLETS
                        TOTAL MONTH:   0.0 INCH    5 = HAIL
                        GRTST 24HR     0.0         6 = FREEZING RAIN OR DRIZZLE
                        GRTST DEPTH:   0           7 = DUSTSTORM OR SANDSTORM:
                                                       VSBY 1/2 MILE OR LESS
                                                   8 = SMOKE OR HAZE
[NO. OF DAYS WITH]      [WEATHER - DAYS WITH]      9 = BLOWING SNOW
                                                   X = TORNADO
MAX 32 OR BELOW:   0    0.01 INCH OR MORE:   9
MAX 90 OR ABOVE:   3    0.10 INCH OR MORE:   7
MIN 32 OR BELOW:   0    0.50 INCH OR MORE:   4
MIN  0 OR BELOW:   0    1.00 INCH OR MORE:   0

[HDD (BASE 65) ]
TOTAL THIS MO.     9    CLEAR  (SCALE 0-3)   6
DPTR FM NORMAL   -96    PTCLDY (SCALE 4-7)  17
TOTAL FM JUL 1  4412    CLOUDY (SCALE 8-10)  2
DPTR FM NORMAL   -41

[CDD (BASE 65) ]
TOTAL THIS MO.   163
DPTR FM NORMAL   111    [PRESSURE DATA]
TOTAL FM JAN 1   185    HIGHEST SLP M ON M
DPTR FM NORMAL   101    LOWEST  SLP 29.83 ON 15

[REMARKS]
