000
CXUS51 KRLX 181125
CF6CRW
PRELIMINARY LOCAL CLIMATOLOGICAL DATA (WS FORM: F-6)

                                          STATION:   CHARLESTON WV
                                          MONTH:     OCTOBER
                                          YEAR:      2019
                                          LATITUDE:   38 22 N
                                          LONGITUDE:  81 36 W

  TEMPERATURE IN F:       :PCPN:    SNOW:  WIND      :SUNSHINE: SKY     :PK WND
================================================================================
1   2   3   4   5  6A  6B    7    8   9   10  11  12  13   14  15   16   17  18
                                     12Z  AVG MX 2MIN
DY MAX MIN AVG DEP HDD CDD  WTR  SNW DPTH SPD SPD DIR MIN PSBL S-S WX    SPD DR
================================================================================

 1  93  68  81  19   0  16    T  0.0    0  2.4 16 240   M    M   4        22 230
 2  92  66  79  18   0  14 0.00  0.0    0  4.1 13 260   M    M   2        21 260
 3  94  65  80  19   0  15 0.00  0.0    0  4.7 17 250   M    M   2        23 280
 4  78  56  67   7   0   2 0.00  0.0    0  5.9 16 320   M    M   3        22 350
 5  81  50  66   6   0   1 0.00  0.0    0  7.7 17 150   M    M   1        24 140
 6  78  63  71  11   0   6 0.17  0.0    0  3.6 14 190   M    M   6 13     20 180
 7  69  55  62   3   3   0 1.89  0.0    0  5.1 16 280   M    M  10 1      21 290
 8  61  54  58  -1   7   0 0.30  0.0    0  3.0  8  60   M    M   9 1      10  70
 9  78  55  67   8   0   2 0.02  0.0    0  2.3  8  60   M    M   4 1      10 280
10  82  52  67   9   0   2 0.00  0.0    0  0.4  7 250   M    M   3 12     10 270
11  83  52  68  10   0   3 0.00  0.0    0  1.4 10 210   M    M   4        13 210
12  68  39  54  -4  11   0 0.05  0.0    0  4.7 17 290   M    M   7 1      27 290
13  69  38  54  -3  11   0 0.00  0.0    0  2.0  8 320   M    M   5 1      12 320
14  71  38  55  -2  10   0 0.00  0.0    0  3.1 17 250   M    M   1        24 290
15  79  38  59   2   6   0 0.00  0.0    0  1.5 10 190   M    M   1 12     13 180
16  61  45  53  -3  12   0 0.86  0.0    0  7.2 24 310   M    M  10 1      39 310
17  59  43  51  -5  14   0 0.00  0.0    0  7.1 18 310   M    M   7        26 270
================================================================================
SM 1296  877        74  61  3.29     0.0  66.2          M       79
================================================================================
AV 76.2 51.6                               3.9 FASTST   M    M   5    MAX(MPH)
                                 MISC ---->  # 24 310               # 39  310
================================================================================
NOTES:
# LAST OF SEVERAL OCCURRENCES

COLUMN 17 PEAK WIND IN M.P.H.

PRELIMINARY LOCAL CLIMATOLOGICAL DATA (WS FORM: F-6) , PAGE 2

                                          STATION:  CHARLESTON WV
                                          MONTH:    OCTOBER
                                          YEAR:     2019
                                          LATITUDE:   38 22 N
                                          LONGITUDE:  81 36 W

[TEMPERATURE DATA]      [PRECIPITATION DATA]       SYMBOLS USED IN COLUMN 16

AVERAGE MONTHLY: 63.9   TOTAL FOR MONTH:   3.29    1 = FOG OR MIST
DPTR FM NORMAL:   5.2   DPTR FM NORMAL:    1.86    2 = FOG REDUCING VISIBILITY
HIGHEST:    94 ON  3    GRTST 24HR  1.89 ON  7- 7      TO 1/4 MILE OR LESS
LOWEST:     38 ON 15,14                            3 = THUNDER
                        SNOW, ICE PELLETS, HAIL    4 = ICE PELLETS
                        TOTAL MONTH:   0.0 INCH    5 = HAIL
                        GRTST 24HR     0.0         6 = FREEZING RAIN OR DRIZZLE
                        GRTST DEPTH:   0           7 = DUSTSTORM OR SANDSTORM:
                                                       VSBY 1/2 MILE OR LESS
                                                   8 = SMOKE OR HAZE
[NO. OF DAYS WITH]      [WEATHER - DAYS WITH]      9 = BLOWING SNOW
                                                   X = TORNADO
MAX 32 OR BELOW:   0    0.01 INCH OR MORE:   6
MAX 90 OR ABOVE:   3    0.10 INCH OR MORE:   4
MIN 32 OR BELOW:   0    0.50 INCH OR MORE:   2
MIN  0 OR BELOW:   0    1.00 INCH OR MORE:   1

[HDD (BASE 65) ]
TOTAL THIS MO.    74    CLEAR  (SCALE 0-3)   6
DPTR FM NORMAL   -49    PTCLDY (SCALE 4-7)   8
TOTAL FM JUL 1    74    CLOUDY (SCALE 8-10)  3
DPTR FM NORMAL  -107

[CDD (BASE 65) ]
TOTAL THIS MO.    61
DPTR FM NORMAL    45    [PRESSURE DATA]
TOTAL FM JAN 1  1514    HIGHEST SLP M ON M
DPTR FM NORMAL   425    LOWEST  SLP 29.67 ON 16

[REMARKS]
