000
CXUS51 KRLX 271132
CF6CRW
PRELIMINARY LOCAL CLIMATOLOGICAL DATA (WS FORM: F-6)

                                          STATION:   CHARLESTON WV
                                          MONTH:     MAY
                                          YEAR:      2020
                                          LATITUDE:   38 22 N
                                          LONGITUDE:  81 36 W

  TEMPERATURE IN F:       :PCPN:    SNOW:  WIND      :SUNSHINE: SKY     :PK WND
================================================================================
1   2   3   4   5  6A  6B    7    8   9   10  11  12  13   14  15   16   17  18
                                     12Z  AVG MX 2MIN
DY MAX MIN AVG DEP HDD CDD  WTR  SNW DPTH SPD SPD DIR MIN PSBL S-S WX    SPD DR
================================================================================

 1  56  46  51  -9  14   0 0.22  0.0    0  5.8 20 260   M    M   9 1      24 250
 2  80  40  60   0   5   0    T  0.0    0  3.5 14 220   M    M   4 12     20 230
 3  80  58  69   8   0   4 0.86  0.0    0  5.4 15 340   M    M   7 13     22 360
 4  73  52  63   2   2   0 0.00  0.0    0  6.5 18 310   M    M   3 1      27 330
 5  56  47  52  -9  13   0 0.32  0.0    0  6.9 14 310   M    M   7 1      22 260
 6  52  38  45 -16  20   0 0.02  0.0    0  5.3 13 310   M    M   8 1      20 330
 7  66  34  50 -12  15   0 0.00  0.0    0  6.5 17 250   M    M   6 12     26 310
 8  56  35  46 -16  19   0 0.76  0.0    0  6.5 25 340   M    M   9 1      38 330
 9  53  34  44 -18  21   0 0.00  0.0    0  5.9 16 270   M    M   5 1      24 290
10  68  31  50 -12  15   0    T  0.0    0  6.3 22 240   M    M   5        33 300
11  50  42  46 -16  19   0 0.00  0.0    0  7.7 23 290   M    M   9        35 280
12  61  40  51 -12  14   0 0.00  0.0    0  3.1 16 260   M    M   7        24 310
13  62  35  49 -14  16   0    T  0.0    0  1.9  9 210   M    M   7 1      12 200
14  81  53  67   4   0   2 0.06  0.0    0  4.3 18 220   M    M   7 3      24 220
15  83  55  69   6   0   4 0.02  0.0    M  5.5 18 270   M    M   4        30 280
16  82  63  73   9   0   8 0.36  0.0    M  2.2  8  20   M    M   8 123    13 350
17  88  64  76  12   0  11 0.00  0.0    M  5.6 17 140   M    M   4        26 140
18  82  66  74  10   0   9 0.12  0.0    M  6.3 14 240   M    M   5        20 140
19  66  51  59  -5   6   0 0.12  0.0    M  9.7 23 110   M    M  10        35 110
20  53  47  50 -15  15   0 2.14    M    M  5.7 12  90   M    M  10 1      15  80
21  63  52  58  -7   7   0 0.67  0.0    M  4.3 10  60   M    M  10 1      14  50
22  76  53  65   0   0   0 0.29  0.0    M  1.3 13 320   M    M   8 138    29 240
23  82  58  70   5   0   5 0.00  0.0    M  0.9  8 230   M    M   6 128    14 210
24  85  61  73   7   0   8 0.04  0.0    M  2.5 10 150   M    M   4 13     15 270
25  90  63  77  11   0  12 0.40  0.0    M  2.2 24 120   M    M   5 123    32 150
26  83  60  72   6   0   7 0.00  0.0    0  3.9 14 130   M    M   6 12     18 150
================================================================================
SM 1827 1278       201  70  6.40  0.0    125.7          M      173
================================================================================
AV 70.3 49.2                               4.8 FASTST   M    M   7    MAX(MPH)
                                 MISC ---->    25 340                 38 330
================================================================================
NOTES:
# LAST OF SEVERAL OCCURRENCES

COLUMN 17 PEAK WIND IN M.P.H.

PRELIMINARY LOCAL CLIMATOLOGICAL DATA (WS FORM: F-6) , PAGE 2

                                          STATION:   CHARLESTON WV
                                          MONTH:     MAY
                                          YEAR:      2020
                                          LATITUDE:   38 22 N
                                          LONGITUDE:  81 36 W

[TEMPERATURE DATA]      [PRECIPITATION DATA]       SYMBOLS USED IN COLUMN 16

AVERAGE MONTHLY: 59.7   TOTAL FOR MONTH:   6.40    1 = FOG OR MIST
DPTR FM NORMAL:  -3.4   DPTR FM NORMAL:    2.43    2 = FOG REDUCING VISIBILITY
HIGHEST:    90 ON 25    GRTST 24HR  2.20 ON 20-21      TO 1/4 MILE OR LESS
LOWEST:     31 ON 10                               3 = THUNDER
                        SNOW, ICE PELLETS, HAIL    4 = ICE PELLETS
                        TOTAL MONTH:   0.0 INCH    5 = HAIL
                        GRTST 24HR  0.0            6 = FREEZING RAIN OR DRIZZLE
                        GRTST DEPTH:  0            7 = DUSTSTORM OR SANDSTORM:
                                                       VSBY 1/2 MILE OR LESS
                                                   8 = SMOKE OR HAZE
[NO. OF DAYS WITH]      [WEATHER - DAYS WITH]      9 = BLOWING SNOW
                                                   X = TORNADO
MAX 32 OR BELOW:   0    0.01 INCH OR MORE:  15
MAX 90 OR ABOVE:   1    0.10 INCH OR MORE:  11
MIN 32 OR BELOW:   1    0.50 INCH OR MORE:   4
MIN  0 OR BELOW:   0    1.00 INCH OR MORE:   1

[HDD (BASE 65) ]
TOTAL THIS MO.   201    CLEAR  (SCALE 0-3)   1
DPTR FM NORMAL    94    PTCLDY (SCALE 4-7)  19
TOTAL FM JUL 1  4037    CLOUDY (SCALE 8-10)  6
DPTR FM NORMAL  -418

[CDD (BASE 65) ]
TOTAL THIS MO.    70
DPTR FM NORMAL    14    [PRESSURE DATA]
TOTAL FM JAN 1    93    HIGHEST SLP M ON M
DPTR FM NORMAL     5    LOWEST  SLP 29.69 ON  5

[REMARKS]
