000
CXUS54 KOUN 220700
CF6CSM
PRELIMINARY LOCAL CLIMATOLOGICAL DATA (WS FORM: F-6)

                                          STATION:   CLINTON
                                          MONTH:     JUNE
                                          YEAR:      2018
                                          LATITUDE:   35 20 N
                                          LONGITUDE:  99 12 W

  TEMPERATURE IN F:       :PCPN:    SNOW:  WIND      :SUNSHINE: SKY     :PK WND
================================================================================
1   2   3   4   5  6A  6B    7    8   9   10  11  12  13   14  15   16   17  18
                                     12Z  AVG MX 2MIN
DY MAX MIN AVG DEP HDD CDD  WTR  SNW DPTH SPD SPD DIR MIN PSBL S-S WX    SPD DR
================================================================================

 1  99  74  87  13   0  22 0.00  0.0    0 18.4 31 160   M    M   0        35 180
 2  90  63  77   3   0  12 0.00  0.0    0 18.9 33  10   M    M   0        42  10
 3  88  55  72  -2   0   7 0.00  0.0    0  9.4 22 110   M    M   0        25 110
 4  86  64  75   0   0  10 0.00  0.0    0 10.5 21 160   M    M   0        27 140
 5  95  67  81   6   0  16 0.00  0.0    0  9.6 20 170   M    M   3 18     23 130
 6  96  70  83   8   0  18 0.00  0.0    0 12.3 25 120   M    M   0 1      30 130
 7  86  70  78   3   0  13    T  0.0    0 17.8 35 100   M    M   1 8      43 100
 8  89  70  80   4   0  15 0.00  0.0    0 11.9 22 180   M    M   0        28 160
 9  98  70  84   8   0  19 0.00  0.0    0 16.9 28 180   M    M   0        35 170
10  98  72  85   9   0  20 0.00  0.0    0 19.9 30 170   M    M   0        37 160
11  99  71  85   9   0  20 0.00  0.0    0 17.2 28 200   M    M   0        36 180
12  94  75  85   8   0  20 0.00  0.0    0 17.0 30 150   M    M   0 3      36 150
13  96  67  82   5   0  17 0.30  0.0    0 10.5 31 160   M    M   2 13     39  40
14  96  73  85   8   0  20 0.00  0.0    0 17.3 28 220   M    M   0        34 200
15  97  74  86   8   0  21 0.00  0.0    0 20.0 30 180   M    M   0        40 210
16  95  75  85   7   0  20 0.00  0.0    0 21.5 35 150   M    M   1        43 160
17  94  75  85   7   0  20 0.00  0.0    0 20.6 32 160   M    M   0        39 160
18  95  73  84   6   0  19 0.00  0.0    0 16.9 24 160   M    M   1        30 150
19  90  72  81   3   0  16 0.00  0.0    0 15.4 23 150   M    M   4        29 160
20  88  64  76  -3   0  11 0.04  0.0    0  8.9 36  10   M    M   5 1      46  10
21  93  67  80   1   0  15 0.00  0.0    0  8.7 17 280   M    M   1        29 260
================================================================================
SM 1962 1461         0 351  0.34     0.0 319.6          M       18
================================================================================
AV 93.4 69.6                              15.2 FASTST   M    M   1    MAX(MPH)
                                 MISC ---->  # 36  10               # 46   10
================================================================================
NOTES:
# LAST OF SEVERAL OCCURRENCES

COLUMN 17 PEAK WIND IN M.P.H.

PRELIMINARY LOCAL CLIMATOLOGICAL DATA (WS FORM: F-6) , PAGE 2

                                          STATION:  CLINTON
                                          MONTH:    JUNE
                                          YEAR:     2018
                                          LATITUDE:   35 20 N
                                          LONGITUDE:  99 12 W

[TEMPERATURE DATA]      [PRECIPITATION DATA]       SYMBOLS USED IN COLUMN 16

AVERAGE MONTHLY: 81.5   TOTAL FOR MONTH:   0.34    1 = FOG OR MIST
DPTR FM NORMAL:   5.1   DPTR FM NORMAL:   -2.41    2 = FOG REDUCING VISIBILITY
HIGHEST:    99 ON 11, 1 GRTST 24HR  0.30 ON 13-13      TO 1/4 MILE OR LESS
LOWEST:     55 ON  3                               3 = THUNDER
                        SNOW, ICE PELLETS, HAIL    4 = ICE PELLETS
                        TOTAL MONTH:   0.0 INCH    5 = HAIL
                        GRTST 24HR     0.0         6 = FREEZING RAIN OR DRIZZLE
                        GRTST DEPTH:   0           7 = DUSTSTORM OR SANDSTORM:
                                                       VSBY 1/2 MILE OR LESS
                                                   8 = SMOKE OR HAZE
[NO. OF DAYS WITH]      [WEATHER - DAYS WITH]      9 = BLOWING SNOW
                                                   X = TORNADO
MAX 32 OR BELOW:   0    0.01 INCH OR MORE:   2
MAX 90 OR ABOVE:  16    0.10 INCH OR MORE:   1
MIN 32 OR BELOW:   0    0.50 INCH OR MORE:   0
MIN  0 OR BELOW:   0    1.00 INCH OR MORE:   0

[HDD (BASE 65) ]
TOTAL THIS MO.     0    CLEAR  (SCALE 0-3)  19
DPTR FM NORMAL     0    PTCLDY (SCALE 4-7)   2
TOTAL FM JUL 1  3676    CLOUDY (SCALE 8-10)  0
DPTR FM NORMAL    39

[CDD (BASE 65) ]
TOTAL THIS MO.   351
DPTR FM NORMAL   111    [PRESSURE DATA]
TOTAL FM JAN 1   727    HIGHEST SLP M ON M
DPTR FM NORMAL   284    LOWEST  SLP 29.67 ON 11

[REMARKS]
