000
CXUS54 KOUN 230700
CF6CSM
PRELIMINARY LOCAL CLIMATOLOGICAL DATA (WS FORM: F-6)

                                          STATION:   CLINTON
                                          MONTH:     SEPTEMBER
                                          YEAR:      2018
                                          LATITUDE:   35 20 N
                                          LONGITUDE:  99 12 W

  TEMPERATURE IN F:       :PCPN:    SNOW:  WIND      :SUNSHINE: SKY     :PK WND
================================================================================
1   2   3   4   5  6A  6B    7    8   9   10  11  12  13   14  15   16   17  18
                                     12Z  AVG MX 2MIN
DY MAX MIN AVG DEP HDD CDD  WTR  SNW DPTH SPD SPD DIR MIN PSBL S-S WX    SPD DR
================================================================================

 1  96  72  84   6   0  19 0.00  0.0    0 15.5 25 160   M    M   1 8      29 140
 2  97  74  86   8   0  21 0.00  0.0    0 16.0 36 110   M    M   1 8      44 100
 3  85  71  78   1   0  13    T  0.0    0  9.9 20 130   M    M   7 1      24 130
 4  82  71  77   0   0  12 0.00  0.0    0 13.8 25 150   M    M   7 3      32 150
 5  86  69  78   1   0  13 0.44  0.0    0  8.0 21 360   M    M   7 13     24 360
 6  80  69  75  -1   0  10 0.95  0.0    0 10.2 17 340   M    M   7 1      21 340
 7  72  68  70  -6   0   5 1.13  0.0    0 11.9 18  10   M    M  10 1      21  10
 8  73  64  69  -7   0   4 0.01  0.0    0 10.3 18  20   M    M   9 1      21  30
 9  75  61  68  -8   0   3    T  0.0    0  7.9 15  20   M    M   7 1      18  60
10  78  58  68  -7   0   3 0.00  0.0    0  5.1 12 110   M    M   1 1      14 140
11  80  63  72  -3   0   7    T  0.0    0 11.0 17 140   M    M   4 12     21 140
12  83  65  74  -1   0   9 0.02  0.0    0 13.6 22 160   M    M   5 1      28 150
13  86  69  78   4   0  13 0.00  0.0    0 16.4 26 150   M    M   5        31 150
14  88  68  78   4   0  13 0.00  0.0    0 12.5 21 170   M    M   1        32 170
15  76  67  72  -2   0   7 0.18  0.0    0  5.3 21 110   M    M   3 1      25 110
16  86  68  77   4   0  12 0.00  0.0    0  7.0 16 160   M    M   4 12     19 180
17  90  69  80   7   0  15 0.00  0.0    0 11.7 22 160   M    M   0 18     28 150
18  91  69  80   7   0  15 0.00  0.0    0 13.9 25 180   M    M   1        35 170
19  92  71  82  10   0  17 0.00  0.0    0 17.2 29 180   M    M   1        36 190
20  90  69  80   8   0  15 0.00  0.0    0 17.7 38 160   M    M   1 8      46 160
21  70  55  63  -9   2   0 1.33  0.0    0 18.0 32  30   M    M   6 1      42  40
22  74  52  63  -8   2   0 0.00  0.0    0 14.2 23  20   M    M   0        27  30
================================================================================
SM 1830 1462         4 226  4.06     0.0 267.1          M       88
================================================================================
AV 83.2 66.5                              12.1 FASTST   M    M   4    MAX(MPH)
                                 MISC ---->  # 38 160               # 46  160
================================================================================
NOTES:
# LAST OF SEVERAL OCCURRENCES

COLUMN 17 PEAK WIND IN M.P.H.

PRELIMINARY LOCAL CLIMATOLOGICAL DATA (WS FORM: F-6) , PAGE 2

                                          STATION:  CLINTON
                                          MONTH:    SEPTEMBER
                                          YEAR:     2018
                                          LATITUDE:   35 20 N
                                          LONGITUDE:  99 12 W

[TEMPERATURE DATA]      [PRECIPITATION DATA]       SYMBOLS USED IN COLUMN 16

AVERAGE MONTHLY: 74.8   TOTAL FOR MONTH:   4.06    1 = FOG OR MIST
DPTR FM NORMAL:   0.1   DPTR FM NORMAL:    1.82    2 = FOG REDUCING VISIBILITY
HIGHEST:    97 ON  2    GRTST 24HR  1.33 ON 21-21      TO 1/4 MILE OR LESS
LOWEST:     52 ON 22                               3 = THUNDER
                        SNOW, ICE PELLETS, HAIL    4 = ICE PELLETS
                        TOTAL MONTH:   0.0 INCH    5 = HAIL
                        GRTST 24HR     0.0         6 = FREEZING RAIN OR DRIZZLE
                        GRTST DEPTH:   0           7 = DUSTSTORM OR SANDSTORM:
                                                       VSBY 1/2 MILE OR LESS
                                                   8 = SMOKE OR HAZE
[NO. OF DAYS WITH]      [WEATHER - DAYS WITH]      9 = BLOWING SNOW
                                                   X = TORNADO
MAX 32 OR BELOW:   0    0.01 INCH OR MORE:   7
MAX 90 OR ABOVE:   6    0.10 INCH OR MORE:   5
MIN 32 OR BELOW:   0    0.50 INCH OR MORE:   3
MIN  0 OR BELOW:   0    1.00 INCH OR MORE:   2

[HDD (BASE 65) ]
TOTAL THIS MO.     4    CLEAR  (SCALE 0-3)  10
DPTR FM NORMAL    -1    PTCLDY (SCALE 4-7)  10
TOTAL FM JUL 1     4    CLOUDY (SCALE 8-10)  2
DPTR FM NORMAL    -1

[CDD (BASE 65) ]
TOTAL THIS MO.   226
DPTR FM NORMAL     6    [PRESSURE DATA]
TOTAL FM JAN 1  2204    HIGHEST SLP M ON M
DPTR FM NORMAL   346    LOWEST  SLP 29.78 ON 20

[REMARKS]
