000
CXUS55 KCAE 201400
CF6CUB
PRELIMINARY LOCAL CLIMATOLOGICAL DATA (WS FORM: F-6)

                                          STATION:   HAMILTON - OWENS AIRPORT SC
                                          MONTH:     SEPTEMBER
                                          YEAR:      2018
                                          LATITUDE:   33 58 N
                                          LONGITUDE:  80 59 W

  TEMPERATURE IN F:       :PCPN:    SNOW:  WIND      :SUNSHINE: SKY     :PK WND
================================================================================
1   2   3   4   5  6A  6B    7    8   9   10  11  12  13   14  15   16   17  18
                                     12Z  AVG MX 2MIN
DY MAX MIN AVG DEP HDD CDD  WTR  SNW DPTH SPD SPD DIR MIN PSBL S-S WX    SPD DR
================================================================================

 1  96  74  85   6   0  20 0.00    M    M  3.6 16 170   M    M   1        21 170
 2  95  75  85   6   0  20    T    M    M  2.0 15 160   M    M   1 38     21 160
 3  95  75  85   6   0  20 0.00    M    M  3.1 10 130   M    M   2        16 130
 4  93  76  85   6   0  20 0.00    M    M  1.9 12 170   M    M   2        15 170
 5  95  75  85   6   0  20    T    M    M  2.4 13 180   M    M   2 8      17 170
 6  96  74  85   7   0  20 0.00    M    M  2.2  9 170   M    M   1        14 130
 7  96  74  85   7   0  20 0.00    M    M  2.5 15 180   M    M   2        19 160
 8  95  73  84   6   0  19 0.00    M    M  2.8 12 180   M    M   1        17 190
 9  93  74  84   6   0  19 0.00    M    M  3.2 15 180   M    M   0        20 180
10  91  74  83   5   0  18 0.23    M    M  1.5 16 220   M    M   3 138    21 190
11  93  73  83   6   0  18 0.08    M    M  2.0  9 150   M    M   3 13     13 170
12  93  75  84   7   0  19 0.26    M    M  1.8 12  40   M    M   4 138    20  30
13  89  75  82   5   0  17 0.00    M    M  4.5 12  30   M    M   2        18  50
14  85  77  81   4   0  16 0.01    M    M 10.1 17 330   M    M   6 8      29 350
15  79  73  76   0   0  11 1.13    M    M  9.8 17 330   M    M  10 1      32 340
16  76  73  75  -1   0  10 1.36    M    M  6.0 14 170   M    M  10 1      21 160
17  94  73  84   8   0  19 1.61    M    M  6.1 20 220   M    M   4 13     25 220
18  93  71  82   7   0  17 0.00    M    M  1.9 12 280   M    M   0 1      17 300
19  92  71  82   7   0  17 0.00    M    M  2.1 10 310   M    M   1        16  20
================================================================================
SM 1739 1405         0 340  4.68    M     69.5          M       55
================================================================================
AV 91.5 74.0                               3.7 FASTST   M    M   3    MAX(MPH)
                                 MISC ---->  # 20 220               # 32  340
================================================================================
NOTES:
# LAST OF SEVERAL OCCURRENCES

COLUMN 17 PEAK WIND IN M.P.H.

PRELIMINARY LOCAL CLIMATOLOGICAL DATA (WS FORM: F-6) , PAGE 2

                                          STATION:  HAMILTON - OWENS AIRPORT SC
                                          MONTH:    SEPTEMBER
                                          YEAR:     2018
                                          LATITUDE:   33 58 N
                                          LONGITUDE:  80 59 W

[TEMPERATURE DATA]      [PRECIPITATION DATA]       SYMBOLS USED IN COLUMN 16

AVERAGE MONTHLY: 82.7   TOTAL FOR MONTH:   4.68    1 = FOG OR MIST
DPTR FM NORMAL:   5.3   DPTR FM NORMAL:    1.98    2 = FOG REDUCING VISIBILITY
HIGHEST:    96 ON  7, 6 GRTST 24HR  1.61 ON 17-17      TO 1/4 MILE OR LESS
LOWEST:     71 ON 19,18                            3 = THUNDER
                        SNOW, ICE PELLETS, HAIL    4 = ICE PELLETS
                        TOTAL MONTH:    M          5 = HAIL
                        GRTST 24HR    M  ON   M    6 = FREEZING RAIN OR DRIZZLE
                        GRTST DEPTH:  M  ON   M    7 = DUSTSTORM OR SANDSTORM:
                                                       VSBY 1/2 MILE OR LESS
                                                   8 = SMOKE OR HAZE
[NO. OF DAYS WITH]      [WEATHER - DAYS WITH]      9 = BLOWING SNOW
                                                   X = TORNADO
MAX 32 OR BELOW:   0    0.01 INCH OR MORE:   7
MAX 90 OR ABOVE:  15    0.10 INCH OR MORE:   5
MIN 32 OR BELOW:   0    0.50 INCH OR MORE:   3
MIN  0 OR BELOW:   0    1.00 INCH OR MORE:   3

[HDD (BASE 65) ]
TOTAL THIS MO.     0    CLEAR  (SCALE 0-3)  14
DPTR FM NORMAL     0    PTCLDY (SCALE 4-7)   3
TOTAL FM JUL 1     0    CLOUDY (SCALE 8-10)  2
DPTR FM NORMAL     0

[CDD (BASE 65) ]
TOTAL THIS MO.   340
DPTR FM NORMAL   103    [PRESSURE DATA]
TOTAL FM JAN 1  2409    HIGHEST SLP M ON M
DPTR FM NORMAL   354    LOWEST  SLP 29.56 ON M

[REMARKS]
