534
CXUS55 KCAE 171400
CF6CUB
PRELIMINARY LOCAL CLIMATOLOGICAL DATA (WS FORM: F-6)

                                          STATION:   HAMILTON - OWENS AIRPORT SC
                                          MONTH:     OCTOBER
                                          YEAR:      2019
                                          LATITUDE:   33 58 N
                                          LONGITUDE:  80 59 W

  TEMPERATURE IN F:       :PCPN:    SNOW:  WIND      :SUNSHINE: SKY     :PK WND
================================================================================
1   2   3   4   5  6A  6B    7    8   9   10  11  12  13   14  15   16   17  18
                                     12Z  AVG MX 2MIN
DY MAX MIN AVG DEP HDD CDD  WTR  SNW DPTH SPD SPD DIR MIN PSBL S-S WX    SPD DR
================================================================================

 1  91  74  83  12   0  18 0.00    M    M  0.7  7 160   M    M   4 18      9 180
 2  95  71  83  13   0  18 0.00    M    M  1.5  8 210   M    M   0 1      12 210
 3  99  73  86  16   0  21 0.00    M    M  2.1 10 240   M    M   0 1      17 280
 4  99  73  86  16   0  21 0.00    M    M  1.9  9 320   M    M   1 1      13 320
 5  81  63  72   3   0   7 0.08    M    M  5.0 13  70   M    M   9        18  80
 6  86  63  75   6   0  10 0.00    M    M  2.6  9 140   M    M   5        17 120
 7  83  68  76   7   0  11    T    M    M  2.7 10  70   M    M   6        16  70
 8  82  69  76   8   0  11 0.00    M    M  4.1 12  60   M    M   8        19  60
 9  79  64  72   4   0   7 0.00    M    M  3.8 10  60   M    M   6        18  70
10  80  60  70   3   0   5 0.00    M    M  2.7 10  40   M    M   0        18  20
11  82  54  68   1   0   3 0.00    M    M  0.9  8 310   M    M   0        13 280
12  88  57  73   6   0   8 0.00    M    M  2.8 12 270   M    M   1        17 220
13  87  68  78  12   0  13 0.12    M    M  4.5 17 210   M    M   7 13     23 200
14  81  59  70   4   0   5 0.02    M    M  2.9 10 260   M    M   0 1      16 280
15  79  57  68   2   0   3 0.09    M    M  2.1 10 180   M    M   4 1      14 170
16  79  57  68   3   0   3 0.13    M    M  6.0 21 270   M    M   5 1      26 280
================================================================================
SM 1371 1030         0 164  0.44    M     46.3          M       56
================================================================================
AV 85.7 64.4                               2.9 FASTST   M    M   4    MAX(MPH)
                                 MISC ---->  # 21 270               # 26  280
================================================================================
NOTES:
# LAST OF SEVERAL OCCURRENCES

COLUMN 17 PEAK WIND IN M.P.H.

PRELIMINARY LOCAL CLIMATOLOGICAL DATA (WS FORM: F-6) , PAGE 2

                                          STATION:  HAMILTON - OWENS AIRPORT SC
                                          MONTH:    OCTOBER
                                          YEAR:     2019
                                          LATITUDE:   33 58 N
                                          LONGITUDE:  80 59 W

[TEMPERATURE DATA]      [PRECIPITATION DATA]       SYMBOLS USED IN COLUMN 16

AVERAGE MONTHLY: 75.0   TOTAL FOR MONTH:   0.44    1 = FOG OR MIST
DPTR FM NORMAL:   7.0   DPTR FM NORMAL:   -1.39    2 = FOG REDUCING VISIBILITY
HIGHEST:    99 ON  4, 3 GRTST 24HR  1.12 ON 30- 1      TO 1/4 MILE OR LESS
LOWEST:     54 ON 11                               3 = THUNDER
                        SNOW, ICE PELLETS, HAIL    4 = ICE PELLETS
                        TOTAL MONTH:    M          5 = HAIL
                        GRTST 24HR    M  ON   M    6 = FREEZING RAIN OR DRIZZLE
                        GRTST DEPTH:  M  ON   M    7 = DUSTSTORM OR SANDSTORM:
                                                       VSBY 1/2 MILE OR LESS
                                                   8 = SMOKE OR HAZE
[NO. OF DAYS WITH]      [WEATHER - DAYS WITH]      9 = BLOWING SNOW
                                                   X = TORNADO
MAX 32 OR BELOW:   0    0.01 INCH OR MORE:   5
MAX 90 OR ABOVE:   4    0.10 INCH OR MORE:   2
MIN 32 OR BELOW:   0    0.50 INCH OR MORE:   0
MIN  0 OR BELOW:   0    1.00 INCH OR MORE:   0

[HDD (BASE 65) ]
TOTAL THIS MO.     0    CLEAR  (SCALE 0-3)   7
DPTR FM NORMAL   -23    PTCLDY (SCALE 4-7)   8
TOTAL FM JUL 1     0    CLOUDY (SCALE 8-10)  1
DPTR FM NORMAL   -26

[CDD (BASE 65) ]
TOTAL THIS MO.   164
DPTR FM NORMAL    93    [PRESSURE DATA]
TOTAL FM JAN 1  2795    HIGHEST SLP M ON M
DPTR FM NORMAL   577    LOWEST  SLP 29.67 ON 16

[REMARKS]
