000
CXUS52 KCHS 190715
CF6CXM
PRELIMINARY LOCAL CLIMATOLOGICAL DATA (WS FORM: F-6)

                                          STATION:   DOWNTOWN CHARLESTON SC
                                          MONTH:     JANUARY
                                          YEAR:      2019
                                          LATITUDE:   32 46 N
                                          LONGITUDE:  79 56 W

  TEMPERATURE IN F:       :PCPN:    SNOW:  WIND      :SUNSHINE: SKY     :PK WND
================================================================================
1   2   3   4   5  6A  6B    7    8   9   10  11  12  13   14  15   16   17  18
                                     12Z  AVG MX 2MIN
DY MAX MIN AVG DEP HDD CDD  WTR  SNW DPTH SPD SPD DIR MIN PSBL S-S WX    SPD DR
================================================================================

 1  75  62  69  19   0   4 0.00  0.0    M  5.5 11 220   M    M   M        17 230
 2  66  58  62  12   3   0 0.00    M    M  3.4 12 110   M    M   M        13 110
 3  68  58  63  13   2   0 0.06    M    M  3.3  9 140   M    M   M        11  10
 4  66  59  63  13   2   0 0.23    M    M  7.6 20 170   M    M   M        29 220
 5  64  50  57   7   8   0 0.00    M    M  8.3 14 270   M    M   M        21 280
 6  70  49  60  10   5   0 0.00  0.0    M  2.6  7 180   M    M   M        13 310
 7  67  51  59   9   6   0 0.00  0.0    M  5.4 13  90   M    M   M        16  80
 8  70  55  63  13   2   0 0.00  0.0    M  4.5 13 240   M    M   M        17 240
 9  62  47  55   6  10   0 0.00  0.0    M  7.1 16 340   M    M   M        23 340
10  51  40  46  -3  19   0 0.00    M    M  8.2 16 360   M    M   M        22  10
11  48  34  41  -8  24   0 0.00    M    M  8.2 13  30   M    M   M        19  10
12  56  40  48  -1  17   0 0.00    M    M 11.1 17  50   M    M   M        21  60
13  63  46  55   6  10   0 0.08    M    M  6.7 13 350   M    M   M        15 340
14  46  41  44  -6  21   0 0.00    M    M  7.0 13 360   M    M   M        16 340
15  51  43  47  -3  18   0 0.00  0.0    M  3.4  7  20   M    M   M         9  20
16  56  46  51   1  14   0 0.00    M    M  3.4  9 170   M    M   M        12 150
17  57  43  50   0  15   0 0.03    M    M  3.2 10 120   M    M   M        12 120
18  64  49  57   7   8   0 0.00    M    M  3.1  7 280   M    M   M        11 280
================================================================================
SM 1100  871       184   4  0.40     0.0 102.0          M        M
================================================================================
AV 61.1 48.4                               5.7 FASTST   M    M   6    MAX(MPH)
                                 MISC ---->  # 20 170               # 29  220
================================================================================
NOTES:
# LAST OF SEVERAL OCCURRENCES

COLUMN 17 PEAK WIND IN M.P.H.

PRELIMINARY LOCAL CLIMATOLOGICAL DATA (WS FORM: F-6) , PAGE 2

                                          STATION:  DOWNTOWN CHARLESTON SC
                                          MONTH:    JANUARY
                                          YEAR:     2019
                                          LATITUDE:   32 46 N
                                          LONGITUDE:  79 56 W

[TEMPERATURE DATA]      [PRECIPITATION DATA]       SYMBOLS USED IN COLUMN 16

AVERAGE MONTHLY: 54.8   TOTAL FOR MONTH:   0.40    1 = FOG OR MIST
DPTR FM NORMAL:   5.0   DPTR FM NORMAL:   -1.24    2 = FOG REDUCING VISIBILITY
HIGHEST:    75 ON  1    GRTST 24HR  0.23 ON  4- 4      TO 1/4 MILE OR LESS
LOWEST:     34 ON 11                               3 = THUNDER
                        SNOW, ICE PELLETS, HAIL    4 = ICE PELLETS
                        TOTAL MONTH:   0.0 INCH    5 = HAIL
                        GRTST 24HR     0.0         6 = FREEZING RAIN OR DRIZZLE
                        GRTST DEPTH:  M  ON   M    7 = DUSTSTORM OR SANDSTORM:
                                                       VSBY 1/2 MILE OR LESS
                                                   8 = SMOKE OR HAZE
[NO. OF DAYS WITH]      [WEATHER - DAYS WITH]      9 = BLOWING SNOW
                                                   X = TORNADO
MAX 32 OR BELOW:   0    0.01 INCH OR MORE:   4
MAX 90 OR ABOVE:   0    0.10 INCH OR MORE:   1
MIN 32 OR BELOW:   0    0.50 INCH OR MORE:   0
MIN  0 OR BELOW:   0    1.00 INCH OR MORE:   0

[HDD (BASE 65) ]
TOTAL THIS MO.   184    CLEAR  (SCALE 0-3)   0
DPTR FM NORMAL   -96    PTCLDY (SCALE 4-7)   0
TOTAL FM JUL 1   706    CLOUDY (SCALE 8-10)  0
DPTR FM NORMAL  -180

[CDD (BASE 65) ]
TOTAL THIS MO.     4
DPTR FM NORMAL     4    [PRESSURE DATA]
TOTAL FM JAN 1     4    HIGHEST SLP M ON M
DPTR FM NORMAL     4    LOWEST  SLP 29.56 ON  4

[REMARKS]
