000
CXUS52 KCHS 260715
CF6CXM
PRELIMINARY LOCAL CLIMATOLOGICAL DATA (WS FORM: F-6)

                                          STATION:   DOWNTOWN CHARLESTON SC
                                          MONTH:     APRIL
                                          YEAR:      2018
                                          LATITUDE:   32 46 N
                                          LONGITUDE:  79 56 W

  TEMPERATURE IN F:       :PCPN:    SNOW:  WIND      :SUNSHINE: SKY     :PK WND
================================================================================
1   2   3   4   5  6A  6B    7    8   9   10  11  12  13   14  15   16   17  18
                                     12Z  AVG MX 2MIN
DY MAX MIN AVG DEP HDD CDD  WTR  SNW DPTH SPD SPD DIR MIN PSBL S-S WX    SPD DR
================================================================================

 1  71  53  62   0   3   0 0.00  0.0    M  5.8 11 120   M    M   M        13 130
 2  76  60  68   6   0   3 0.00    M    M  5.6 12 180   M    M   M        15 180
 3  75   M   M   M   M   M 0.00  0.0    M 12.5 17 210   M    M   M        22 220
 4  78  60  69   6   0   4 0.00    M    M  8.3 12 230   M    M   M        22 250
 5  60  52  56  -7   9   0 0.00    M    M 10.3 16  20   M    M   M        22  20
 6  71  57  64   1   1   0 0.00    M    M  7.5 15 170   M    M   M        19 190
 7  71  52  62  -1   3   0 0.87    M    M  8.1 21  10   M    M   M        26 350
 8  55  42  49 -15  16   0 0.00    M    M 11.2 21 360   M    M   M        26 360
 9  58  51  55  -9  10   0 0.08    M    M  9.8 18  20   M    M   M        21  20
10  56  53  55  -9  10   0 0.05  0.0    M  8.1 15  10   M    M   M        19  30
11  64  50  57  -7   8   0 0.00    M    M  8.2 17 100   M    M   M        19 110
12  68  56  62  -3   3   0 0.00    M    M  5.7 13 120   M    M   M        14 120
13  72  60  66   1   0   1 0.00    M    M  7.3 17 170   M    M   M        22 180
14  76  62  69   4   0   4 0.00    M    M  5.6 13 190   M    M   M        19 140
15  76  59  68   3   0   3 0.79    M    M 13.7 24 170   M    M   M        33 170
16  61  49  55 -11  10   0 0.00    M    M  9.5 15 260   M    M   M        22 280
17  72  43  58  -8   7   0 0.00    M    M  6.4 12 270   M    M   M        17 270
18  81  60  71   5   0   6 0.00    M    M  9.3 16 200   M    M   M        22 220
19  83  62  73   7   0   8 0.00    M    M  9.3 20  20   M    M   M        27  10
20  63  50  57 -10   8   0 0.00    M    M 15.0 21  20   M    M   M        26  20
21   M   M   M   M   M   M    M    M    M   M   M   M   M    M   M         M  M
22   M   M   M   M   M   M    M    M    M   M   M   M   M    M   M         M  M
23  68  64  66  -1   0   1 2.22  0.0    M 19.2 30 120   M    M   M        41 120
24  70  65  68   0   0   3 0.02  0.0    M  7.9 17 170   M    M   M        20 160
25  78  62  70   2   0   5 0.00  0.0    M  5.2 11 200   M    M   M        16 200
================================================================================
SM 1603 1222        88  38  4.03     0.0 209.5          M        M
================================================================================
AV 69.7 55.6                               9.1 FASTST   M    M   5    MAX(MPH)
                                 MISC ---->  # 30 120               # 41  120
================================================================================
NOTES:
# LAST OF SEVERAL OCCURRENCES

COLUMN 17 PEAK WIND IN M.P.H.

PRELIMINARY LOCAL CLIMATOLOGICAL DATA (WS FORM: F-6) , PAGE 2

                                          STATION:  DOWNTOWN CHARLESTON SC
                                          MONTH:    APRIL
                                          YEAR:     2018
                                          LATITUDE:   32 46 N
                                          LONGITUDE:  79 56 W

[TEMPERATURE DATA]      [PRECIPITATION DATA]       SYMBOLS USED IN COLUMN 16

AVERAGE MONTHLY: 62.6   TOTAL FOR MONTH:   4.03    1 = FOG OR MIST
DPTR FM NORMAL:  -2.3   DPTR FM NORMAL:    1.89    2 = FOG REDUCING VISIBILITY
HIGHEST:    83 ON 19    GRTST 24HR  2.22 ON 23-23      TO 1/4 MILE OR LESS
LOWEST:     42 ON  8                               3 = THUNDER
                        SNOW, ICE PELLETS, HAIL    4 = ICE PELLETS
                        TOTAL MONTH:   0.0 INCH    5 = HAIL
                        GRTST 24HR     0.0         6 = FREEZING RAIN OR DRIZZLE
                        GRTST DEPTH:  M  ON   M    7 = DUSTSTORM OR SANDSTORM:
                                                       VSBY 1/2 MILE OR LESS
                                                   8 = SMOKE OR HAZE
[NO. OF DAYS WITH]      [WEATHER - DAYS WITH]      9 = BLOWING SNOW
                                                   X = TORNADO
MAX 32 OR BELOW:   0    0.01 INCH OR MORE:   6
MAX 90 OR ABOVE:   0    0.10 INCH OR MORE:   3
MIN 32 OR BELOW:   0    0.50 INCH OR MORE:   3
MIN  0 OR BELOW:   0    1.00 INCH OR MORE:   1

[HDD (BASE 65) ]
TOTAL THIS MO.    88    CLEAR  (SCALE 0-3)   0
DPTR FM NORMAL    23    PTCLDY (SCALE 4-7)   0
TOTAL FM JUL 1  1677    CLOUDY (SCALE 8-10)  0
DPTR FM NORMAL   -44

[CDD (BASE 65) ]
TOTAL THIS MO.    38
DPTR FM NORMAL   -22    [PRESSURE DATA]
TOTAL FM JAN 1    69    HIGHEST SLP M ON M
DPTR FM NORMAL   -14    LOWEST  SLP 29.51 ON  7

[REMARKS]
