000
CXUS52 KCHS 180715
CF6CXM
PRELIMINARY LOCAL CLIMATOLOGICAL DATA (WS FORM: F-6)

                                          STATION:   DOWNTOWN CHARLESTON SC
                                          MONTH:     OCTOBER
                                          YEAR:      2018
                                          LATITUDE:   32 46 N
                                          LONGITUDE:  79 56 W

  TEMPERATURE IN F:       :PCPN:    SNOW:  WIND      :SUNSHINE: SKY     :PK WND
================================================================================
1   2   3   4   5  6A  6B    7    8   9   10  11  12  13   14  15   16   17  18
                                     12Z  AVG MX 2MIN
DY MAX MIN AVG DEP HDD CDD  WTR  SNW DPTH SPD SPD DIR MIN PSBL S-S WX    SPD DR
================================================================================

 1  83  74  79   6   0  14 0.00    M    M 11.4 18  80   M    M   M        23  80
 2  87  75  81   8   0  16 0.00    M    M  7.7 11  70   M    M   M        15  90
 3  85  75  80   8   0  15 0.00    M    M  5.2 11 130   M    M   M        13 120
 4  87  75  81   9   0  16 0.00    M    M  3.5  9 180   M    M   M        12 130
 5  92  75  84  12   0  19 0.00    M    M  4.4  9 180   M    M   M        11 190
 6  90  76  83  12   0  18 0.01    M    M  4.0  9 140   M    M   M        10 150
 7  88  76  82  11   0  17 0.10    M    M  8.0 16 130   M    M   M        18 130
 8  85  76  81  10   0  16 0.01    M    M 12.8 23 130   M    M   M        30 130
 9  85  78  82  11   0  17 0.29  0.0    M 18.1 23 100   M    M   M        30 110
10  83  76  80  10   0  15 0.56    M    M 14.9 24 150   M    M   M        29 150
11  87  77  82  12   0  17 0.10    M    M 15.7 34 180   M    M   M        45 180
12  78  66  72   2   0   7 0.00    M    M  5.6 14 360   M    M   M        18 360
13  81  63  72   3   0   7 0.00    M    M  5.5 11  20   M    M   M        14  30
14  84  65  75   6   0  10 0.00    M    M  6.3 10 110   M    M   M        12 110
15  82  75  79  10   0  14 0.00    M    M  5.4 12 180   M    M   M        15 180
16  88  75  82  13   0  17 0.00    M    M  4.8 10 180   M    M   M        13 200
17  87  76  82  14   0  17 0.00    M    M  4.6 12  10   M    M   M        15 320
================================================================================
SM 1452 1253         0 252  1.07     0.0 137.9          M        M
================================================================================
AV 85.4 73.7                               8.1 FASTST   M    M   4    MAX(MPH)
                                 MISC ---->  # 34 180               # 45  180
================================================================================
NOTES:
# LAST OF SEVERAL OCCURRENCES

COLUMN 17 PEAK WIND IN M.P.H.

PRELIMINARY LOCAL CLIMATOLOGICAL DATA (WS FORM: F-6) , PAGE 2

                                          STATION:  DOWNTOWN CHARLESTON SC
                                          MONTH:    OCTOBER
                                          YEAR:     2018
                                          LATITUDE:   32 46 N
                                          LONGITUDE:  79 56 W

[TEMPERATURE DATA]      [PRECIPITATION DATA]       SYMBOLS USED IN COLUMN 16

AVERAGE MONTHLY: 79.6   TOTAL FOR MONTH:   1.07    1 = FOG OR MIST
DPTR FM NORMAL:   9.0   DPTR FM NORMAL:   -1.25    2 = FOG REDUCING VISIBILITY
HIGHEST:    92 ON  5    GRTST 24HR  0.56 ON 10-10      TO 1/4 MILE OR LESS
LOWEST:     63 ON 13                               3 = THUNDER
                        SNOW, ICE PELLETS, HAIL    4 = ICE PELLETS
                        TOTAL MONTH:   0.0 INCH    5 = HAIL
                        GRTST 24HR     0.0         6 = FREEZING RAIN OR DRIZZLE
                        GRTST DEPTH:  M  ON   M    7 = DUSTSTORM OR SANDSTORM:
                                                       VSBY 1/2 MILE OR LESS
                                                   8 = SMOKE OR HAZE
[NO. OF DAYS WITH]      [WEATHER - DAYS WITH]      9 = BLOWING SNOW
                                                   X = TORNADO
MAX 32 OR BELOW:   0    0.01 INCH OR MORE:   6
MAX 90 OR ABOVE:   2    0.10 INCH OR MORE:   4
MIN 32 OR BELOW:   0    0.50 INCH OR MORE:   1
MIN  0 OR BELOW:   0    1.00 INCH OR MORE:   0

[HDD (BASE 65) ]
TOTAL THIS MO.     0    CLEAR  (SCALE 0-3)   0
DPTR FM NORMAL   -11    PTCLDY (SCALE 4-7)   0
TOTAL FM JUL 1     0    CLOUDY (SCALE 8-10)  0
DPTR FM NORMAL   -12

[CDD (BASE 65) ]
TOTAL THIS MO.   252
DPTR FM NORMAL   147    [PRESSURE DATA]
TOTAL FM JAN 1  2738    HIGHEST SLP M ON M
DPTR FM NORMAL   450    LOWEST  SLP 29.38 ON 11

[REMARKS]
