000
CXUS54 KHGX 201415
CF6CXO
PRELIMINARY LOCAL CLIMATOLOGICAL DATA (WS FORM: F-6)

                                          STATION:   CONROE
                                          MONTH:     SEPTEMBER
                                          YEAR:      2018
                                          LATITUDE:   30 21 N
                                          LONGITUDE:  95 25 W

  TEMPERATURE IN F:       :PCPN:    SNOW:  WIND      :SUNSHINE: SKY     :PK WND
================================================================================
1   2   3   4   5  6A  6B    7    8   9   10  11  12  13   14  15   16   17  18
                                     12Z  AVG MX 2MIN
DY MAX MIN AVG DEP HDD CDD  WTR  SNW DPTH SPD SPD DIR MIN PSBL S-S WX    SPD DR
================================================================================

 1  93  74  84   3   0  19 0.00  0.0    0  5.0 16 110   M    M   3        23 110
 2  86  74  80  -1   0  15 0.55  0.0    0  4.1 13  60   M    M   7 13     16  40
 3  79  75  77  -4   0  12 0.46  0.0    0  6.5 13 150   M    M   9 1      17 140
 4  90  74  82   2   0  17    T  0.0    0  4.6 20 160   M    M   6        25 170
 5  93  73  83   3   0  18 0.00  0.0    0  3.7 12  80   M    M   1        15  90
 6  94  73  84   4   0  19 0.00  0.0    0  2.7 15 170   M    M   1 13     19  80
 7  90  71  81   1   0  16 0.21  0.0    0  3.3 20 240   M    M   2 13     28 230
 8  93  72  83   3   0  18 0.02  0.0    0  4.0 24 290   M    M   5 13     32 280
 9  87  73  80   1   0  15 0.00  0.0    0  3.5 14 320   M    M   4 13     17 320
10  82  72  77  -2   0  12 1.45  0.0    0  3.8 13  30   M    M   5 1238   16  10
11  80  72  76  -3   0  11 0.13  0.0    0  4.8 12 110   M    M  10 1      16 120
12  87  74  81   3   0  16 0.08  0.0    0  5.4 23 150   M    M   7 1      29 150
13  87  73  80   2   0  15 0.58  0.0    0  6.0 21  90   M    M   2 13     27  70
14  79  73  76  -2   0  11 0.36  0.0    0  3.6 17 160   M    M   5 1      21 160
15  92  72  82   4   0  17 0.00  0.0    0  5.1 16 150   M    M   1 1      21 150
16  94  69  82   5   0  17 0.00  0.0    0  1.6  8 180   M    M   0 1      11 170
17  94  71  83   6   0  18 0.00  0.0    0  1.3  9 330   M    M   0 1      13 320
18  95  71  83   6   0  18 0.00  0.0    0  1.5  8 140   M    M   1 1      12 200
19  94  72  83   6   0  18 0.00  0.0    0  3.3 13 160   M    M   0 1      16 140
================================================================================
SM 1689 1378         0 302  3.84     0.0  73.8          M       69
================================================================================
AV 88.9 72.5                               3.9 FASTST   M    M   4    MAX(MPH)
                                 MISC ---->  # 24 290               # 32  280
================================================================================
NOTES:
# LAST OF SEVERAL OCCURRENCES

COLUMN 17 PEAK WIND IN M.P.H.

PRELIMINARY LOCAL CLIMATOLOGICAL DATA (WS FORM: F-6) , PAGE 2

                                          STATION:  CONROE
                                          MONTH:    SEPTEMBER
                                          YEAR:     2018
                                          LATITUDE:   30 21 N
                                          LONGITUDE:  95 25 W

[TEMPERATURE DATA]      [PRECIPITATION DATA]       SYMBOLS USED IN COLUMN 16

AVERAGE MONTHLY: 80.7   TOTAL FOR MONTH:   3.84    1 = FOG OR MIST
DPTR FM NORMAL:   1.8   DPTR FM NORMAL:    1.18    2 = FOG REDUCING VISIBILITY
HIGHEST:    95 ON 18    GRTST 24HR  1.45 ON 10-10      TO 1/4 MILE OR LESS
LOWEST:     69 ON 16                               3 = THUNDER
                        SNOW, ICE PELLETS, HAIL    4 = ICE PELLETS
                        TOTAL MONTH:   0.0 INCH    5 = HAIL
                        GRTST 24HR     0.0         6 = FREEZING RAIN OR DRIZZLE
                        GRTST DEPTH:   0           7 = DUSTSTORM OR SANDSTORM:
                                                       VSBY 1/2 MILE OR LESS
                                                   8 = SMOKE OR HAZE
[NO. OF DAYS WITH]      [WEATHER - DAYS WITH]      9 = BLOWING SNOW
                                                   X = TORNADO
MAX 32 OR BELOW:   0    0.01 INCH OR MORE:   9
MAX 90 OR ABOVE:  11    0.10 INCH OR MORE:   7
MIN 32 OR BELOW:   0    0.50 INCH OR MORE:   3
MIN  0 OR BELOW:   0    1.00 INCH OR MORE:   1

[HDD (BASE 65) ]
TOTAL THIS MO.     0    CLEAR  (SCALE 0-3)   9
DPTR FM NORMAL     0    PTCLDY (SCALE 4-7)   8
TOTAL FM JUL 1     0    CLOUDY (SCALE 8-10)  2
DPTR FM NORMAL     0

[CDD (BASE 65) ]
TOTAL THIS MO.   302
DPTR FM NORMAL    38    [PRESSURE DATA]
TOTAL FM JAN 1  2636    HIGHEST SLP M ON M
DPTR FM NORMAL   336    LOWEST  SLP 29.80 ON M

[REMARKS]
