000
CXUS54 KHGX 221515
CF6CXO
PRELIMINARY LOCAL CLIMATOLOGICAL DATA (WS FORM: F-6)

                                          STATION:   CONROE
                                          MONTH:     JULY
                                          YEAR:      2019
                                          LATITUDE:   30 21 N
                                          LONGITUDE:  95 25 W

  TEMPERATURE IN F:       :PCPN:    SNOW:  WIND      :SUNSHINE: SKY     :PK WND
================================================================================
1   2   3   4   5  6A  6B    7    8   9   10  11  12  13   14  15   16   17  18
                                     12Z  AVG MX 2MIN
DY MAX MIN AVG DEP HDD CDD  WTR  SNW DPTH SPD SPD DIR MIN PSBL S-S WX    SPD DR
================================================================================

 1  92  73  83   1   0  18    T  0.0    0  3.5 13 180   M    M   4 13     17 180
 2  91  71  81  -1   0  16 0.07  0.0    0  4.1 24 160   M    M   2 138    27 160
 3  89  70  80  -2   0  15    T  0.0    0  5.1 17 100   M    M   3 13     22 100
 4  93  75  84   2   0  19 0.03  0.0    0  8.8 18 160   M    M   3 13     24 180
 5  95  75  85   3   0  20 0.00  0.0    0  6.4 15 150   M    M   1 1      18 150
 6  95  70  83   1   0  18 0.00  0.0    0  3.5 10 150   M    M   2 12     15 170
 7  95  73  84   2   0  19    T  0.0    0  3.6 12 140   M    M   1 1      15 260
 8  95  74  85   3   0  20 0.00  0.0    0  4.1 12 150   M    M   3 13     14 140
 9  96  75  86   4   0  21 0.00  0.0    0  6.1 13 190   M    M   2        18 230
10  96  75  86   4   0  21 0.00  0.0    0  2.9 20 340   M    M   2        26 330
11  97  73  85   3   0  20 0.00  0.0    0  5.0 14 340   M    M   1        19 330
12  96  77  87   5   0  22 0.00  0.0    0  7.8 16 350   M    M   1        23 350
13  92  76  84   2   0  19 0.11  0.0    0  7.9 20 330   M    M   6 18     28 330
14  89  74  82  -1   0  17 0.00  0.0    0  5.5 13 280   M    M   6        17 280
15  86  75  81  -2   0  16 1.02  0.0    0  5.0 20 220   M    M   6 138    27 260
16  95  74  85   2   0  20 0.56  0.0    0  6.3 28 230   M    M   5 13     34 240
17  94  74  84   1   0  19 0.00  0.0    0  4.6 16 150   M    M   3 13     20 150
18  95  73  84   1   0  19 0.00  0.0    0  5.9 15 140   M    M   2 1      19 140
19  95  72  84   1   0  19 0.00  0.0    0  6.3 17 150   M    M   2 1      25 160
20  96  73  85   2   0  20 0.00  0.0    0  5.6 20 150   M    M   2 1      24 150
21  94  73  84   1   0  19 0.28  0.0    0  4.2 21 210   M    M   1 138    26 160
================================================================================
SM 1966 1545         0 397  2.07     0.0 112.2          M       58
================================================================================
AV 93.6 73.6                               5.3 FASTST   M    M   3    MAX(MPH)
                                 MISC ---->  # 28 230               # 34  240
================================================================================
NOTES:
# LAST OF SEVERAL OCCURRENCES

COLUMN 17 PEAK WIND IN M.P.H.

PRELIMINARY LOCAL CLIMATOLOGICAL DATA (WS FORM: F-6) , PAGE 2

                                          STATION:  CONROE
                                          MONTH:    JULY
                                          YEAR:     2019
                                          LATITUDE:   30 21 N
                                          LONGITUDE:  95 25 W

[TEMPERATURE DATA]      [PRECIPITATION DATA]       SYMBOLS USED IN COLUMN 16

AVERAGE MONTHLY: 83.6   TOTAL FOR MONTH:   2.07    1 = FOG OR MIST
DPTR FM NORMAL:   1.2   DPTR FM NORMAL:   -0.42    2 = FOG REDUCING VISIBILITY
HIGHEST:    97 ON 11    GRTST 24HR  1.02 ON 15-15      TO 1/4 MILE OR LESS
LOWEST:     70 ON  6, 3                            3 = THUNDER
                        SNOW, ICE PELLETS, HAIL    4 = ICE PELLETS
                        TOTAL MONTH:   0.0 INCH    5 = HAIL
                        GRTST 24HR     0.0         6 = FREEZING RAIN OR DRIZZLE
                        GRTST DEPTH:   0           7 = DUSTSTORM OR SANDSTORM:
                                                       VSBY 1/2 MILE OR LESS
                                                   8 = SMOKE OR HAZE
[NO. OF DAYS WITH]      [WEATHER - DAYS WITH]      9 = BLOWING SNOW
                                                   X = TORNADO
MAX 32 OR BELOW:   0    0.01 INCH OR MORE:   6
MAX 90 OR ABOVE:  18    0.10 INCH OR MORE:   4
MIN 32 OR BELOW:   0    0.50 INCH OR MORE:   2
MIN  0 OR BELOW:   0    1.00 INCH OR MORE:   1

[HDD (BASE 65) ]
TOTAL THIS MO.     0    CLEAR  (SCALE 0-3)  15
DPTR FM NORMAL     0    PTCLDY (SCALE 4-7)   6
TOTAL FM JUL 1     0    CLOUDY (SCALE 8-10)  0
DPTR FM NORMAL     0

[CDD (BASE 65) ]
TOTAL THIS MO.   397
DPTR FM NORMAL    31    [PRESSURE DATA]
TOTAL FM JAN 1  1479    HIGHEST SLP M ON M
DPTR FM NORMAL   177    LOWEST  SLP 29.69 ON 13

[REMARKS]
