462
CXUS54 KHGX 201515
CF6CXO
PRELIMINARY LOCAL CLIMATOLOGICAL DATA (WS FORM: F-6)

                                          STATION:   CONROE
                                          MONTH:     OCTOBER
                                          YEAR:      2019
                                          LATITUDE:   30 21 N
                                          LONGITUDE:  95 25 W

  TEMPERATURE IN F:       :PCPN:    SNOW:  WIND      :SUNSHINE: SKY     :PK WND
================================================================================
1   2   3   4   5  6A  6B    7    8   9   10  11  12  13   14  15   16   17  18
                                     12Z  AVG MX 2MIN
DY MAX MIN AVG DEP HDD CDD  WTR  SNW DPTH SPD SPD DIR MIN PSBL S-S WX    SPD DR
================================================================================

 1  93  70  82   9   0  17 0.00  0.0    0  5.3 14 110   M    M   2 12     19 130
 2  92  69  81   8   0  16 0.00  0.0    0  2.0 13 150   M    M   3 12     16 110
 3  93  70  82   9   0  17 0.09  0.0    0  2.1 26 140   M    M   1 13     39 140
 4  93  69  81   9   0  16 0.00  0.0    0  2.2  9 130   M    M   0 1      14  80
 5  93  68  81   9   0  16 0.00  0.0    0  1.8  8 120   M    M   0 1      11  90
 6  91  67  79   7   0  14 0.00  0.0    0  2.3 10 140   M    M   1 18     14 120
 7  79  67  73   1   0   8 0.00  0.0    0  6.5 15  10   M    M   7 1      21 360
 8  84  60  72   1   0   7 0.00  0.0    0  2.8  9 360   M    M   3 1      13  20
 9  88  58  73   2   0   8 0.00  0.0    0  4.8 13 150   M    M   1 1      17 130
10  93  68  81  10   0  16 0.00  0.0    0  7.6 21 170   M    M   1 1      25 150
11  75  50  63  -7   2   0 0.39  0.0    0  8.1 31 320   M    M   6 13     41 320
12  68  51  60 -10   5   0 0.00  0.0    0  5.3 14 350   M    M   3        20  20
13  79  52  66  -4   0   1 0.00  0.0    0  1.5  6 110   M    M   6         8  60
14  86  67  77   8   0  12 0.05  0.0    0  4.1 16 170   M    M   9 13     20 170
15  91  73  82  13   0  17 0.04  0.0    0  4.7 22 300   M    M   7 13     33 290
16  76  52  64  -5   1   0 0.10  0.0    0  4.8 16 340   M    M   6 13     23 320
17  67  49  58 -10   7   0 0.00  0.0    0  2.3  9  20   M    M   0 1      13  70
18  80  48  64  -4   1   0 0.00  0.0    0  1.5  8 110   M    M   0 1      11 130
19  89  57  73   5   0   8 0.00  0.0    0  3.5 14 220   M    M   4 12     18 230
================================================================================
SM 1610 1165        16 173  0.67     0.0  73.2          M       60
================================================================================
AV 84.7 61.3                               3.9 FASTST   M    M   3    MAX(MPH)
                                 MISC ---->  # 31 320               # 41  320
================================================================================
NOTES:
# LAST OF SEVERAL OCCURRENCES

COLUMN 17 PEAK WIND IN M.P.H.

PRELIMINARY LOCAL CLIMATOLOGICAL DATA (WS FORM: F-6) , PAGE 2

                                          STATION:  CONROE
                                          MONTH:    OCTOBER
                                          YEAR:     2019
                                          LATITUDE:   30 21 N
                                          LONGITUDE:  95 25 W

[TEMPERATURE DATA]      [PRECIPITATION DATA]       SYMBOLS USED IN COLUMN 16

AVERAGE MONTHLY: 73.0   TOTAL FOR MONTH:   0.67    1 = FOG OR MIST
DPTR FM NORMAL:   2.4   DPTR FM NORMAL:   -2.04    2 = FOG REDUCING VISIBILITY
HIGHEST:    93 ON 10, 5 GRTST 24HR  0.39 ON 11-11      TO 1/4 MILE OR LESS
LOWEST:     48 ON 18                               3 = THUNDER
                        SNOW, ICE PELLETS, HAIL    4 = ICE PELLETS
                        TOTAL MONTH:   0.0 INCH    5 = HAIL
                        GRTST 24HR     0.0         6 = FREEZING RAIN OR DRIZZLE
                        GRTST DEPTH:   0           7 = DUSTSTORM OR SANDSTORM:
                                                       VSBY 1/2 MILE OR LESS
                                                   8 = SMOKE OR HAZE
[NO. OF DAYS WITH]      [WEATHER - DAYS WITH]      9 = BLOWING SNOW
                                                   X = TORNADO
MAX 32 OR BELOW:   0    0.01 INCH OR MORE:   5
MAX 90 OR ABOVE:   8    0.10 INCH OR MORE:   2
MIN 32 OR BELOW:   0    0.50 INCH OR MORE:   0
MIN  0 OR BELOW:   0    1.00 INCH OR MORE:   0

[HDD (BASE 65) ]
TOTAL THIS MO.    16    CLEAR  (SCALE 0-3)  11
DPTR FM NORMAL     0    PTCLDY (SCALE 4-7)   7
TOTAL FM JUL 1    16    CLOUDY (SCALE 8-10)  1
DPTR FM NORMAL    -2

[CDD (BASE 65) ]
TOTAL THIS MO.   173
DPTR FM NORMAL    50    [PRESSURE DATA]
TOTAL FM JAN 1  2962    HIGHEST SLP M ON M
DPTR FM NORMAL   428    LOWEST  SLP 29.69 ON 19

[REMARKS]
