000
CXUS54 KHGX 310724
CF6CXO
PRELIMINARY LOCAL CLIMATOLOGICAL DATA (WS FORM: F-6)

                                          STATION:   CONROE
                                          MONTH:     OCTOBER
                                          YEAR:      2020
                                          LATITUDE:   30 21 N
                                          LONGITUDE:  95 25 W

  TEMPERATURE IN F:       :PCPN:    SNOW:  WIND      :SUNSHINE: SKY     :PK WND
================================================================================
1   2   3   4   5  6A  6B    7    8   9   10  11  12  13   14  15   16   17  18
                                     12Z  AVG MX 2MIN
DY MAX MIN AVG DEP HDD CDD  WTR  SNW DPTH SPD SPD DIR MIN PSBL S-S WX    SPD DR
================================================================================

 1  88  50  69  -4   0   4 0.00  0.0    0  2.3 12 270   M    M   0        15 300
 2  83  52  68  -5   0   3 0.00  0.0    0  3.4 10 340   M    M   0        16  20
 3  84  48  66  -7   0   1 0.00  0.0    0  3.2 12 160   M    M   0 1      16 170
 4  86  52  69  -3   0   4 0.00  0.0    0  2.6  9  20   M    M   3 1      14  20
 5  83  58  71  -1   0   6 0.00  0.0    0  2.6 10  80   M    M   3        15  70
 6  87  55  71  -1   0   6 0.00  0.0    0  2.9 10  70   M    M   0 18     14  70
 7  90  51  71  -1   0   6 0.00  0.0    0  2.4 10 100   M    M   0 18     15 100
 8  86  69  78   7   0  13 0.01  0.0    0  4.0 13  90   M    M   6        18  80
 9  82  70  76   5   0  11    T  0.0    0  9.1 23 350   M    M   9 1      34  30
10  90  63  77   6   0  12 0.00  0.0    0  2.7 14 260   M    M   2 12     17 280
11  93  66  80  10   0  15 0.00  0.0    0  4.9 16 210   M    M   2 12     22 200
12  91  71  81  11   0  16 0.00  0.0    0  7.9 14 210   M    M   7        21 230
13  89  59  74   4   0   9 0.00  0.0    0  2.9 10  90   M    M   0        14  80
14  88  55  72   3   0   7 0.00  0.0    0  4.9 12 180   M    M   1        15 170
15  91  66  79  10   0  14 0.00  0.0    0  5.3 18 350   M    M   7 18     25 350
16  74  51  63  -6   2   0 0.11  0.0    0  6.8 20  20   M    M   6 18     28  20
17  80  55  68   0   0   3 0.00  0.0    0  8.4 17 150   M    M   8        22 150
18  90  64  77   9   0  12 0.00  0.0    0  8.7 18 150   M    M   4 1      25 160
19  89  74  82  14   0  17 0.43  0.0    0  6.3 21 220   M    M   6 13     30 220
20  87  70  79  11   0  14 0.00  0.0    0  5.9 14 130   M    M   6 1      19 120
21  88  67  78  11   0  13 0.00  0.0    0  3.9 13 150   M    M   6 12     14 160
22  88  65  77  10   0  12 0.00  0.0    0  5.5 14 150   M    M   7 12     17 160
23  89  54  72   5   0   7 0.01  0.0    0  8.2 35 340   M    M   9 13     53 350
24  70  51  61  -5   4   0 0.00  0.0    0  6.3 15 330   M    M   7        20 340
25  69  59  64  -2   1   0 0.00  0.0    0  4.4 10 100   M    M  10 1      14  90
26  84  60  72   6   0   7 0.00  0.0    0  7.9 18 150   M    M   9        25 150
27  66  54  60  -6   5   0 0.05  0.0    0  7.4 13 340   M    M  10 1      17 330
28  55  40  48 -17  17   0 0.32  0.0    0  9.3 18 320   M    M   8 1      25 320
29  65  37  51 -14  14   0 0.00  0.0    0  8.0 21 330   M    M   3 1      29 310
30  71  42  57  -8   8   0 0.00  0.0    0  3.3 10 340   M    M   0        15 360
================================================================================
SM 2476 1728        51 212  0.93     0.0 161.4          M      139
================================================================================
AV 82.5 57.6                               5.4 FASTST   M    M   5    MAX(MPH)
                                 MISC ---->  # 35 340               # 53  350
================================================================================
NOTES:
# LAST OF SEVERAL OCCURRENCES

COLUMN 17 PEAK WIND IN M.P.H.

PRELIMINARY LOCAL CLIMATOLOGICAL DATA (WS FORM: F-6) , PAGE 2

                                          STATION:  CONROE
                                          MONTH:    OCTOBER
                                          YEAR:     2020
                                          LATITUDE:   30 21 N
                                          LONGITUDE:  95 25 W

[TEMPERATURE DATA]      [PRECIPITATION DATA]       SYMBOLS USED IN COLUMN 16

AVERAGE MONTHLY: 70.1   TOTAL FOR MONTH:   0.93    1 = FOG OR MIST
DPTR FM NORMAL:   1.1   DPTR FM NORMAL:   -4.09    2 = FOG REDUCING VISIBILITY
HIGHEST:    93 ON 11    GRTST 24HR  0.43 ON 19-19      TO 1/4 MILE OR LESS
LOWEST:     37 ON 29                               3 = THUNDER
                        SNOW, ICE PELLETS, HAIL    4 = ICE PELLETS
                        TOTAL MONTH:   0.0 INCH    5 = HAIL
                        GRTST 24HR     0.0         6 = FREEZING RAIN OR DRIZZLE
                        GRTST DEPTH:   0           7 = DUSTSTORM OR SANDSTORM:
                                                       VSBY 1/2 MILE OR LESS
                                                   8 = SMOKE OR HAZE
[NO. OF DAYS WITH]      [WEATHER - DAYS WITH]      9 = BLOWING SNOW
                                                   X = TORNADO
MAX 32 OR BELOW:   0    0.01 INCH OR MORE:   6
MAX 90 OR ABOVE:   6    0.10 INCH OR MORE:   3
MIN 32 OR BELOW:   0    0.50 INCH OR MORE:   0
MIN  0 OR BELOW:   0    1.00 INCH OR MORE:   0

[HDD (BASE 65) ]
TOTAL THIS MO.    51    CLEAR  (SCALE 0-3)  11
DPTR FM NORMAL     5    PTCLDY (SCALE 4-7)  13
TOTAL FM JUL 1    51    CLOUDY (SCALE 8-10)  6
DPTR FM NORMAL     3

[CDD (BASE 65) ]
TOTAL THIS MO.   212
DPTR FM NORMAL    47    [PRESSURE DATA]
TOTAL FM JAN 1  3056    HIGHEST SLP M ON M
DPTR FM NORMAL   480    LOWEST  SLP 29.64 ON  9

[REMARKS]
