000
CXUS54 KLZK 191130
CF6CXW
PRELIMINARY LOCAL CLIMATOLOGICAL DATA (WS FORM: F-6)

                                          STATION:   Conway Airport
                                          MONTH:     AUGUST
                                          YEAR:      2019
                                          LATITUDE:   35  1 N
                                          LONGITUDE:  92 33 W

  TEMPERATURE IN F:       :PCPN:    SNOW:  WIND      :SUNSHINE: SKY     :PK WND
================================================================================
1   2   3   4   5  6A  6B    7    8   9   10  11  12  13   14  15   16   17  18
                                     12Z  AVG MX 2MIN
DY MAX MIN AVG DEP HDD CDD  WTR  SNW DPTH SPD SPD DIR MIN PSBL S-S WX    SPD DR
================================================================================

 1  90  73  82   M   0  17    M    M    M  2.2  9 110   M    M   4 1       M  M
 2  90  73  82   M   0  17    M    M    M  2.8  9 120   M    M   5 1      14 100
 3  90  72  81   M   0  16    M    M    M  2.8  8 290   M    M   3         M  M
 4  93  73  83   M   0  18    M    M    M  1.7  9 130   M    M   3 1       M  M
 5  93  73  83   M   0  18    M    M    M  3.9 17  90   M    M   2 1      13  99
 6  97  73  85   M   0  20    M    M    M  2.9  8 160   M    M   2 1      12   0
 7  99  77  88   M   0  23    M    M    M  4.6 18 300   M    M   2 1      23  30
 8  88  75  82   M   0  17    M    M    M  4.0 12  50   M    M   4 18     18  50
 9  90  75  83   M   0  18    M    M    M  2.2  8 300   M    M   7 1       M  M
10  90  75  83   M   0  18    M    M    M  3.9  9 200   M    M   5 12      M  M
11  93  79  86   M   0  21    M    M    M  2.6 17  80   M    M   4 1      23  80
12  97  77  87   M   0  22    M    M    M  3.9  9 170   M    M   1 1      14  99
13  99  77  88   M   0  23    M    M    M  3.2 14 240   M    M   2 1      22 240
14  93  75  84   M   0  19 0.00    M    M  1.6  8 350   M    M   1 18      M  M
15  93  73  83   M   0  18 0.00    M    M  3.1 10 100   M    M   0 1       M  M
16  95  72  84   M   0  19 0.00    M    M  3.3  8 170   M    M   0 8      13  99
17  95  73  84   M   0  19 0.00    M    M  5.2 12 140   M    M   0 8      15 150
18  91  75  83   M   0  18 0.00    M    M  5.4 15 240   M    M   4        24 240
================================================================================
SM 1676 1340         0 341  0.00    M     59.3          M       49
================================================================================
AV 93.1 74.4                               3.3 FASTST   M    M   3    MAX(MPH)
                                 MISC ---->  # 18 300               # 24  240
================================================================================
NOTES:
# LAST OF SEVERAL OCCURRENCES

COLUMN 17 PEAK WIND IN M.P.H.

PRELIMINARY LOCAL CLIMATOLOGICAL DATA (WS FORM: F-6) , PAGE 2

                                          STATION:  Conway Airport
                                          MONTH:    AUGUST
                                          YEAR:     2019
                                          LATITUDE:   35  1 N
                                          LONGITUDE:  92 33 W

[TEMPERATURE DATA]      [PRECIPITATION DATA]       SYMBOLS USED IN COLUMN 16

AVERAGE MONTHLY: 83.8   TOTAL FOR MONTH:   0.00    1 = FOG OR MIST
DPTR FM NORMAL:     M   DPTR FM NORMAL:       M    2 = FOG REDUCING VISIBILITY
HIGHEST:    99 ON 13, 7 GRTST 24HR  0.00 ON 18-18      TO 1/4 MILE OR LESS
LOWEST:     72 ON 16, 3                            3 = THUNDER
                        SNOW, ICE PELLETS, HAIL    4 = ICE PELLETS
                        TOTAL MONTH:    M          5 = HAIL
                        GRTST 24HR    M  ON   M    6 = FREEZING RAIN OR DRIZZLE
                        GRTST DEPTH:  M  ON   M    7 = DUSTSTORM OR SANDSTORM:
                                                       VSBY 1/2 MILE OR LESS
                                                   8 = SMOKE OR HAZE
[NO. OF DAYS WITH]      [WEATHER - DAYS WITH]      9 = BLOWING SNOW
                                                   X = TORNADO
MAX 32 OR BELOW:   0    0.01 INCH OR MORE:   0
MAX 90 OR ABOVE:  17    0.10 INCH OR MORE:   0
MIN 32 OR BELOW:   0    0.50 INCH OR MORE:   0
MIN  0 OR BELOW:   0    1.00 INCH OR MORE:   0

[HDD (BASE 65) ]
TOTAL THIS MO.     0    CLEAR  (SCALE 0-3)  10
DPTR FM NORMAL     M    PTCLDY (SCALE 4-7)   8
TOTAL FM JUL 1     0    CLOUDY (SCALE 8-10)  0
DPTR FM NORMAL     M

[CDD (BASE 65) ]
TOTAL THIS MO.   341
DPTR FM NORMAL     M    [PRESSURE DATA]
TOTAL FM JAN 1  1545    HIGHEST SLP M ON M
DPTR FM NORMAL     M    LOWEST  SLP M ON M

[REMARKS]
