000
CXUS54 KLZK 191130
CF6CXW
PRELIMINARY LOCAL CLIMATOLOGICAL DATA (WS FORM: F-6)

                                          STATION:   Conway Airport
                                          MONTH:     OCTOBER
                                          YEAR:      2018
                                          LATITUDE:   35  1 N
                                          LONGITUDE:  92 33 W

  TEMPERATURE IN F:       :PCPN:    SNOW:  WIND      :SUNSHINE: SKY     :PK WND
================================================================================
1   2   3   4   5  6A  6B    7    8   9   10  11  12  13   14  15   16   17  18
                                     12Z  AVG MX 2MIN
DY MAX MIN AVG DEP HDD CDD  WTR  SNW DPTH SPD SPD DIR MIN PSBL S-S WX    SPD DR
================================================================================

 1  84  68  76   M   0  11    M    M    M  3.4  9 140   M    M   5 1       M  M
 2  90  66  78   M   0  13    M    M    M  3.8  9 200   M    M   3 12     12 250
 3  90  70  80   M   0  15    M    M    M  5.4 15 200   M    M   0 18     21 200
 4  91  70  81   M   0  16    M    M    M  5.8 13 160   M    M   0 1      16 190
 5  90  72  81   M   0  16    M    M    M  5.9 14 180   M    M   0 1      18 230
 6  90  70  80   M   0  15    M    M    M  4.9 10 160   M    M   0        17 170
 7  88  73  81   M   0  16    M    M    M  4.4 13 150   M    M   0 8      16 170
 8  88  68  78   M   0  13    M    M    M  7.3 15 150   M    M   0        23 150
 9  86  68  77   M   0  12    M    M    M  8.7 17 140   M    M   0 1      21 140
10  79  59  69   M   0   4    M    M    M  7.7 15 280   M    M   0 1      18 300
11  70  52  61   M   4   0    M    M    M  5.6 10 350   M    M   0        16 350
12  63  50  57   M   8   0    M    M    M  3.9  8 200   M    M   0        14 190
13  61  55  58   M   7   0    M    M    M  7.1 14  90   M    M   0 1      18  40
14  70  57  64   M   1   0    M    M    M  3.5  7  10   M    M   0 1       M  M
15  64  46  55   M  10   0    M    M    M 10.1 20 360   M    M   0 1      18 350
16  52  46  49   M  16   0    M    M    M  5.2 12  20   M    M   0 1       M  M
17  68  46  57   M   8   0    M    M    M  2.9  8 350   M    M   0 1      15 350
18  64  46  55   M  10   0    M    M    M  5.1  9  80   M    M   0 1      14  40
================================================================================
SM 1388 1082        64 131    M     M    100.7          M        8
================================================================================
AV 77.1 60.1                               5.6 FASTST   M    M   0    MAX(MPH)
                                 MISC ---->  # 20 360               # 23  150
================================================================================
NOTES:
# LAST OF SEVERAL OCCURRENCES

COLUMN 17 PEAK WIND IN M.P.H.

PRELIMINARY LOCAL CLIMATOLOGICAL DATA (WS FORM: F-6) , PAGE 2

                                          STATION:  Conway Airport
                                          MONTH:    OCTOBER
                                          YEAR:     2018
                                          LATITUDE:   35  1 N
                                          LONGITUDE:  92 33 W

[TEMPERATURE DATA]      [PRECIPITATION DATA]       SYMBOLS USED IN COLUMN 16

AVERAGE MONTHLY: 68.6   TOTAL FOR MONTH:      M    1 = FOG OR MIST
DPTR FM NORMAL:     M   DPTR FM NORMAL:       M    2 = FOG REDUCING VISIBILITY
HIGHEST:    91 ON  4    GRTST 24HR    M  ON   M        TO 1/4 MILE OR LESS
LOWEST:     46 ON 18,17                            3 = THUNDER
                        SNOW, ICE PELLETS, HAIL    4 = ICE PELLETS
                        TOTAL MONTH:    M          5 = HAIL
                        GRTST 24HR    M  ON   M    6 = FREEZING RAIN OR DRIZZLE
                        GRTST DEPTH:  M  ON   M    7 = DUSTSTORM OR SANDSTORM:
                                                       VSBY 1/2 MILE OR LESS
                                                   8 = SMOKE OR HAZE
[NO. OF DAYS WITH]      [WEATHER - DAYS WITH]      9 = BLOWING SNOW
                                                   X = TORNADO
MAX 32 OR BELOW:   0    0.01 INCH OR MORE:   0
MAX 90 OR ABOVE:   5    0.10 INCH OR MORE:   0
MIN 32 OR BELOW:   0    0.50 INCH OR MORE:   0
MIN  0 OR BELOW:   0    1.00 INCH OR MORE:   0

[HDD (BASE 65) ]
TOTAL THIS MO.    64    CLEAR  (SCALE 0-3)  17
DPTR FM NORMAL     M    PTCLDY (SCALE 4-7)   1
TOTAL FM JUL 1    65    CLOUDY (SCALE 8-10)  0
DPTR FM NORMAL     M

[CDD (BASE 65) ]
TOTAL THIS MO.   131
DPTR FM NORMAL     M    [PRESSURE DATA]
TOTAL FM JAN 1  2452    HIGHEST SLP M ON M
DPTR FM NORMAL     M    LOWEST  SLP M ON M

[REMARKS]
