000
CXUS54 KLZK 201130
CF6CXW
PRELIMINARY LOCAL CLIMATOLOGICAL DATA (WS FORM: F-6)

                                          STATION:   Conway Airport
                                          MONTH:     JANUARY
                                          YEAR:      2019
                                          LATITUDE:   35  1 N
                                          LONGITUDE:  92 33 W

  TEMPERATURE IN F:       :PCPN:    SNOW:  WIND      :SUNSHINE: SKY     :PK WND
================================================================================
1   2   3   4   5  6A  6B    7    8   9   10  11  12  13   14  15   16   17  18
                                     12Z  AVG MX 2MIN
DY MAX MIN AVG DEP HDD CDD  WTR  SNW DPTH SPD SPD DIR MIN PSBL S-S WX    SPD DR
================================================================================

 1  48  37  43   M  22   0    M    M    M  3.9  9 360   M    M  10 1       M  M
 2  41  39  40   M  25   0    M    M    M  2.6  6 150   M    M   8 1       M  M
 3  45  39  42   M  23   0    M    M    M  5.3 14  50   M    M  10 1      23  50
 4  52  39  46   M  19   0    M    M    M  6.8 14 270   M    M   7 1      17 270
 5  63  34  49   M  16   0    M    M    M  2.2  7 140   M    M   0         M  M
 6  66  37  52   M  13   0    M    M    M  4.7 17 180   M    M   0 1      23 180
 7  66  55  61   M   4   0    M    M    M 12.2 17 200   M    M   6 1      21 200
 8  68  43  56   M   9   0    M    M    M  5.6 14 300   M    M   4 12     13  99
 9  55  37  46   M  19   0    M    M    M  7.8 16 290   M    M   0        23 300
10  43  28  36   M  29   0    M    M    M  2.3  7  30   M    M   2         M  M
11  39  37  38   M  27   0    M    M    M  4.4 12  70   M    M  10 1       M  M
12  45  37  41   M  24   0    M    M    M  4.9 15 290   M    M  10 1      22 280
13  43  39  41   M  24   0    M    M    M  9.5 14 290   M    M  10        22 310
14  43  37  40   M  25   0    M    M    M  3.0  6 280   M    M  10 8       M  M
15  50  37  44   M  21   0    M    M    M  4.7  8 160   M    M   6        13 280
16  52  37  45   M  20   0    M    M    M  4.8 13 160   M    M  10 1       M  M
17  63  50  57   M   8   0    M    M    M  7.2 14 180   M    M  10 1      18 160
18  55  45  50   M  15   0    M    M    M  6.9 14 130   M    M  10 1      16 140
19  59  30  45   M  20   0    M    M    M 13.0 22 340   M    M  10 1      30 300
================================================================================
SM  996  737       363   0    M     M    111.8          M      133
================================================================================
AV 52.4 38.8                               5.9 FASTST   M    M   7    MAX(MPH)
                                 MISC ---->  # 22 340               # 30  300
================================================================================
NOTES:
# LAST OF SEVERAL OCCURRENCES

COLUMN 17 PEAK WIND IN M.P.H.

PRELIMINARY LOCAL CLIMATOLOGICAL DATA (WS FORM: F-6) , PAGE 2

                                          STATION:  Conway Airport
                                          MONTH:    JANUARY
                                          YEAR:     2019
                                          LATITUDE:   35  1 N
                                          LONGITUDE:  92 33 W

[TEMPERATURE DATA]      [PRECIPITATION DATA]       SYMBOLS USED IN COLUMN 16

AVERAGE MONTHLY: 45.6   TOTAL FOR MONTH:      M    1 = FOG OR MIST
DPTR FM NORMAL:     M   DPTR FM NORMAL:       M    2 = FOG REDUCING VISIBILITY
HIGHEST:    68 ON  8    GRTST 24HR    M  ON   M        TO 1/4 MILE OR LESS
LOWEST:     28 ON 10                               3 = THUNDER
                        SNOW, ICE PELLETS, HAIL    4 = ICE PELLETS
                        TOTAL MONTH:    M          5 = HAIL
                        GRTST 24HR    M  ON   M    6 = FREEZING RAIN OR DRIZZLE
                        GRTST DEPTH:  M  ON   M    7 = DUSTSTORM OR SANDSTORM:
                                                       VSBY 1/2 MILE OR LESS
                                                   8 = SMOKE OR HAZE
[NO. OF DAYS WITH]      [WEATHER - DAYS WITH]      9 = BLOWING SNOW
                                                   X = TORNADO
MAX 32 OR BELOW:   0    0.01 INCH OR MORE:   0
MAX 90 OR ABOVE:   0    0.10 INCH OR MORE:   0
MIN 32 OR BELOW:   2    0.50 INCH OR MORE:   0
MIN  0 OR BELOW:   0    1.00 INCH OR MORE:   0

[HDD (BASE 65) ]
TOTAL THIS MO.   363    CLEAR  (SCALE 0-3)   4
DPTR FM NORMAL     M    PTCLDY (SCALE 4-7)   4
TOTAL FM JUL 1  1635    CLOUDY (SCALE 8-10) 11
DPTR FM NORMAL     M

[CDD (BASE 65) ]
TOTAL THIS MO.     0
DPTR FM NORMAL     M    [PRESSURE DATA]
TOTAL FM JAN 1     0    HIGHEST SLP M ON M
DPTR FM NORMAL     M    LOWEST  SLP M ON M

[REMARKS]
