000
CXUS55 KCYS 251000
CF6CYS
PRELIMINARY LOCAL CLIMATOLOGICAL DATA (WS FORM: F-6)

                                          STATION:   CHEYENNE WYOMING AIRPORT
                                          MONTH:     FEBRUARY
                                          YEAR:      2020
                                          LATITUDE:   41  9 N
                                          LONGITUDE: 104 49 W

  TEMPERATURE IN F:       :PCPN:    SNOW:  WIND      :SUNSHINE: SKY     :PK WND
================================================================================
1   2   3   4   5  6A  6B    7    8   9   10  11  12  13   14  15   16   17  18
                                     12Z  AVG MX 2MIN
DY MAX MIN AVG DEP HDD CDD  WTR  SNW DPTH SPD SPD DIR MIN PSBL S-S WX    SPD DR
================================================================================

 1  53  37  45  17  20   0 0.00  0.0    0 23.4 39 280   M    M   0        49 280
 2  67  25  46  18  19   0 0.00  0.0    0 10.4 22  40   M    M   0        35  30
 3  26  10  18 -10  47   0 0.20  2.7    T 13.5 22  80   M    M  10 16     29  80
 4  13  -9   2 -26  63   0 0.08  0.8    3  6.6 16 220   M    M   7 18     24 220
 5  23  -5   9 -19  56   0    T    T    3 11.4 20 310   M    M   3 1      26 300
 6  31  17  24  -4  41   0 0.01  0.2    2 17.3 30 280   M    M   7 1      41 320
 7  31  20  26  -2  39   0 0.01  0.1    1  8.4 18 330   M    M   9 1      23 320
 8  46  23  35   7  30   0 0.02  0.4    1 14.7 30 300   M    M   4 1      42 300
 9  26  15  21  -7  44   0 0.01  0.1    1 12.5 26 360   M    M   8 1      37 360
10  27  14  21  -8  44   0 0.02  0.2    1 11.8 21 280   M    M   7 18     26 340
11  31   2  17 -12  48   0 0.00  0.0    1 14.1 25 280   M    M   2        33 270
12  29  13  21  -8  44   0 0.05  0.6    1 12.7 28 300   M    M   8 1      38 300
13  24  12  18 -11  47   0 0.14  2.5    3  8.0 20 210   M    M   6 1      23 210
14  48  15  32   3  33   0 0.00  0.0    1 12.3 24 270   M    M   1        34 250
15  36  20  28  -1  37   0 0.00  0.0    T 15.2 31 280   M    M   3        39 270
16  44  25  35   6  30   0 0.00  0.0    0 14.9 32 280   M    M   5        42 280
17  36  19  28  -2  37   0 0.00  0.0    0 18.4 32 310   M    M   1        43 290
18  33  12  23  -7  42   0 0.00  0.0    0  9.0 20 260   M    M   0        25 270
19  20  11  16 -14  49   0 0.03  0.5    T  8.3 17  20   M    M   9 128    23  40
20  36  -3  17 -13  48   0    T    T    T  9.4 17 210   M    M   1 1      20 210
21  54  14  34   4  31   0 0.00  0.0    T 11.1 29 270   M    M   0        32 270
22  54  25  40   9  25   0 0.00  0.0    0 19.5 36 280   M    M   0        45 280
23  41  27  34   3  31   0 0.00  0.0    0  7.7 22 230   M    M   5        30 220
24  38  21  30  -1  35   0 0.03  0.8    0 21.9 39 310   M    M   4 1      54 310
================================================================================
SM  867  360       940   0  0.60     8.9 312.5          M      100
================================================================================
AV 36.1 15.0                              13.0 FASTST   M    M   4    MAX(MPH)
                                 MISC ---->  # 39 280               # 54  310
================================================================================
NOTES:
# LAST OF SEVERAL OCCURRENCES

COLUMN 17 PEAK WIND IN M.P.H.

PRELIMINARY LOCAL CLIMATOLOGICAL DATA (WS FORM: F-6) , PAGE 2

                                          STATION:  CHEYENNE WYOMING AIRPORT
                                          MONTH:    FEBRUARY
                                          YEAR:     2020
                                          LATITUDE:   41  9 N
                                          LONGITUDE: 104 49 W

[TEMPERATURE DATA]      [PRECIPITATION DATA]       SYMBOLS USED IN COLUMN 16

AVERAGE MONTHLY: 25.6   TOTAL FOR MONTH:   0.60    1 = FOG OR MIST
DPTR FM NORMAL:  -3.5   DPTR FM NORMAL:    0.22    2 = FOG REDUCING VISIBILITY
HIGHEST:    67 ON  2    GRTST 24HR  0.20 ON  3- 3      TO 1/4 MILE OR LESS
LOWEST:     -9 ON  4                               3 = THUNDER
                        SNOW, ICE PELLETS, HAIL    4 = ICE PELLETS
                        TOTAL MONTH:   8.9 INCHES  5 = HAIL
                        GRTST 24HR   2.7 ON  3- 3  6 = FREEZING RAIN OR DRIZZLE
                        GRTST DEPTH:   3 ON 13, 5  7 = DUSTSTORM OR SANDSTORM:
                                                       VSBY 1/2 MILE OR LESS
                                                   8 = SMOKE OR HAZE
[NO. OF DAYS WITH]      [WEATHER - DAYS WITH]      9 = BLOWING SNOW
                                                   X = TORNADO
MAX 32 OR BELOW:  11    0.01 INCH OR MORE:  11
MAX 90 OR ABOVE:   0    0.10 INCH OR MORE:   2
MIN 32 OR BELOW:  23    0.50 INCH OR MORE:   0
MIN  0 OR BELOW:   3    1.00 INCH OR MORE:   0

[HDD (BASE 65) ]
TOTAL THIS MO.   940    CLEAR  (SCALE 0-3)  11
DPTR FM NORMAL    79    PTCLDY (SCALE 4-7)  10
TOTAL FM JUL 1  4813    CLOUDY (SCALE 8-10)  3
DPTR FM NORMAL   -75

[CDD (BASE 65) ]
TOTAL THIS MO.     0
DPTR FM NORMAL     0    [PRESSURE DATA]
TOTAL FM JAN 1     0    HIGHEST SLP M ON M
DPTR FM NORMAL     0    LOWEST  SLP 29.46 ON  2

[REMARKS]
