000
CXUS55 KCYS 231000
CF6CYS
PRELIMINARY LOCAL CLIMATOLOGICAL DATA (WS FORM: F-6)

                                          STATION:   CHEYENNE WYOMING AIRPORT
                                          MONTH:     OCTOBER
                                          YEAR:      2018
                                          LATITUDE:   41  9 N
                                          LONGITUDE: 104 49 W

  TEMPERATURE IN F:       :PCPN:    SNOW:  WIND      :SUNSHINE: SKY     :PK WND
================================================================================
1   2   3   4   5  6A  6B    7    8   9   10  11  12  13   14  15   16   17  18
                                     12Z  AVG MX 2MIN
DY MAX MIN AVG DEP HDD CDD  WTR  SNW DPTH SPD SPD DIR MIN PSBL S-S WX    SPD DR
================================================================================

 1  74  36  55   4  10   0 0.00  0.0    0  8.7 20 180   M    M   2 1      23 190
 2  77  48  63  12   2   0 0.00  0.0    0  9.0 17 190   M    M   0        23 180
 3  76  40  58   7   7   0 0.00  0.0    0 15.3 40 280   M    M   0        51 280
 4  55  37  46  -4  19   0 0.02  0.0    0 11.3 26 240   M    M   4 1      34 240
 5  63  31  47  -3  18   0 0.10  0.0    0 10.5 29 360   M    M   5 1      37 360
 6  50  32  41  -9  24   0 0.01  0.0    0 12.9 24 140   M    M   9 12     32 150
 7  42  33  38 -11  27   0 0.03  0.0    0  9.3 16 150   M    M   9 12     21 140
 8  35  31  33 -16  32   0 0.07    T    T  6.8 15  30   M    M  10 1      19  20
 9  36  29  33 -15  32   0    T    T    0  7.7 14  20   M    M  10 1      17  20
10  31  26  29 -19  36   0 0.07  0.6    T  5.0 12 190   M    M  10 1      16  30
11  44  29  37 -11  28   0 0.00  0.0    T 10.2 18 270   M    M   9 1      24 270
12  60  28  44  -4  21   0    T    T    0 11.9 26 270   M    M   1        33 280
13  61  20  41  -6  24   0 0.37  4.5    0 13.2 28  10   M    M   5 12     41  10
14  24  13  19 -28  46   0 0.02  0.3    4 12.7 22 360   M    M   7 1      31 360
15  40  11  26 -20  39   0 0.00  0.0    2 11.5 22 300   M    M   0        29 310
16  53  28  41  -5  24   0 0.00  0.0    T  7.3 14 310   M    M   0        19 320
17  55  27  41  -5  24   0 0.00  0.0    T 11.3 26 170   M    M   1        32 190
18  65  30  48   2  17   0    T  0.0    0  8.3 24 290   M    M   2        30 280
19  62  33  48   3  17   0 0.00  0.0    0 11.6 25 340   M    M   0        31 340
20  67  30  49   4  16   0 0.00  0.0    0  7.4 16 210   M    M   0        22 210
21  71  34  53   8  12   0 0.00  0.0    0  7.9 21 280   M    M   1        24 280
22  68  40  54  10  11   0 0.00  0.0    0  7.9 15  30   M    M   2        19  20
================================================================================
SM 1209  666       486   0  0.69     5.4 217.7          M       87
================================================================================
AV 55.0 30.3                               9.9 FASTST   M    M   4    MAX(MPH)
                                 MISC ---->  # 40 280               # 51  280
================================================================================
NOTES:
# LAST OF SEVERAL OCCURRENCES

COLUMN 17 PEAK WIND IN M.P.H.

PRELIMINARY LOCAL CLIMATOLOGICAL DATA (WS FORM: F-6) , PAGE 2

                                          STATION:  CHEYENNE WYOMING AIRPORT
                                          MONTH:    OCTOBER
                                          YEAR:     2018
                                          LATITUDE:   41  9 N
                                          LONGITUDE: 104 49 W

[TEMPERATURE DATA]      [PRECIPITATION DATA]       SYMBOLS USED IN COLUMN 16

AVERAGE MONTHLY: 42.6   TOTAL FOR MONTH:   0.69    1 = FOG OR MIST
DPTR FM NORMAL:  -5.1   DPTR FM NORMAL:   -0.03    2 = FOG REDUCING VISIBILITY
HIGHEST:    77 ON  2    GRTST 24HR  0.37 ON 13-13      TO 1/4 MILE OR LESS
LOWEST:     11 ON 15                               3 = THUNDER
                        SNOW, ICE PELLETS, HAIL    4 = ICE PELLETS
                        TOTAL MONTH:   5.4 INCHES  5 = HAIL
                        GRTST 24HR   4.5 ON 13-13  6 = FREEZING RAIN OR DRIZZLE
                        GRTST DEPTH:   4 ON 14     7 = DUSTSTORM OR SANDSTORM:
                                                       VSBY 1/2 MILE OR LESS
                                                   8 = SMOKE OR HAZE
[NO. OF DAYS WITH]      [WEATHER - DAYS WITH]      9 = BLOWING SNOW
                                                   X = TORNADO
MAX 32 OR BELOW:   2    0.01 INCH OR MORE:   8
MAX 90 OR ABOVE:   0    0.10 INCH OR MORE:   2
MIN 32 OR BELOW:  14    0.50 INCH OR MORE:   0
MIN  0 OR BELOW:   0    1.00 INCH OR MORE:   0

[HDD (BASE 65) ]
TOTAL THIS MO.   486    CLEAR  (SCALE 0-3)  12
DPTR FM NORMAL   105    PTCLDY (SCALE 4-7)   4
TOTAL FM JUL 1   656    CLOUDY (SCALE 8-10)  6
DPTR FM NORMAL    -6

[CDD (BASE 65) ]
TOTAL THIS MO.     0
DPTR FM NORMAL     0    [PRESSURE DATA]
TOTAL FM JAN 1   430    HIGHEST SLP M ON M
DPTR FM NORMAL    82    LOWEST  SLP 29.54 ON  3

[REMARKS]
