000
CXUS54 KEWX 241010
CF6CZT
PRELIMINARY LOCAL CLIMATOLOGICAL DATA (WS FORM: F-6)

                                          STATION:   Carrizo Springs
                                          MONTH:     MAY
                                          YEAR:      2020
                                          LATITUDE:   28 31 N
                                          LONGITUDE:  99 49 W

  TEMPERATURE IN F:       :PCPN:    SNOW:  WIND      :SUNSHINE: SKY     :PK WND
================================================================================
1   2   3   4   5  6A  6B    7    8   9   10  11  12  13   14  15   16   17  18
                                     12Z  AVG MX 2MIN
DY MAX MIN AVG DEP HDD CDD  WTR  SNW DPTH SPD SPD DIR MIN PSBL S-S WX    SPD DR
================================================================================

 1  97  59  78   M   0  13 0.00    M    M 10.1 17 190   M    M   0        23 180
 2 100  64  82   M   0  17 0.00    M    M  8.0 14 140   M    M   2        25 150
 3 100  72  86   M   0  21 0.00    M    M  8.3 15 140   M    M   2        21 160
 4 100  68  84   M   0  19 0.00    M    M  8.0 14 120   M    M   1        20 130
 5  93  72  83   M   0  18 0.00    M    M  8.0 13 100   M    M   4        22  40
 6  84  64  74   M   0   9 0.31    M    M  6.4 10  80   M    M   9        17  80
 7  95  66  81   M   0  16 0.00    M    M  9.4 20 170   M    M   4        27 180
 8  91  68  80   M   0  15 0.00    M    M 10.6 17  20   M    M   2        25 170
 9  81  63  72   M   0   7 0.00    M    M  5.7 12 110   M    M   1        16 110
10  86  59  73   M   0   8 0.00    M    M  6.4 10 130   M    M   4        17 100
11  88  64  76   M   0  11 0.00    M    M 10.1 16 120   M    M   7        27 140
12  91  64  78   M   0  13 0.21    M    M  6.6 13 170   M    M   6 3      17 180
13  90  70  80   M   0  15 0.00    M    M  8.2 16 130   M    M   5        23 130
14  95  70  83   M   0  18 0.00    M    M  9.3 18 150   M    M   3        25 150
15  93  64  79   M   0  14 0.06    M    M  8.8 18  20   M    M   8 3      35  20
16  88  63  76   M   0  11 0.00    M    M  3.6 10 100   M    M   1        16  80
17  91  66  79   M   0  14 0.00    M    M  3.9  8 120   M    M   0         M  M
18  99  68  84   M   0  19 0.00    M    M  7.0 13 130   M    M   0        17 130
19 104  68  86   M   0  21 0.00    M    M  6.6 10 150   M    M   0        17 180
20 100  72  86   M   0  21 0.00    M    M  7.0 13 140   M    M   3 3      24 340
21  95  66  81   M   0  16 0.20    M    M  8.2 14 160   M    M   2 3      21 110
22  97  75  86   M   0  21 0.00    M    M  8.7 13 160   M    M   4        21 140
23  97  70  84   M   0  19 0.13    M    M 11.9 20 150   M    M   5 3      27 150
================================================================================
SM 2155 1535         0 356  0.91    M    180.8          M       73
================================================================================
AV 93.7 66.7                               7.9 FASTST   M    M   3    MAX(MPH)
                                 MISC ---->  # 20 170               # 35   20
================================================================================
NOTES:
# LAST OF SEVERAL OCCURRENCES

COLUMN 17 PEAK WIND IN M.P.H.

PRELIMINARY LOCAL CLIMATOLOGICAL DATA (WS FORM: F-6) , PAGE 2

                                          STATION:  Carrizo Springs
                                          MONTH:    MAY
                                          YEAR:     2020
                                          LATITUDE:   28 31 N
                                          LONGITUDE:  99 49 W

[TEMPERATURE DATA]      [PRECIPITATION DATA]       SYMBOLS USED IN COLUMN 16

AVERAGE MONTHLY: 80.2   TOTAL FOR MONTH:   0.91    1 = FOG OR MIST
DPTR FM NORMAL:     M   DPTR FM NORMAL:       M    2 = FOG REDUCING VISIBILITY
HIGHEST:   104 ON 19    GRTST 24HR  0.31 ON  6- 6      TO 1/4 MILE OR LESS
LOWEST:     59 ON 10, 1                            3 = THUNDER
                        SNOW, ICE PELLETS, HAIL    4 = ICE PELLETS
                        TOTAL MONTH:    M          5 = HAIL
                        GRTST 24HR    M  ON   M    6 = FREEZING RAIN OR DRIZZLE
                        GRTST DEPTH:  M  ON   M    7 = DUSTSTORM OR SANDSTORM:
                                                       VSBY 1/2 MILE OR LESS
                                                   8 = SMOKE OR HAZE
[NO. OF DAYS WITH]      [WEATHER - DAYS WITH]      9 = BLOWING SNOW
                                                   X = TORNADO
MAX 32 OR BELOW:   0    0.01 INCH OR MORE:   5
MAX 90 OR ABOVE:  18    0.10 INCH OR MORE:   4
MIN 32 OR BELOW:   0    0.50 INCH OR MORE:   0
MIN  0 OR BELOW:   0    1.00 INCH OR MORE:   0

[HDD (BASE 65) ]
TOTAL THIS MO.     0    CLEAR  (SCALE 0-3)  13
DPTR FM NORMAL     M    PTCLDY (SCALE 4-7)   9
TOTAL FM JUL 1  1063    CLOUDY (SCALE 8-10)  1
DPTR FM NORMAL     M

[CDD (BASE 65) ]
TOTAL THIS MO.   356
DPTR FM NORMAL     M    [PRESSURE DATA]
TOTAL FM JAN 1   890    HIGHEST SLP M ON M
DPTR FM NORMAL     M    LOWEST  SLP M ON M

[REMARKS]
