000
CXUS56 KSGX 211245
CF6CZZ
PRELIMINARY LOCAL CLIMATOLOGICAL DATA (WS FORM: F-6)

                                          STATION:   CAMPO ASOS CA
                                          MONTH:     FEBRUARY
                                          YEAR:      2020
                                          LATITUDE:   32 37 N
                                          LONGITUDE: 116 28 W

  TEMPERATURE IN F:       :PCPN:    SNOW:  WIND      :SUNSHINE: SKY     :PK WND
================================================================================
1   2   3   4   5  6A  6B    7    8   9   10  11  12  13   14  15   16   17  18
                                     12Z  AVG MX 2MIN
DY MAX MIN AVG DEP HDD CDD  WTR  SNW DPTH SPD SPD DIR MIN PSBL S-S WX    SPD DR
================================================================================

 1  72  42  57   8   8   0 0.00  0.0    0 12.1 28  40   M    M   0        34  40
 2  72  37  55   6  10   0 0.00  0.0    0  8.0 20 230   M    M   0        25 220
 3  52  39  46  -3  19   0 0.02    M    0 10.7 22  60   M    M   0        27  50
 4  49  24  37 -12  28   0 0.00  0.0    0 15.0 31  50   M    M   0        39  60
 5  57  23  40  -9  25   0 0.00  0.0    0  7.1 18 210   M    M   0        21 210
 6  63  27  45  -4  20   0 0.00  0.0    0  6.9 17 220   M    M   0        21 210
 7  74  28  51   2  14   0 0.00  0.0    0  6.4 16 210   M    M   0        20 220
 8  72  30  51   2  14   0 0.00  0.0    0  8.0 18 220   M    M   0        23 230
 9  51  30  41  -8  24   0 0.23    M    0  6.3 24 190   M    M   0        28 200
10  49  39  44  -5  21   0 0.29    M    0  7.1 25  50   M    M   0        31  40
11  57  29  43  -6  22   0 0.00  0.0    0  9.9 24  40   M    M   0        30  40
12  61  27  44  -5  21   0 0.00  0.0    0  7.6 18 230   M    M   0        22 230
13  66  29  48  -1  17   0 0.00  0.0    0  5.9 17  70   M    M   0        19  70
14  67  28  48  -1  17   0 0.00  0.0    0  6.5 18 230   M    M   0        24 220
15  68  26  47  -2  18   0 0.00  0.0    0  6.6 16 220   M    M   0        29 250
16  71  30  51   2  14   0 0.00  0.0    M  8.0 21 220   M    M   0        23 220
17  72  33  53   3  12   0 0.00  0.0    0  5.0 13 190   M    M   0         M  M
18  73  36  55   5  10   0 0.00  0.0    M  8.5 23  60   M    M   0        28  50
19  69  35  52   2  13   0 0.00  0.0    0  7.7 18 210   M    M   0        23 220
20  70  36  53   3  12   0 0.00  0.0    0  9.6 23  70   M    M   0        27  70
================================================================================
SM 1285  628       339   0  0.54     0.0 162.9          M        0
================================================================================
AV 64.3 31.4                               8.1 FASTST   M    M   0    MAX(MPH)
                                 MISC ---->  # 31  50               # 39   60
================================================================================
NOTES:
# LAST OF SEVERAL OCCURRENCES

COLUMN 17 PEAK WIND IN M.P.H.

PRELIMINARY LOCAL CLIMATOLOGICAL DATA (WS FORM: F-6) , PAGE 2

                                          STATION:  CAMPO ASOS CA
                                          MONTH:    FEBRUARY
                                          YEAR:     2020
                                          LATITUDE:   32 37 N
                                          LONGITUDE: 116 28 W

[TEMPERATURE DATA]      [PRECIPITATION DATA]       SYMBOLS USED IN COLUMN 16

AVERAGE MONTHLY: 47.8   TOTAL FOR MONTH:   0.54    1 = FOG OR MIST
DPTR FM NORMAL:  -1.4   DPTR FM NORMAL:   -1.73    2 = FOG REDUCING VISIBILITY
HIGHEST:    74 ON  7    GRTST 24HR  0.29 ON 10-10      TO 1/4 MILE OR LESS
LOWEST:     23 ON  5                               3 = THUNDER
                        SNOW, ICE PELLETS, HAIL    4 = ICE PELLETS
                        TOTAL MONTH:   0.0 INCH    5 = HAIL
                        GRTST 24HR     0.0         6 = FREEZING RAIN OR DRIZZLE
                        GRTST DEPTH:   0           7 = DUSTSTORM OR SANDSTORM:
                                                       VSBY 1/2 MILE OR LESS
                                                   8 = SMOKE OR HAZE
[NO. OF DAYS WITH]      [WEATHER - DAYS WITH]      9 = BLOWING SNOW
                                                   X = TORNADO
MAX 32 OR BELOW:   0    0.01 INCH OR MORE:   3
MAX 90 OR ABOVE:   0    0.10 INCH OR MORE:   2
MIN 32 OR BELOW:  12    0.50 INCH OR MORE:   0
MIN  0 OR BELOW:   0    1.00 INCH OR MORE:   0

[HDD (BASE 65) ]
TOTAL THIS MO.   339    CLEAR  (SCALE 0-3)  20
DPTR FM NORMAL    23    PTCLDY (SCALE 4-7)   0
TOTAL FM JUL 1  1842    CLOUDY (SCALE 8-10)  0
DPTR FM NORMAL   -90

[CDD (BASE 65) ]
TOTAL THIS MO.     0
DPTR FM NORMAL     0    [PRESSURE DATA]
TOTAL FM JAN 1     0    HIGHEST SLP M ON M
DPTR FM NORMAL     0    LOWEST  SLP 29.66 ON 10

[REMARKS]
