536
CXUS56 KSGX 241445
CF6CZZ
PRELIMINARY LOCAL CLIMATOLOGICAL DATA (WS FORM: F-6)

                                          STATION:   CAMPO ASOS CA
                                          MONTH:     JUNE
                                          YEAR:      2018
                                          LATITUDE:   32 37 N
                                          LONGITUDE: 116 28 W

  TEMPERATURE IN F:       :PCPN:    SNOW:  WIND      :SUNSHINE: SKY     :PK WND
================================================================================
1   2   3   4   5  6A  6B    7    8   9   10  11  12  13   14  15   16   17  18
                                     12Z  AVG MX 2MIN
DY MAX MIN AVG DEP HDD CDD  WTR  SNW DPTH SPD SPD DIR MIN PSBL S-S WX    SPD DR
================================================================================

 1  83  39  61  -2   4   0 0.00  0.0    0  7.8 22 220   M    M   0        26 210
 2  88  42  65   2   0   0 0.00  0.0    0  8.1 23 210   M    M   0        26 200
 3  96  46  71   8   0   6 0.00  0.0    0  8.9 24 210   M    M   0        29 210
 4  90  49  70   6   0   5 0.00  0.0    0  9.2 23 210   M    M   0        29 220
 5  84  46  65   1   0   0 0.00  0.0    0  9.8 23 210   M    M   0        27 210
 6  82  44  63  -1   2   0 0.00  0.0    0  9.1 22 210   M    M   0        27 220
 7  83  41  62  -2   3   0 0.00  0.0    0  8.5 21 220   M    M   0        25 220
 8  91  42  67   3   0   2 0.00  0.0    0  8.2 21 210   M    M   0        25 210
 9  89  43  66   2   0   1 0.00  0.0    0  7.8 23 240   M    M   0        29 230
10  85  42  64  -1   1   0 0.00  0.0    0  9.2 22 210   M    M   0        26 240
11  92  45  69   4   0   4 0.00  0.0    0  7.7 18 210   M    M   0        23 210
12  93  49  71   6   0   6 0.00  0.0    0  8.1 18 210   M    M   0        23 220
13  95  50  73   8   0   8 0.00  0.0    0  8.2 20 230   M    M   0        26 220
14  94  52  73   7   0   8 0.00  0.0    0  7.8 24 220   M    M   0        31 210
15  89  59  74   8   0   9 0.00  0.0    0  5.8 18 210   M    M   0        23 220
16  70  52  61  -5   4   0 0.00  0.0    0  7.9 18 220   M    M   0        23 220
17  70  45  58  -8   7   0 0.00  0.0    0 10.1 23 220   M    M   0        28 220
18  78  41  60  -7   5   0 0.00  0.0    0  7.4 22 220   M    M   0        31 290
19  82  39  61  -6   4   0 0.00  0.0    0  9.3 23 210   M    M   0        27 210
20 100  48  74   7   0   9 0.00  0.0    0  9.1 23 210   M    M   0        27  50
21  93  54  74   6   0   9 0.00  0.0    0  9.7 22 220   M    M   0        25 210
22  97  51  74   6   0   9 0.00  0.0    0  8.9 22 210   M    M   0        27 210
23  86  50  68   0   0   3 0.00  0.0    0  7.3 18 210   M    M   0        21 210
================================================================================
SM 2010 1069        30  79  0.00     0.0 193.9          M        0
================================================================================
AV 87.4 46.5                               8.4 FASTST   M    M   0    MAX(MPH)
                                 MISC ---->  # 24 210               # 31  210
================================================================================
NOTES:
# LAST OF SEVERAL OCCURRENCES

COLUMN 17 PEAK WIND IN M.P.H.

PRELIMINARY LOCAL CLIMATOLOGICAL DATA (WS FORM: F-6) , PAGE 2

                                          STATION:  CAMPO ASOS CA
                                          MONTH:    JUNE
                                          YEAR:     2018
                                          LATITUDE:   32 37 N
                                          LONGITUDE: 116 28 W

[TEMPERATURE DATA]      [PRECIPITATION DATA]       SYMBOLS USED IN COLUMN 16

AVERAGE MONTHLY: 66.9   TOTAL FOR MONTH:   0.00    1 = FOG OR MIST
DPTR FM NORMAL:   1.6   DPTR FM NORMAL:   -0.08    2 = FOG REDUCING VISIBILITY
HIGHEST:   100 ON 20    GRTST 24HR  0.00 ON 23-23      TO 1/4 MILE OR LESS
LOWEST:     39 ON 19, 1                            3 = THUNDER
                        SNOW, ICE PELLETS, HAIL    4 = ICE PELLETS
                        TOTAL MONTH:   0.0 INCH    5 = HAIL
                        GRTST 24HR     0.0         6 = FREEZING RAIN OR DRIZZLE
                        GRTST DEPTH:   0           7 = DUSTSTORM OR SANDSTORM:
                                                       VSBY 1/2 MILE OR LESS
                                                   8 = SMOKE OR HAZE
[NO. OF DAYS WITH]      [WEATHER - DAYS WITH]      9 = BLOWING SNOW
                                                   X = TORNADO
MAX 32 OR BELOW:   0    0.01 INCH OR MORE:   0
MAX 90 OR ABOVE:  10    0.10 INCH OR MORE:   0
MIN 32 OR BELOW:   0    0.50 INCH OR MORE:   0
MIN  0 OR BELOW:   0    1.00 INCH OR MORE:   0

[HDD (BASE 65) ]
TOTAL THIS MO.    30    CLEAR  (SCALE 0-3)  23
DPTR FM NORMAL   -18    PTCLDY (SCALE 4-7)   0
TOTAL FM JUL 1  2498    CLOUDY (SCALE 8-10)  0
DPTR FM NORMAL  -477

[CDD (BASE 65) ]
TOTAL THIS MO.    79
DPTR FM NORMAL    20    [PRESSURE DATA]
TOTAL FM JAN 1    92    HIGHEST SLP M ON M
DPTR FM NORMAL     3    LOWEST  SLP 29.65 ON 15

[REMARKS]
