000
CXUS56 KSGX 201245
CF6CZZ
PRELIMINARY LOCAL CLIMATOLOGICAL DATA (WS FORM: F-6)

                                          STATION:   CAMPO ASOS CA
                                          MONTH:     OCTOBER
                                          YEAR:      2020
                                          LATITUDE:   32 37 N
                                          LONGITUDE: 116 28 W

  TEMPERATURE IN F:       :PCPN:    SNOW:  WIND      :SUNSHINE: SKY     :PK WND
================================================================================
1   2   3   4   5  6A  6B    7    8   9   10  11  12  13   14  15   16   17  18
                                     12Z  AVG MX 2MIN
DY MAX MIN AVG DEP HDD CDD  WTR  SNW DPTH SPD SPD DIR MIN PSBL S-S WX    SPD DR
================================================================================

 1 101  53  77  12   0  12 0.00  0.0    0  7.8 18 280   M    M   0        24 250
 2 100  51  76  12   0  11 0.00  0.0    0  7.0 16 240   M    M   0        20 230
 3 100  49  75  11   0  10 0.00  0.0    0  7.3 17 250   M    M   0        26 230
 4  94  48  71   7   0   6 0.00  0.0    0  6.4 16 230   M    M   0        20 230
 5  94  48  71   7   0   6 0.00  0.0    0  7.4 16 270   M    M   0        24 240
 6  91  49  70   7   0   5 0.00  0.0    0  7.8 23 220   M    M   0        27 240
 7  89  50  70   7   0   5 0.00  0.0    0  6.9 16 210   M    M   0        21 230
 8  79  45  62  -1   3   0 0.00  0.0    0  7.1 17 230   M    M   0        22 230
 9  78  42  60  -2   5   0 0.00  0.0    0  7.1 20 220   M    M   0        23 220
10  78  45  62   0   3   0 0.00  0.0    0  6.8 21 200   M    M   0        27 210
11  83  45  64   2   1   0 0.00  0.0    0  5.3 16 210   M    M   0        20 250
12  93  44  69   7   0   4 0.00  0.0    0  7.6 24  70   M    M   0        32  70
13  96  48  72  11   0   7 0.00  0.0    0  7.4 16 290   M    M   0        22 290
14  98  49  74  13   0   9 0.00  0.0    0  6.6 18 210   M    M   0        24 220
15  98  52  75  14   0  10 0.00  0.0    0  6.9 22 240   M    M   0        29 180
16  93  52  73  12   0   8 0.00  0.0    0  9.0 24  60   M    M   0        29  60
17  93  49  71  11   0   6 0.00  0.0    0  7.1 18 230   M    M   0        27 280
18  90  45  68   8   0   3 0.00  0.0    0  8.3 18 270   M    M   0        25 260
19  89  43  66   6   0   1 0.00  0.0    0  7.4 20 210   M    M   0        23 220
================================================================================
SM 1737  907        12 103  0.00     0.0 137.2          M        0
================================================================================
AV 91.4 47.7                               7.2 FASTST   M    M   0    MAX(MPH)
                                 MISC ---->  # 24  70               # 32   70
================================================================================
NOTES:
# LAST OF SEVERAL OCCURRENCES

COLUMN 17 PEAK WIND IN M.P.H.

PRELIMINARY LOCAL CLIMATOLOGICAL DATA (WS FORM: F-6) , PAGE 2

                                          STATION:  CAMPO ASOS CA
                                          MONTH:    OCTOBER
                                          YEAR:     2020
                                          LATITUDE:   32 37 N
                                          LONGITUDE: 116 28 W

[TEMPERATURE DATA]      [PRECIPITATION DATA]       SYMBOLS USED IN COLUMN 16

AVERAGE MONTHLY: 69.6   TOTAL FOR MONTH:   0.00    1 = FOG OR MIST
DPTR FM NORMAL:   7.4   DPTR FM NORMAL:   -0.45    2 = FOG REDUCING VISIBILITY
HIGHEST:   101 ON  1    GRTST 24HR  0.00 ON 19-19      TO 1/4 MILE OR LESS
LOWEST:     42 ON  9                               3 = THUNDER
                        SNOW, ICE PELLETS, HAIL    4 = ICE PELLETS
                        TOTAL MONTH:   0.0 INCH    5 = HAIL
                        GRTST 24HR     0.0         6 = FREEZING RAIN OR DRIZZLE
                        GRTST DEPTH:   0           7 = DUSTSTORM OR SANDSTORM:
                                                       VSBY 1/2 MILE OR LESS
                                                   8 = SMOKE OR HAZE
[NO. OF DAYS WITH]      [WEATHER - DAYS WITH]      9 = BLOWING SNOW
                                                   X = TORNADO
MAX 32 OR BELOW:   0    0.01 INCH OR MORE:   0
MAX 90 OR ABOVE:  13    0.10 INCH OR MORE:   0
MIN 32 OR BELOW:   0    0.50 INCH OR MORE:   0
MIN  0 OR BELOW:   0    1.00 INCH OR MORE:   0

[HDD (BASE 65) ]
TOTAL THIS MO.    12    CLEAR  (SCALE 0-3)  19
DPTR FM NORMAL   -66    PTCLDY (SCALE 4-7)   0
TOTAL FM JUL 1    15    CLOUDY (SCALE 8-10)  0
DPTR FM NORMAL  -113

[CDD (BASE 65) ]
TOTAL THIS MO.   103
DPTR FM NORMAL    77    [PRESSURE DATA]
TOTAL FM JAN 1  1105    HIGHEST SLP M ON M
DPTR FM NORMAL   268    LOWEST  SLP 29.79 ON  3

[REMARKS]
