000
CXUS52 KMLB 260642
CF6DAB
PRELIMINARY LOCAL CLIMATOLOGICAL DATA (WS FORM: F-6)

                                          STATION:   DAYTONA BEACH
                                          MONTH:     MAY
                                          YEAR:      2018
                                          LATITUDE:   29 10 N
                                          LONGITUDE:  81  3 W

  TEMPERATURE IN F:       :PCPN:    SNOW:  WIND      :SUNSHINE: SKY     :PK WND
================================================================================
1   2   3   4   5  6A  6B    7    8   9   10  11  12  13   14  15   16   17  18
                                     12Z  AVG MX 2MIN
DY MAX MIN AVG DEP HDD CDD  WTR  SNW DPTH SPD SPD DIR MIN PSBL S-S WX    SPD DR
================================================================================

 1  80  60  70  -2   0   5 0.00  0.0    0  8.6 18  70   M    M   3 18     25  70
 2  79  66  73   1   0   8 0.00  0.0    0  9.5 18  70   M    M   4 8      23  70
 3  79  69  74   2   0   9 0.00  0.0    0  8.2 17  70   M    M   5        26  70
 4  81  62  72   0   0   7 0.00  0.0    0  7.1 16  60   M    M   3 1      20  80
 5  82  64  73   0   0   8    T  0.0    0  9.4 21  50   M    M   7 1      24  50
 6  73  68  71  -2   0   6 0.68  0.0    0  2.3 10 280   M    M   8 1      16 330
 7  84  65  75   2   0  10 0.00  0.0    0  9.2 20  30   M    M   3 1      24  30
 8  80  61  71  -2   0   6 0.00  0.0    0  8.1 16  20   M    M   2         M  M
 9  81  60  71  -3   0   6 0.00  0.0    0  7.6 14  30   M    M   2 1      18  30
10  82  62  72  -2   0   7 0.00  0.0    0  3.5 10  70   M    M   5 1      14  70
11  90  64  77   3   0  12 0.00  0.0    0  6.3 16  30   M    M   6        19  30
12  80  66  73  -1   0   8 0.00  0.0    0  3.2  7  90   M    M   8 1      10 180
13  82  68  75   1   0  10 0.01  0.0    0  6.2 15  70   M    M   9        20  50
14  74  70  72  -3   0   7 1.74  0.0    0  4.9 15  80   M    M  10 1      23  90
15  80  66  73  -2   0   8 0.70  0.0    0  6.0 14  70   M    M   8 13     21 110
16  85  67  76   1   0  11 0.71  0.0    0  6.2 17 200   M    M   7 13     24 190
17  85  71  78   3   0  13 0.01  0.0    0  7.4 17 220   M    M   8 13     23 170
18  84  71  78   2   0  13 0.93  0.0    0  5.6 16  70   M    M   8 13     19  70
19  82  70  76   0   0  11 0.72  0.0    0  3.5 10 150   M    M   9 13     15 140
20  77  69  73  -3   0   8 0.49  0.0    0  3.8 12 160   M    M  10 1      19 160
21  78  70  74  -2   0   9 1.97  0.0    0  3.2 17 160   M    M   9 1      27 170
22  80  72  76  -1   0  11 0.35  0.0    0  4.0 13 150   M    M   9 13     17 160
23  84  68  76  -1   0  11 0.00  0.0    0  4.4 14  80   M    M   3 1      18  70
24  86  71  79   2   0  14 0.00  0.0    0  4.5 14  80   M    M   4 1      18  80
25  84  71  78   1   0  13    T  0.0    0  4.9 16  70   M    M   6 13     22 140
================================================================================
SM 2032 1671         0 231  8.31     0.0 147.6          M      156
================================================================================
AV 81.3 66.8                               5.9 FASTST   M    M   6    MAX(MPH)
                                 MISC ---->  # 21  50               # 27  170
================================================================================
NOTES:
# LAST OF SEVERAL OCCURRENCES

COLUMN 17 PEAK WIND IN M.P.H.

PRELIMINARY LOCAL CLIMATOLOGICAL DATA (WS FORM: F-6) , PAGE 2

                                          STATION:  DAYTONA BEACH
                                          MONTH:    MAY
                                          YEAR:     2018
                                          LATITUDE:   29 10 N
                                          LONGITUDE:  81  3 W

[TEMPERATURE DATA]      [PRECIPITATION DATA]       SYMBOLS USED IN COLUMN 16

AVERAGE MONTHLY: 74.1   TOTAL FOR MONTH:   8.31    1 = FOG OR MIST
DPTR FM NORMAL:  -0.4   DPTR FM NORMAL:    6.09    2 = FOG REDUCING VISIBILITY
HIGHEST:    90 ON 11    GRTST 24HR  1.97 ON 21-21      TO 1/4 MILE OR LESS
LOWEST:     60 ON  9, 1                            3 = THUNDER
                        SNOW, ICE PELLETS, HAIL    4 = ICE PELLETS
                        TOTAL MONTH:   0.0 INCH    5 = HAIL
                        GRTST 24HR     0.0         6 = FREEZING RAIN OR DRIZZLE
                        GRTST DEPTH:   0           7 = DUSTSTORM OR SANDSTORM:
                                                       VSBY 1/2 MILE OR LESS
                                                   8 = SMOKE OR HAZE
[NO. OF DAYS WITH]      [WEATHER - DAYS WITH]      9 = BLOWING SNOW
                                                   X = TORNADO
MAX 32 OR BELOW:   0    0.01 INCH OR MORE:  11
MAX 90 OR ABOVE:   1    0.10 INCH OR MORE:   9
MIN 32 OR BELOW:   0    0.50 INCH OR MORE:   7
MIN  0 OR BELOW:   0    1.00 INCH OR MORE:   2

[HDD (BASE 65) ]
TOTAL THIS MO.     0    CLEAR  (SCALE 0-3)   6
DPTR FM NORMAL     0    PTCLDY (SCALE 4-7)  13
TOTAL FM JUL 1   645    CLOUDY (SCALE 8-10)  6
DPTR FM NORMAL  -162

[CDD (BASE 65) ]
TOTAL THIS MO.   231
DPTR FM NORMAL    -6    [PRESSURE DATA]
TOTAL FM JAN 1   631    HIGHEST SLP M ON M
DPTR FM NORMAL   107    LOWEST  SLP 29.88 ON 16

[REMARKS]
