877
CXUS52 KMLB 190628
CF6DAB
PRELIMINARY LOCAL CLIMATOLOGICAL DATA (WS FORM: F-6)

                                          STATION:   DAYTONA BEACH
                                          MONTH:     JANUARY
                                          YEAR:      2019
                                          LATITUDE:   29 10 N
                                          LONGITUDE:  81  3 W

  TEMPERATURE IN F:       :PCPN:    SNOW:  WIND      :SUNSHINE: SKY     :PK WND
================================================================================
1   2   3   4   5  6A  6B    7    8   9   10  11  12  13   14  15   16   17  18
                                     12Z  AVG MX 2MIN
DY MAX MIN AVG DEP HDD CDD  WTR  SNW DPTH SPD SPD DIR MIN PSBL S-S WX    SPD DR
================================================================================

 1  83  65  74  16   0   9 0.00  0.0    0  3.7 12 240   M    M   5 1      15 250
 2  81  63  72  14   0   7 0.00  0.0    0  2.6 10 120   M    M   5 12     16 110
 3  82  63  73  15   0   8 0.00  0.0    0  4.7 14 250   M    M   6 1      19 200
 4  82  62  72  14   0   7 0.43  0.0    0  9.4 36 270   M    M   7 1      45 270
 5  66  49  58   0   7   0 0.00  0.0    0  9.3 21 260   M    M   3        25 250
 6  69  44  57  -1   8   0 0.00  0.0    0  3.1 12  50   M    M   0 1      17  40
 7  76  50  63   5   2   0 0.00  0.0    0  2.4 13  50   M    M   1 1      16  60
 8  78  56  67   9   0   2 0.00  0.0    0  3.8 12 250   M    M   5 1      15 280
 9  70  48  59   1   6   0 0.00  0.0    0  7.6 15 310   M    M   4        21 290
10  57  39  48 -10  17   0 0.00  0.0    0  8.4 18  10   M    M   2        22  30
11  69  43  56  -2   9   0 0.00  0.0    0  8.6 17  40   M    M   3        22  50
12  73  60  67   9   0   2 0.00  0.0    0  5.9 15  80   M    M   6 1      22  80
13  81  58  70  12   0   5 0.00  0.0    0  7.3 18 260   M    M   4 1      22 250
14  64  53  59   1   6   0 0.00  0.0    0  9.2 15  20   M    M   7        20 360
15  57  48  53  -5  12   0 0.00  0.0    0  7.8 16  10   M    M   7        19  10
16  60  43  52  -6  13   0 0.00  0.0    0  6.7 15  20   M    M   3 1      17  20
17  68  40  54  -4  11   0 0.00  0.0    0  3.3 12  20   M    M   2 1      14  40
18  71  49  60   2   5   0 0.00  0.0    0  3.2 10  70   M    M   6        12  80
================================================================================
SM 1287  933        96  40  0.43     0.0 107.0          M       76
================================================================================
AV 71.5 51.8                               5.9 FASTST   M    M   4    MAX(MPH)
                                 MISC ---->  # 36 270               # 45  270
================================================================================
NOTES:
# LAST OF SEVERAL OCCURRENCES

COLUMN 17 PEAK WIND IN M.P.H.

PRELIMINARY LOCAL CLIMATOLOGICAL DATA (WS FORM: F-6) , PAGE 2

                                          STATION:  DAYTONA BEACH
                                          MONTH:    JANUARY
                                          YEAR:     2019
                                          LATITUDE:   29 10 N
                                          LONGITUDE:  81  3 W

[TEMPERATURE DATA]      [PRECIPITATION DATA]       SYMBOLS USED IN COLUMN 16

AVERAGE MONTHLY: 61.7   TOTAL FOR MONTH:   0.43    1 = FOG OR MIST
DPTR FM NORMAL:   3.7   DPTR FM NORMAL:   -1.13    2 = FOG REDUCING VISIBILITY
HIGHEST:    83 ON  1    GRTST 24HR  0.43 ON  4- 4      TO 1/4 MILE OR LESS
LOWEST:     39 ON 10                               3 = THUNDER
                        SNOW, ICE PELLETS, HAIL    4 = ICE PELLETS
                        TOTAL MONTH:   0.0 INCH    5 = HAIL
                        GRTST 24HR     0.0         6 = FREEZING RAIN OR DRIZZLE
                        GRTST DEPTH:   0           7 = DUSTSTORM OR SANDSTORM:
                                                       VSBY 1/2 MILE OR LESS
                                                   8 = SMOKE OR HAZE
[NO. OF DAYS WITH]      [WEATHER - DAYS WITH]      9 = BLOWING SNOW
                                                   X = TORNADO
MAX 32 OR BELOW:   0    0.01 INCH OR MORE:   1
MAX 90 OR ABOVE:   0    0.10 INCH OR MORE:   1
MIN 32 OR BELOW:   0    0.50 INCH OR MORE:   0
MIN  0 OR BELOW:   0    1.00 INCH OR MORE:   0

[HDD (BASE 65) ]
TOTAL THIS MO.    96    CLEAR  (SCALE 0-3)   6
DPTR FM NORMAL   -48    PTCLDY (SCALE 4-7)  12
TOTAL FM JUL 1   315    CLOUDY (SCALE 8-10)  0
DPTR FM NORMAL   -95

[CDD (BASE 65) ]
TOTAL THIS MO.    40
DPTR FM NORMAL    22    [PRESSURE DATA]
TOTAL FM JAN 1    40    HIGHEST SLP M ON M
DPTR FM NORMAL    22    LOWEST  SLP 29.86 ON  4

[REMARKS]
