000
CXUS52 KMLB 200828
CF6DAB
PRELIMINARY LOCAL CLIMATOLOGICAL DATA (WS FORM: F-6)

                                          STATION:   DAYTONA BEACH
                                          MONTH:     OCTOBER
                                          YEAR:      2018
                                          LATITUDE:   29 10 N
                                          LONGITUDE:  81  3 W

  TEMPERATURE IN F:       :PCPN:    SNOW:  WIND      :SUNSHINE: SKY     :PK WND
================================================================================
1   2   3   4   5  6A  6B    7    8   9   10  11  12  13   14  15   16   17  18
                                     12Z  AVG MX 2MIN
DY MAX MIN AVG DEP HDD CDD  WTR  SNW DPTH SPD SPD DIR MIN PSBL S-S WX    SPD DR
================================================================================

 1  83  76  80   2   0  15 1.08  0.0    0  5.8 20  60   M    M   8 13     23  60
 2  87  77  82   5   0  17 0.00  0.0    0  8.7 17  70   M    M   5        25  70
 3  86  75  81   4   0  16 0.04  0.0    0 10.2 21  60   M    M   4 1      25  60
 4  87  73  80   3   0  15    T  0.0    0  7.9 17  60   M    M   4        21  60
 5  87  70  79   2   0  14 0.00  0.0    0  5.7 15  60   M    M   3        19  70
 6  91  70  81   4   0  16 0.32  0.0    0  6.7 18  50   M    M   5 1      25 100
 7  87  76  82   6   0  17    T  0.0    0 12.9 24  50   M    M   6        29  60
 8  86  75  81   5   0  16 0.05  0.0    0 11.9 21  80   M    M   6 1      33  80
 9  84  74  79   3   0  14 0.18  0.0    0 10.4 23  80   M    M   7 1      32  90
10  87  74  81   5   0  16 0.23  0.0    0  9.0 29 200   M    M   8 13     40 210
11  90  73  82   7   0  17    T  0.0    0 10.1 20 240   M    M   6        25 220
12  86  70  78   3   0  13 0.00  0.0    0  4.4 12  50   M    M   3 1      18  60
13  84  64  74  -1   0   9 0.00  0.0    0  5.3 14  40   M    M   1 1      22  40
14  86  65  76   1   0  11 0.00  0.0    0  5.4 15  50   M    M   2        19  70
15  88  73  81   7   0  16 0.00  0.0    0  3.3 14  80   M    M   3 1      21  60
16  90  72  81   7   0  16 0.00  0.0    0  3.5 14  80   M    M   2 1      18  80
17  89  72  81   7   0  16 0.00  0.0    0  3.2 13  70   M    M   2 1      18  90
18  87  72  80   6   0  15 0.00  0.0    0  5.8 14  70   M    M   3 1      18  70
19  85  74  80   7   0  15 0.35  0.0    0  6.2 20  50   M    M   6 1      24  60
================================================================================
SM 1650 1375         0 284  2.25     0.0 136.4          M       84
================================================================================
AV 86.8 72.4                               7.2 FASTST   M    M   4    MAX(MPH)
                                 MISC ---->  # 29 200               # 40  210
================================================================================
NOTES:
# LAST OF SEVERAL OCCURRENCES

COLUMN 17 PEAK WIND IN M.P.H.

PRELIMINARY LOCAL CLIMATOLOGICAL DATA (WS FORM: F-6) , PAGE 2

                                          STATION:  DAYTONA BEACH
                                          MONTH:    OCTOBER
                                          YEAR:     2018
                                          LATITUDE:   29 10 N
                                          LONGITUDE:  81  3 W

[TEMPERATURE DATA]      [PRECIPITATION DATA]       SYMBOLS USED IN COLUMN 16

AVERAGE MONTHLY: 79.6   TOTAL FOR MONTH:   2.25    1 = FOG OR MIST
DPTR FM NORMAL:   4.0   DPTR FM NORMAL:   -0.71    2 = FOG REDUCING VISIBILITY
HIGHEST:    91 ON  6    GRTST 24HR  1.08 ON  1- 1      TO 1/4 MILE OR LESS
LOWEST:     64 ON 13                               3 = THUNDER
                        SNOW, ICE PELLETS, HAIL    4 = ICE PELLETS
                        TOTAL MONTH:   0.0 INCH    5 = HAIL
                        GRTST 24HR     0.0         6 = FREEZING RAIN OR DRIZZLE
                        GRTST DEPTH:   0           7 = DUSTSTORM OR SANDSTORM:
                                                       VSBY 1/2 MILE OR LESS
                                                   8 = SMOKE OR HAZE
[NO. OF DAYS WITH]      [WEATHER - DAYS WITH]      9 = BLOWING SNOW
                                                   X = TORNADO
MAX 32 OR BELOW:   0    0.01 INCH OR MORE:   7
MAX 90 OR ABOVE:   3    0.10 INCH OR MORE:   5
MIN 32 OR BELOW:   0    0.50 INCH OR MORE:   1
MIN  0 OR BELOW:   0    1.00 INCH OR MORE:   1

[HDD (BASE 65) ]
TOTAL THIS MO.     0    CLEAR  (SCALE 0-3)   7
DPTR FM NORMAL     0    PTCLDY (SCALE 4-7)  12
TOTAL FM JUL 1     0    CLOUDY (SCALE 8-10)  0
DPTR FM NORMAL     0

[CDD (BASE 65) ]
TOTAL THIS MO.   284
DPTR FM NORMAL    83    [PRESSURE DATA]
TOTAL FM JAN 1  3069    HIGHEST SLP M ON M
DPTR FM NORMAL   358    LOWEST  SLP 29.76 ON 10

[REMARKS]
