000
CXUS52 KMLB 210655
CF6DAB
PRELIMINARY LOCAL CLIMATOLOGICAL DATA (WS FORM: F-6)

                                          STATION:   DAYTONA BEACH
                                          MONTH:     OCTOBER
                                          YEAR:      2019
                                          LATITUDE:   29 10 N
                                          LONGITUDE:  81  3 W

  TEMPERATURE IN F:       :PCPN:    SNOW:  WIND      :SUNSHINE: SKY     :PK WND
================================================================================
1   2   3   4   5  6A  6B    7    8   9   10  11  12  13   14  15   16   17  18
                                     12Z  AVG MX 2MIN
DY MAX MIN AVG DEP HDD CDD  WTR  SNW DPTH SPD SPD DIR MIN PSBL S-S WX    SPD DR
================================================================================

 1  88  79  84   6   0  19 0.00  0.0    0 14.1 24  60   M    M   3        29  60
 2  87  76  82   5   0  17 0.03  0.0    0  8.0 17  50   M    M   4        23  50
 3  87  72  80   3   0  15    T  0.0    0  4.4 16  50   M    M   3 1      19  60
 4  88  70  79   2   0  14 0.00  0.0    0  5.8 15  60   M    M   4        19  70
 5  88  72  80   3   0  15 0.00  0.0    0  8.7 18  60   M    M   5        24  60
 6  86  75  81   4   0  16 0.33  0.0    0 14.2 26  80   M    M   7 1      36  70
 7  85  74  80   4   0  15 1.95  0.0    0 10.6 23  70   M    M   7 13     29  70
 8  83  74  79   3   0  14 1.50  0.0    0  8.1 18  60   M    M   8 1      24  70
 9  80  72  76   0   0  11 5.57  0.0    0  8.1 21  50   M    M   8 13     23  50
10  85  75  80   4   0  15 0.02  0.0    0 14.9 24  30   M    M   7 1      32  50
11  84  71  78   3   0  13 0.00  0.0    0  9.3 18  10   M    M   3        26  40
12  85  68  77   2   0  12 0.00  0.0    0  3.1 13  70   M    M   3        16  80
13  84  68  76   1   0  11 0.00  0.0    0  3.1 12  90   M    M   2        15  70
14  87  69  78   3   0  13 0.00  0.0    0  3.0 15  70   M    M   2 1      17  60
15  87  72  80   6   0  15 0.00  0.0    0  4.2 13  80   M    M   7 1      19 110
16  91  74  83   9   0  18 0.01  0.0    0 10.0 30 280   M    M   6 13     37 280
17  82  65  74   0   0   9 0.00  0.0    0  5.7 12 260   M    M   7        17 310
18  79  64  72  -2   0   7 0.05  0.0    0  4.3 18  40   M    M   9        24  40
19  84  74  79   6   0  14 3.91  0.0    0  8.7 18 170   M    M   8 13     26 160
20  88  73  81   8   0  16 0.04  0.0    0  8.0 20 230   M    M   2 1      24 260
================================================================================
SM 1708 1437         0 279 13.41     0.0 156.3          M      105
================================================================================
AV 85.4 71.9                               7.8 FASTST   M    M   5    MAX(MPH)
                                 MISC ---->  # 30 280               # 37  280
================================================================================
NOTES:
# LAST OF SEVERAL OCCURRENCES

COLUMN 17 PEAK WIND IN M.P.H.

PRELIMINARY LOCAL CLIMATOLOGICAL DATA (WS FORM: F-6) , PAGE 2

                                          STATION:  DAYTONA BEACH
                                          MONTH:    OCTOBER
                                          YEAR:     2019
                                          LATITUDE:   29 10 N
                                          LONGITUDE:  81  3 W

[TEMPERATURE DATA]      [PRECIPITATION DATA]       SYMBOLS USED IN COLUMN 16

AVERAGE MONTHLY: 78.6   TOTAL FOR MONTH:  13.41    1 = FOG OR MIST
DPTR FM NORMAL:   3.2   DPTR FM NORMAL:   10.33    2 = FOG REDUCING VISIBILITY
HIGHEST:    91 ON 16    GRTST 24HR  5.57 ON  9- 9      TO 1/4 MILE OR LESS
LOWEST:     64 ON 18                               3 = THUNDER
                        SNOW, ICE PELLETS, HAIL    4 = ICE PELLETS
                        TOTAL MONTH:   0.0 INCH    5 = HAIL
                        GRTST 24HR     0.0         6 = FREEZING RAIN OR DRIZZLE
                        GRTST DEPTH:   0           7 = DUSTSTORM OR SANDSTORM:
                                                       VSBY 1/2 MILE OR LESS
                                                   8 = SMOKE OR HAZE
[NO. OF DAYS WITH]      [WEATHER - DAYS WITH]      9 = BLOWING SNOW
                                                   X = TORNADO
MAX 32 OR BELOW:   0    0.01 INCH OR MORE:  10
MAX 90 OR ABOVE:   1    0.10 INCH OR MORE:   5
MIN 32 OR BELOW:   0    0.50 INCH OR MORE:   4
MIN  0 OR BELOW:   0    1.00 INCH OR MORE:   4

[HDD (BASE 65) ]
TOTAL THIS MO.     0    CLEAR  (SCALE 0-3)   4
DPTR FM NORMAL     0    PTCLDY (SCALE 4-7)  12
TOTAL FM JUL 1     0    CLOUDY (SCALE 8-10)  4
DPTR FM NORMAL     0

[CDD (BASE 65) ]
TOTAL THIS MO.   279
DPTR FM NORMAL    70    [PRESSURE DATA]
TOTAL FM JAN 1  3267    HIGHEST SLP M ON M
DPTR FM NORMAL   548    LOWEST  SLP 29.73 ON 19

[REMARKS]
