000
CXUS55 KVEF 260940
CF6DAG
PRELIMINARY LOCAL CLIMATOLOGICAL DATA (WS FORM: F-6)

                                          STATION:   BARSTOW-DAGGETT CA
                                          MONTH:     MAY
                                          YEAR:      2018
                                          LATITUDE:   34 51 N
                                          LONGITUDE: 116 47 W

  TEMPERATURE IN F:       :PCPN:    SNOW:  WIND      :SUNSHINE: SKY     :PK WND
================================================================================
1   2   3   4   5  6A  6B    7    8   9   10  11  12  13   14  15   16   17  18
                                     12Z  AVG MX 2MIN
DY MAX MIN AVG DEP HDD CDD  WTR  SNW DPTH SPD SPD DIR MIN PSBL S-S WX    SPD DR
================================================================================

 1  71  52  62  -7   3   0 0.09  0.0    0 19.1 33 280   M    M   4 1      43 250
 2  71  49  60 -10   5   0 0.19    M    0  8.7 23 250   M    M   4 13     29 250
 3  81  49  65  -5   0   0 0.00  0.0    0  7.0 14 280   M    M   0        17 280
 4  90  58  74   4   0   9 0.00  0.0    0  8.2 15  50   M    M   0        20  60
 5  95  61  78   7   0  13 0.00  0.0    0  9.0 18 250   M    M   0        20 250
 6  96  68  82  11   0  17 0.00  0.0    0 11.9 25 280   M    M   0        31 270
 7  96  63  80   9   0  15 0.00  0.0    0 12.8 21 270   M    M   0        24 280
 8  99  62  81   9   0  16 0.00  0.0    0 11.8 23 260   M    M   0        26 270
 9 104  66  85  13   0  20 0.00  0.0    0 15.8 28 270   M    M   0        35 280
10  95  70  83  11   0  18 0.00  0.0    0 23.4 37 270   M    M   0        42 270
11  86  62  74   1   0   9 0.00  0.0    0 26.9 41 220   M    M   0        49 220
12  82  56  69  -4   0   4 0.00  0.0    0 15.6 25 220   M    M   0        32 220
13  83  54  69  -4   0   4 0.00  0.0    0 13.4 23 250   M    M   0        28 230
14  88  56  72  -2   0   7 0.00  0.0    0 11.8 21 250   M    M   0        23 250
15  90  58  74   0   0   9 0.00  0.0    0 12.0 26 250   M    M   0        32 260
16  90  58  74   0   0   9 0.00  0.0    0 19.3 28 250   M    M   0        35 240
17  87  60  74   0   0   9 0.00  0.0    0 19.6 33 270   M    M   0        39 270
18  91  58  75   0   0  10 0.00  0.0    0 14.6 30 240   M    M   0        35 230
19  92  63  78   3   0  13 0.00  0.0    0 14.7 28 260   M    M   1        34 270
20  92  62  77   2   0  12 0.00  0.0    0 15.7 30 240   M    M   0        34 240
21  83  63  73  -3   0   8 0.00  0.0    0 15.7 28 240   M    M   0        32 240
22  88  57  73  -3   0   8 0.00  0.0    0 10.8 22 270   M    M   0        25 270
23  91  62  77   1   0  12 0.00  0.0    0 10.4 21 240   M    M   0        25 320
24  94  61  78   2   0  13 0.00  0.0    0 12.5 26 280   M    M   0        32 280
25  83  54  69  -8   0   4 0.00  0.0    0 22.0 37 250   M    M   0        43 250
================================================================================
SM 2218 1482         8 239  0.28     0.0 362.7          M        9
================================================================================
AV 88.7 59.3                              14.5 FASTST   M    M   0    MAX(MPH)
                                 MISC ---->  # 41 220               # 49  220
================================================================================
NOTES:
# LAST OF SEVERAL OCCURRENCES

COLUMN 17 PEAK WIND IN M.P.H.

PRELIMINARY LOCAL CLIMATOLOGICAL DATA (WS FORM: F-6) , PAGE 2

                                          STATION:  BARSTOW-DAGGETT CA
                                          MONTH:    MAY
                                          YEAR:     2018
                                          LATITUDE:   34 51 N
                                          LONGITUDE: 116 47 W

[TEMPERATURE DATA]      [PRECIPITATION DATA]       SYMBOLS USED IN COLUMN 16

AVERAGE MONTHLY: 74.0   TOTAL FOR MONTH:   0.28    1 = FOG OR MIST
DPTR FM NORMAL:   0.8   DPTR FM NORMAL:    0.24    2 = FOG REDUCING VISIBILITY
HIGHEST:   104 ON  9    GRTST 24HR  0.19 ON  2- 2      TO 1/4 MILE OR LESS
LOWEST:     49 ON  3, 2                            3 = THUNDER
                        SNOW, ICE PELLETS, HAIL    4 = ICE PELLETS
                        TOTAL MONTH:   0.0 INCH    5 = HAIL
                        GRTST 24HR     0.0         6 = FREEZING RAIN OR DRIZZLE
                        GRTST DEPTH:   0           7 = DUSTSTORM OR SANDSTORM:
                                                       VSBY 1/2 MILE OR LESS
                                                   8 = SMOKE OR HAZE
[NO. OF DAYS WITH]      [WEATHER - DAYS WITH]      9 = BLOWING SNOW
                                                   X = TORNADO
MAX 32 OR BELOW:   0    0.01 INCH OR MORE:   2
MAX 90 OR ABOVE:  14    0.10 INCH OR MORE:   1
MIN 32 OR BELOW:   0    0.50 INCH OR MORE:   0
MIN  0 OR BELOW:   0    1.00 INCH OR MORE:   0

[HDD (BASE 65) ]
TOTAL THIS MO.     8    CLEAR  (SCALE 0-3)  23
DPTR FM NORMAL    -6    PTCLDY (SCALE 4-7)   2
TOTAL FM JUL 1  1643    CLOUDY (SCALE 8-10)  0
DPTR FM NORMAL  -455

[CDD (BASE 65) ]
TOTAL THIS MO.   239
DPTR FM NORMAL    18    [PRESSURE DATA]
TOTAL FM JAN 1   444    HIGHEST SLP M ON M
DPTR FM NORMAL   116    LOWEST  SLP 29.49 ON 11

[REMARKS]
