000
CXUS55 KALY 290710
CF6DDH
PRELIMINARY LOCAL CLIMATOLOGICAL DATA (WS FORM: F-6)

                                          STATION:   BENNINGTON VT
                                          MONTH:     MAY
                                          YEAR:      2020
                                          LATITUDE:   42 53 N
                                          LONGITUDE:  73 15 W

  TEMPERATURE IN F:       :PCPN:    SNOW:  WIND      :SUNSHINE: SKY     :PK WND
================================================================================
1   2   3   4   5  6A  6B    7    8   9   10  11  12  13   14  15   16   17  18
                                     12Z  AVG MX 2MIN
DY MAX MIN AVG DEP HDD CDD  WTR  SNW DPTH SPD SPD DIR MIN PSBL S-S WX    SPD DR
================================================================================

 1  62  49  56   5   9   0 0.28    M    M  5.8 26 140   M    M   9 1      33 140
 2  69  42  56   5   9   0    T    M    M  8.0 17 230   M    M   2        24 230
 3  75  50  63  11   2   0 0.00    M    M  6.9 21 280   M    M   5        28 230
 4  60  42  51  -1  14   0 0.03    M    M  7.1 16 330   M    M   6        23 230
 5  55  35  45  -7  20   0 0.00    M    M  7.0 15 270   M    M   3        23 290
 6  57  33  45  -7  20   0 0.00    M    M  3.5 12 330   M    M   5        18 360
 7  61  33  47  -6  18   0 0.04    M    M  6.4 25 290   M    M   5        36 270
 8  55  32  44  -9  21   0 0.21    M    M  7.9 21 240   M    M   5 1      27 240
 9  38  29  34 -19  31   0 0.15    M    M 11.4 26 270   M    M   8 128    41 290
10  53  34  44 -10  21   0 0.00    M    M  8.4 21 290   M    M   9        32 300
11  56  33  45  -9  20   0 0.44    M    M  5.4 20 270   M    M   8 1      34 280
12  51  34  43 -11  22   0    T    M    M 10.5 21 270   M    M   8 8      32 280
13  58  25  42 -12  23   0 0.00    M    M  5.9 18 270   M    M   2        29 270
14  67  27  47  -8  18   0    T    M    M  3.6 15 290   M    M   2        21 290
15  81  53  67  12   0   2 0.64    M    M  4.6 30 300   M    M   9 13     51 290
16  69  51  60   5   5   0 0.01    M    M  6.2 13 320   M    M   3        21 320
17  70  53  62   7   3   0 0.00    M    M  2.2  9 130   M    M   7        12  90
18  68  50  59   3   6   0 0.08    M    M  1.3  7 360   M    M   8 1      10  10
19  68  45  57   1   8   0 0.00    M    M  5.9 17 130   M    M   1        26 110
20  72  37  55  -1  10   0 0.00    M    M  4.1 15 160   M    M   0        19 200
21  78  37  58   2   7   0 0.00    M    M  2.0 13 200   M    M   0 8      16 280
22  80  44  62   5   3   0 0.00    M    M  2.7 12 200   M    M   0        15 320
23  79  54  67  10   0   2 0.03    M    M  8.4 20 130   M    M   5 1      31 100
24  76  49  63   6   2   0 0.00    M    M  7.7 14 120   M    M   1        22 110
25  77  47  62   4   3   0 0.00    M    M  5.6 16 170   M    M   2        22 190
26  87  57  72  14   0   7 0.00    M    M  2.0  9 270   M    M   2 1      14 280
27  88  60  74  16   0   9 0.00    M    M  3.8 14 240   M    M   0 1      18 230
28  80  62  71  13   0   6    T    M    M  8.3 17 170   M    M   6        24 160
================================================================================
SM 1890 1197       295  26  1.91    M    162.6          M      121
================================================================================
AV 67.5 42.8                               5.8 FASTST   M    M   4    MAX(MPH)
                                 MISC ---->    30 300                 51 290
================================================================================
NOTES:
# LAST OF SEVERAL OCCURRENCES

COLUMN 17 PEAK WIND IN M.P.H.

PRELIMINARY LOCAL CLIMATOLOGICAL DATA (WS FORM: F-6) , PAGE 2

                                          STATION:   BENNINGTON VT
                                          MONTH:     MAY
                                          YEAR:      2020
                                          LATITUDE:   42 53 N
                                          LONGITUDE:  73 15 W

[TEMPERATURE DATA]      [PRECIPITATION DATA]       SYMBOLS USED IN COLUMN 16

AVERAGE MONTHLY: 55.1   TOTAL FOR MONTH:   1.91    1 = FOG OR MIST
DPTR FM NORMAL:   0.4   DPTR FM NORMAL:   -1.31    2 = FOG REDUCING VISIBILITY
HIGHEST:    88 ON 27    GRTST 24HR  0.64 ON 14-15      TO 1/4 MILE OR LESS
LOWEST:     25 ON 13                               3 = THUNDER
                        SNOW, ICE PELLETS, HAIL    4 = ICE PELLETS
                        TOTAL MONTH:  M            5 = HAIL
                        GRTST 24HR    M  ON   M    6 = FREEZING RAIN OR DRIZZLE
                        GRTST DEPTH:  M  ON   M    7 = DUSTSTORM OR SANDSTORM:
                                                       VSBY 1/2 MILE OR LESS
                                                   8 = SMOKE OR HAZE
[NO. OF DAYS WITH]      [WEATHER - DAYS WITH]      9 = BLOWING SNOW
                                                   X = TORNADO
MAX 32 OR BELOW:   0    0.01 INCH OR MORE:  10
MAX 90 OR ABOVE:   0    0.10 INCH OR MORE:   5
MIN 32 OR BELOW:   4    0.50 INCH OR MORE:   1
MIN  0 OR BELOW:   0    1.00 INCH OR MORE:   0

[HDD (BASE 65) ]
TOTAL THIS MO.   295    CLEAR  (SCALE 0-3)  12
DPTR FM NORMAL    -1    PTCLDY (SCALE 4-7)  11
TOTAL FM JUL 1  6642    CLOUDY (SCALE 8-10)  5
DPTR FM NORMAL  -477

[CDD (BASE 65) ]
TOTAL THIS MO.    26
DPTR FM NORMAL    25    [PRESSURE DATA]
TOTAL FM JAN 1    26    HIGHEST SLP M ON M
DPTR FM NORMAL    22    LOWEST  SLP 29.58 ON  9

[REMARKS]
