000
CXUS55 KALY 210710
CF6DDH
PRELIMINARY LOCAL CLIMATOLOGICAL DATA (WS FORM: F-6)

                                          STATION:   BENNINGTON VT
                                          MONTH:     SEPTEMBER
                                          YEAR:      2018
                                          LATITUDE:   42 53 N
                                          LONGITUDE:  73 15 W

  TEMPERATURE IN F:       :PCPN:    SNOW:  WIND      :SUNSHINE: SKY     :PK WND
================================================================================
1   2   3   4   5  6A  6B    7    8   9   10  11  12  13   14  15   16   17  18
                                     12Z  AVG MX 2MIN
DY MAX MIN AVG DEP HDD CDD  WTR  SNW DPTH SPD SPD DIR MIN PSBL S-S WX    SPD DR
================================================================================

 1  77  63  70   6   0   5 0.00    M    M  3.1 12 140   M    M   9        16 130
 2  81  63  72   8   0   7 0.00    M    M  1.9 10 180   M    M   7        14 220
 3  91  65  78  15   0  13 0.00    M    M  3.4 12 260   M    M   3 13     15 270
 4  86  64  75  12   0  10 0.00    M    M  2.5  9 290   M    M   4 1      13 280
 5  91  61  76  13   0  11 0.00    M    M  2.4  9 190   M    M   1 1      15 190
 6  88  65  77  15   0  12 0.38    M    M  2.2 14 330   M    M   5 123    19 240
 7  75  58  67   5   0   2 0.00    M    M  2.1  8 110   M    M   5 1      12 130
 8  63  46  55  -7  10   0 0.00    M    M  2.7  9 340   M    M   1 1      13 350
 9  63  42  53  -8  12   0 0.00    M    M  2.9  8 100   M    M   0        18 120
10  62  53  58  -3   7   0    M    M    M 10.4 23 120   M    M   6        39 130
11  71  60  66   5   0   1 0.25    M    M  2.9 17 110   M    M   9 1      23 120
12  74  65  70  10   0   5 0.03    M    M  1.2  7 100   M    M  10 1      10  80
13  80  62  71  11   0   6 0.01    M    M  1.9  8 270   M    M   7 12     12 270
14  81  57  69   9   0   4 0.00    M    M  1.8  8 270   M    M   4 12     10 270
15  82  60  71  12   0   6 0.00    M    M  2.0  9 280   M    M   4 1      13 270
16  86  58  72  13   0   7 0.00    M    M  1.2  8 130   M    M   3 12     11 120
17  81  62  72  13   0   7 0.15    M    M  3.5 12 190   M    M   2 12     15 220
18  81  64  73  15   0   8 2.34    M    M  2.5 10 290   M    M   6 12     13 290
19  74  58  66   8   0   1 0.00    M    M  2.8 12 320   M    M   7 12     17 320
20  71  55  63   6   2   0 0.00    M    M  2.6 12 200   M    M   8        16 100
================================================================================
SM 1558 1181        31 105  3.16    M     56.0          M      101
================================================================================
AV 77.9 59.1                               2.8 FASTST   M    M   5    MAX(MPH)
                                 MISC ---->  # 23 120               # 39  130
================================================================================
NOTES:
# LAST OF SEVERAL OCCURRENCES

COLUMN 17 PEAK WIND IN M.P.H.

PRELIMINARY LOCAL CLIMATOLOGICAL DATA (WS FORM: F-6) , PAGE 2

                                          STATION:  BENNINGTON VT
                                          MONTH:    SEPTEMBER
                                          YEAR:     2018
                                          LATITUDE:   42 53 N
                                          LONGITUDE:  73 15 W

[TEMPERATURE DATA]      [PRECIPITATION DATA]       SYMBOLS USED IN COLUMN 16

AVERAGE MONTHLY: 68.5   TOTAL FOR MONTH:   3.16    1 = FOG OR MIST
DPTR FM NORMAL:   7.7   DPTR FM NORMAL:    0.92    2 = FOG REDUCING VISIBILITY
HIGHEST:    91 ON  5, 3 GRTST 24HR  2.34 ON 18-18      TO 1/4 MILE OR LESS
LOWEST:     42 ON  9                               3 = THUNDER
                        SNOW, ICE PELLETS, HAIL    4 = ICE PELLETS
                        TOTAL MONTH:    M          5 = HAIL
                        GRTST 24HR    M  ON   M    6 = FREEZING RAIN OR DRIZZLE
                        GRTST DEPTH:  M  ON   M    7 = DUSTSTORM OR SANDSTORM:
                                                       VSBY 1/2 MILE OR LESS
                                                   8 = SMOKE OR HAZE
[NO. OF DAYS WITH]      [WEATHER - DAYS WITH]      9 = BLOWING SNOW
                                                   X = TORNADO
MAX 32 OR BELOW:   0    0.01 INCH OR MORE:   6
MAX 90 OR ABOVE:   2    0.10 INCH OR MORE:   4
MIN 32 OR BELOW:   0    0.50 INCH OR MORE:   1
MIN  0 OR BELOW:   0    1.00 INCH OR MORE:   1

[HDD (BASE 65) ]
TOTAL THIS MO.    31    CLEAR  (SCALE 0-3)   5
DPTR FM NORMAL   -73    PTCLDY (SCALE 4-7)  11
TOTAL FM JUL 1    39    CLOUDY (SCALE 8-10)  4
DPTR FM NORMAL  -137

[CDD (BASE 65) ]
TOTAL THIS MO.   105
DPTR FM NORMAL    83    [PRESSURE DATA]
TOTAL FM JAN 1   619    HIGHEST SLP M ON M
DPTR FM NORMAL   309    LOWEST  SLP 29.73 ON 18

[REMARKS]
