000
CXUS55 KALY 160710
CF6DDH
PRELIMINARY LOCAL CLIMATOLOGICAL DATA (WS FORM: F-6)

                                          STATION:   BENNINGTON VT
                                          MONTH:     DECEMBER
                                          YEAR:      2018
                                          LATITUDE:   42 53 N
                                          LONGITUDE:  73 15 W

  TEMPERATURE IN F:       :PCPN:    SNOW:  WIND      :SUNSHINE: SKY     :PK WND
================================================================================
1   2   3   4   5  6A  6B    7    8   9   10  11  12  13   14  15   16   17  18
                                     12Z  AVG MX 2MIN
DY MAX MIN AVG DEP HDD CDD  WTR  SNW DPTH SPD SPD DIR MIN PSBL S-S WX    SPD DR
================================================================================

 1  37  27  32  -2  33   0 0.02    M    M  1.8  8 120   M    M   6 1      12 120
 2  49  36  43  10  22   0 0.59    M    M  3.9 16 120   M    M  10 128    24 130
 3  47  31  39   6  26   0 0.07    M    M  7.5 15 280   M    M   9 12     30 280
 4  31  17  24  -8  41   0    T    M    M  6.5 16 330   M    M   6 1      25 330
 5  30  13  22 -10  43   0 0.00    M    M  1.2  7 200   M    M   6         8 200
 6  34  19  27  -5  38   0    T    M    M  3.5 14 210   M    M   9 8      18 200
 7  33  16  25  -6  40   0    T    M    M  8.4 18 270   M    M   3        27 280
 8  25   8  17 -14  48   0    T    M    M  2.3  9 280   M    M   4        12 300
 9  33  12  23  -7  42   0 0.00    M    M  2.5 14 210   M    M   5        17 200
10  33  13  23  -7  42   0 0.00    M    M  2.1 10 360   M    M   6        15 360
11  31   9  20  -9  45   0    T    M    M  1.1  7 290   M    M   5 8      10 290
12  31  12  22  -7  43   0    T    M    M  2.3  9 340   M    M   5 18     13 340
13  33  12  23  -6  42   0    T    M    M  5.2 15 150   M    M   7 8      19 130
14  47  31  39  11  26   0    T    M    M  4.6 17 200   M    M  10        22 160
15  47  29  38  10  27   0 0.00    M    M  2.6 12  10   M    M   4 1      16 360
================================================================================
SM  541  285       558   0  0.68    M     55.5          M       95
================================================================================
AV 36.1 19.0                               3.7 FASTST   M    M   6    MAX(MPH)
                                 MISC ---->  # 18 270               # 30  280
================================================================================
NOTES:
# LAST OF SEVERAL OCCURRENCES

COLUMN 17 PEAK WIND IN M.P.H.

PRELIMINARY LOCAL CLIMATOLOGICAL DATA (WS FORM: F-6) , PAGE 2

                                          STATION:  BENNINGTON VT
                                          MONTH:    DECEMBER
                                          YEAR:     2018
                                          LATITUDE:   42 53 N
                                          LONGITUDE:  73 15 W

[TEMPERATURE DATA]      [PRECIPITATION DATA]       SYMBOLS USED IN COLUMN 16

AVERAGE MONTHLY: 27.5   TOTAL FOR MONTH:   0.68    1 = FOG OR MIST
DPTR FM NORMAL:  -3.2   DPTR FM NORMAL:   -0.75    2 = FOG REDUCING VISIBILITY
HIGHEST:    49 ON  2    GRTST 24HR  0.59 ON  2- 2      TO 1/4 MILE OR LESS
LOWEST:      8 ON  8                               3 = THUNDER
                        SNOW, ICE PELLETS, HAIL    4 = ICE PELLETS
                        TOTAL MONTH:    M          5 = HAIL
                        GRTST 24HR    M  ON   M    6 = FREEZING RAIN OR DRIZZLE
                        GRTST DEPTH:  M  ON   M    7 = DUSTSTORM OR SANDSTORM:
                                                       VSBY 1/2 MILE OR LESS
                                                   8 = SMOKE OR HAZE
[NO. OF DAYS WITH]      [WEATHER - DAYS WITH]      9 = BLOWING SNOW
                                                   X = TORNADO
MAX 32 OR BELOW:   5    0.01 INCH OR MORE:   3
MAX 90 OR ABOVE:   0    0.10 INCH OR MORE:   1
MIN 32 OR BELOW:  14    0.50 INCH OR MORE:   1
MIN  0 OR BELOW:   0    1.00 INCH OR MORE:   0

[HDD (BASE 65) ]
TOTAL THIS MO.   558    CLEAR  (SCALE 0-3)   0
DPTR FM NORMAL    42    PTCLDY (SCALE 4-7)  11
TOTAL FM JUL 1  2063    CLOUDY (SCALE 8-10)  4
DPTR FM NORMAL   -66

[CDD (BASE 65) ]
TOTAL THIS MO.     0
DPTR FM NORMAL     0    [PRESSURE DATA]
TOTAL FM JAN 1   637    HIGHEST SLP M ON M
DPTR FM NORMAL   324    LOWEST  SLP 29.57 ON  2

[REMARKS]
