511
CXUS55 KALY 230710
CF6DDH
PRELIMINARY LOCAL CLIMATOLOGICAL DATA (WS FORM: F-6)

                                          STATION:   BENNINGTON VT
                                          MONTH:     OCTOBER
                                          YEAR:      2019
                                          LATITUDE:   42 53 N
                                          LONGITUDE:  73 15 W

  TEMPERATURE IN F:       :PCPN:    SNOW:  WIND      :SUNSHINE: SKY     :PK WND
================================================================================
1   2   3   4   5  6A  6B    7    8   9   10  11  12  13   14  15   16   17  18
                                     12Z  AVG MX 2MIN
DY MAX MIN AVG DEP HDD CDD  WTR  SNW DPTH SPD SPD DIR MIN PSBL S-S WX    SPD DR
================================================================================

 1  78  58  68  15   0   3 0.13    M    M  2.7 14 260   M    M   7 1      23 280
 2  72  43  58   6   7   0 0.10    M    M  6.2 15 250   M    M   9 1      22 240
 3  52  44  48  -4  17   0 0.12    M    M  4.6 13 120   M    M   7 1      17 120
 4  54  35  45  -7  20   0 0.01    M    M  7.9 20 360   M    M   7 1      31 360
 5  58  28  43  -8  22   0 0.00    M    M  1.7  8 130   M    M   0        12 280
 6  66  34  50  -1  15   0 0.02    M    M  8.0 22 190   M    M   8        33 210
 7  67  52  60   9   5   0 0.94    M    M  6.4 25 190   M    M  10 1      38 190
 8  63  40  52   2  13   0    T    M    M  1.9 10 340   M    M   3 12     15 340
 9  60  37  49  -1  16   0    T    M    M  3.1 14 130   M    M   2        21 130
10  68  45  57   8   8   0    T    M    M  4.3 15  70   M    M   2        27  60
11  65  40  53   4  12   0    T    M    M  5.0 14  70   M    M   6        24  90
12  65  46  56   7   9   0 0.00    M    M  2.6  9 240   M    M   7        13 240
13  63  39  51   3  14   0 0.00    M    M  2.0 12 270   M    M   1        16 280
14  68  35  52   4  13   0 0.00    M    M  4.6 14 280   M    M   4        21 270
15  58  33  46  -2  19   0 0.00    M    M  2.2 10 340   M    M   1        14 310
16  60  34  47   0  18   0 0.31    M    M  9.6 24 130   M    M   4 1      32  90
17  50  44  47   0  18   0 2.68    M    M 12.3 22 280   M    M  10 1      37 250
18  50  42  46  -1  19   0 0.03    M    M  8.0 15 270   M    M  10        23 280
19  54  30  42  -4  23   0 0.00    M    M  3.0 12 280   M    M   1        16 270
20  58  30  44  -2  21   0 0.02    M    M  2.0 12 180   M    M   2 12     16 170
21  60  34  47   1  18   0 0.00    M    M  2.4  9 130   M    M   4 12     12 130
22  60  43  52   7  13   0 0.08    M    M 12.7 22 140   M    M   4        30 140
================================================================================
SM 1349  866       320   3  4.44    M    113.2          M      109
================================================================================
AV 61.3 39.4                               5.1 FASTST   M    M   5    MAX(MPH)
                                 MISC ---->  # 25 190               # 38  190
================================================================================
NOTES:
# LAST OF SEVERAL OCCURRENCES

COLUMN 17 PEAK WIND IN M.P.H.

PRELIMINARY LOCAL CLIMATOLOGICAL DATA (WS FORM: F-6) , PAGE 2

                                          STATION:  BENNINGTON VT
                                          MONTH:    OCTOBER
                                          YEAR:     2019
                                          LATITUDE:   42 53 N
                                          LONGITUDE:  73 15 W

[TEMPERATURE DATA]      [PRECIPITATION DATA]       SYMBOLS USED IN COLUMN 16

AVERAGE MONTHLY: 50.3   TOTAL FOR MONTH:   4.44    1 = FOG OR MIST
DPTR FM NORMAL:   1.4   DPTR FM NORMAL:    1.69    2 = FOG REDUCING VISIBILITY
HIGHEST:    78 ON  1    GRTST 24HR  2.68 ON 17-17      TO 1/4 MILE OR LESS
LOWEST:     28 ON  5                               3 = THUNDER
                        SNOW, ICE PELLETS, HAIL    4 = ICE PELLETS
                        TOTAL MONTH:    M          5 = HAIL
                        GRTST 24HR    M  ON   M    6 = FREEZING RAIN OR DRIZZLE
                        GRTST DEPTH:  M  ON   M    7 = DUSTSTORM OR SANDSTORM:
                                                       VSBY 1/2 MILE OR LESS
                                                   8 = SMOKE OR HAZE
[NO. OF DAYS WITH]      [WEATHER - DAYS WITH]      9 = BLOWING SNOW
                                                   X = TORNADO
MAX 32 OR BELOW:   0    0.01 INCH OR MORE:  11
MAX 90 OR ABOVE:   0    0.10 INCH OR MORE:   6
MIN 32 OR BELOW:   3    0.50 INCH OR MORE:   2
MIN  0 OR BELOW:   0    1.00 INCH OR MORE:   1

[HDD (BASE 65) ]
TOTAL THIS MO.   320    CLEAR  (SCALE 0-3)   7
DPTR FM NORMAL   -34    PTCLDY (SCALE 4-7)  11
TOTAL FM JUL 1   541    CLOUDY (SCALE 8-10)  4
DPTR FM NORMAL   -91

[CDD (BASE 65) ]
TOTAL THIS MO.     3
DPTR FM NORMAL     3    [PRESSURE DATA]
TOTAL FM JAN 1   375    HIGHEST SLP M ON M
DPTR FM NORMAL    64    LOWEST  SLP 29.10 ON 17

[REMARKS]
