000
CXUS53 KILX 180900
CF6DEC
PRELIMINARY LOCAL CLIMATOLOGICAL DATA (WS FORM: F-6)

                                          STATION:   DECATUR IL AIRPORT
                                          MONTH:     NOVEMBER
                                          YEAR:      2018
                                          LATITUDE:   39 49 N
                                          LONGITUDE:  88 51 W

  TEMPERATURE IN F:       :PCPN:    SNOW:  WIND      :SUNSHINE: SKY     :PK WND
================================================================================
1   2   3   4   5  6A  6B    7    8   9   10  11  12  13   14  15   16   17  18
                                     12Z  AVG MX 2MIN
DY MAX MIN AVG DEP HDD CDD  WTR  SNW DPTH SPD SPD DIR MIN PSBL S-S WX    SPD DR
================================================================================

 1  50  42  46  -3  19   0 0.89    M    M 14.3 25  30   M    M  10 1      34  40
 2  49  34  42  -7  23   0 0.00    M    M  2.1  8 270   M    M   8 12     10 280
 3  53  33  43  -5  22   0 0.02    M    M  7.4 17 130   M    M   7 128    23 140
 4  54  43  49   1  16   0 0.27    M    M 15.5 26 160   M    M   6 1      38 160
 5  53  42  48   0  17   0 0.14    M    M 10.7 21 120   M    M   7 1      27 240
 6  56  40  48   1  17   0 0.00    M    M 13.9 31 260   M    M   6        48 280
 7  46  31  39  -8  26   0 0.00    M    M 10.3 20 300   M    M   0        26 280
 8  41  31  36 -10  29   0 0.14    M    M  7.8 14  60   M    M   8 1      18  20
 9  36  21  29 -17  36   0 0.08    M    M 12.2 26 300   M    M   9 18     40 290
10  33  18  26 -20  39   0 0.00    M    M  8.9 17 280   M    M   1        26 280
11  44  25  35 -10  30   0 0.00    M    M  7.9 20 200   M    M   3        25 210
12  37  27  32 -13  33   0    T    M    M 11.3 21 350   M    M  10 18     29 340
13  27  20  24 -20  41   0 0.00    M    M 10.8 21 340   M    M   5        28 360
14  32  14  23 -21  42   0    T    M    M  8.2 17  80   M    M   1 1      22  80
15  32  24  28 -15  37   0    M    M    M  8.7 15 200   M    M   8 18     20  50
16  37  24  31 -12  34   0 0.00    M    M  8.9 18 210   M    M   6 18     25 200
17  38  26  32 -10  33   0    T    M    M 10.7 17  60   M    M   8 12     22  60
================================================================================
SM  718  495       494   0  1.54    M    169.6          M      103
================================================================================
AV 42.2 29.1                              10.0 FASTST   M    M   6    MAX(MPH)
                                 MISC ---->  # 31 260               # 48  280
================================================================================
NOTES:
# LAST OF SEVERAL OCCURRENCES

COLUMN 17 PEAK WIND IN M.P.H.

PRELIMINARY LOCAL CLIMATOLOGICAL DATA (WS FORM: F-6) , PAGE 2

                                          STATION:  DECATUR IL AIRPORT
                                          MONTH:    NOVEMBER
                                          YEAR:     2018
                                          LATITUDE:   39 49 N
                                          LONGITUDE:  88 51 W

[TEMPERATURE DATA]      [PRECIPITATION DATA]       SYMBOLS USED IN COLUMN 16

AVERAGE MONTHLY: 35.7   TOTAL FOR MONTH:   1.54    1 = FOG OR MIST
DPTR FM NORMAL: -10.2   DPTR FM NORMAL:   -0.37    2 = FOG REDUCING VISIBILITY
HIGHEST:    56 ON  6    GRTST 24HR  0.89 ON  1- 1      TO 1/4 MILE OR LESS
LOWEST:     14 ON 14                               3 = THUNDER
                        SNOW, ICE PELLETS, HAIL    4 = ICE PELLETS
                        TOTAL MONTH:    M          5 = HAIL
                        GRTST 24HR    M  ON   M    6 = FREEZING RAIN OR DRIZZLE
                        GRTST DEPTH:  M  ON   M    7 = DUSTSTORM OR SANDSTORM:
                                                       VSBY 1/2 MILE OR LESS
                                                   8 = SMOKE OR HAZE
[NO. OF DAYS WITH]      [WEATHER - DAYS WITH]      9 = BLOWING SNOW
                                                   X = TORNADO
MAX 32 OR BELOW:   3    0.01 INCH OR MORE:   6
MAX 90 OR ABOVE:   0    0.10 INCH OR MORE:   4
MIN 32 OR BELOW:  11    0.50 INCH OR MORE:   1
MIN  0 OR BELOW:   0    1.00 INCH OR MORE:   0

[HDD (BASE 65) ]
TOTAL THIS MO.   494    CLEAR  (SCALE 0-3)   3
DPTR FM NORMAL   169    PTCLDY (SCALE 4-7)  10
TOTAL FM JUL 1   901    CLOUDY (SCALE 8-10)  4
DPTR FM NORMAL   158

[CDD (BASE 65) ]
TOTAL THIS MO.     0
DPTR FM NORMAL     0    [PRESSURE DATA]
TOTAL FM JAN 1  1472    HIGHEST SLP M ON M
DPTR FM NORMAL   424    LOWEST  SLP 29.56 ON  6

[REMARKS]
