000
CXUS53 KILX 232300
CF6DEC
PRELIMINARY LOCAL CLIMATOLOGICAL DATA (WS FORM: F-6)

                                          STATION:   DECATUR IL AIRPORT
                                          MONTH:     FEBRUARY
                                          YEAR:      2019
                                          LATITUDE:   39 49 N
                                          LONGITUDE:  88 51 W

  TEMPERATURE IN F:       :PCPN:    SNOW:  WIND      :SUNSHINE: SKY     :PK WND
================================================================================
1   2   3   4   5  6A  6B    7    8   9   10  11  12  13   14  15   16   17  18
                                     12Z  AVG MX 2MIN
DY MAX MIN AVG DEP HDD CDD  WTR  SNW DPTH SPD SPD DIR MIN PSBL S-S WX    SPD DR
================================================================================

 1  33  15  24  -4  41   0 0.00  0.0    M  6.1 13 110   M    M   3 1      16 120
 2  49  27  38  10  27   0 0.00  0.0    M 10.6 17 180   M    M   4 128    23 170
 3  57  39  48  20  17   0 0.00  0.0    M 10.4 17 170   M    M   3 1      23 220
 4  58  29  44  16  21   0    T    M    M 14.7 22 320   M    M   8 1      30 320
 5  36  25  31   3  34   0 0.12    M    M  9.8 17 100   M    M  10 18     22  90
 6  37  33  35   6  30   0 0.28    M    M  5.9 13 300   M    M  10 123    17 310
 7  50  15  33   4  32   0 0.40    M    0 13.8 31 270   M    M   9 12     45 270
 8  19  10  15 -14  50   0    T    M    0 14.3 28 270   M    M   4        41 270
 9  27   8  18 -11  47   0 0.00  0.0    0 10.0 15 100   M    M   1        21 120
10  33  19  26  -4  39   0    M    M    0  8.0 16 120   M    M   9 12     20 130
11  34  31  33   3  32   0 0.41    M    0 11.2 20  70   M    M  10 1      27  60
12  38  22  30   0  35   0 0.08    M    0 16.9 31 270   M    M  10 18     45 280
13  38  18  28  -2  37   0 0.00  0.0    0 13.4 24 270   M    M   0        43 280
14  53  28  41  10  24   0 0.00    M    M 15.6 26 300   M    M   2 18     36 300
15  28  14  21 -10  44   0 0.00    M    M 12.7 24 300   M    M   4        36 280
16  33  13  23  -8  42   0 0.00    M    M 12.4 22  90   M    M   3        28  90
17  31  26  29  -3  36   0    T    M    M 10.5 23  90   M    M  10 16     29  90
18  28  24  26  -6  39   0 0.00    M    M  9.4 21 290   M    M  10 18     27 290
19  34  18  26  -6  39   0 0.00    M    M 10.4 20  80   M    M   6        27  80
20  40  31  36   4  29   0 0.08    M    M 14.2 24 100   M    M  10 16     32  90
21  38  28  33   0  32   0 0.00    M    M  6.2 14 250   M    M   0 18     20 260
22  40  28  34   1  31   0 0.00    M    M 11.3 18  90   M    M   5 18     22  90
================================================================================
SM  834  501       758   0  1.37     0.0 247.8          M      131
================================================================================
AV 37.9 22.8                              11.3 FASTST   M    M   6    MAX(MPH)
                                 MISC ---->  # 31 270               # 45  270
================================================================================
NOTES:
# LAST OF SEVERAL OCCURRENCES

COLUMN 17 PEAK WIND IN M.P.H.

PRELIMINARY LOCAL CLIMATOLOGICAL DATA (WS FORM: F-6) , PAGE 2

                                          STATION:  DECATUR IL AIRPORT
                                          MONTH:    FEBRUARY
                                          YEAR:     2019
                                          LATITUDE:   39 49 N
                                          LONGITUDE:  88 51 W

[TEMPERATURE DATA]      [PRECIPITATION DATA]       SYMBOLS USED IN COLUMN 16

AVERAGE MONTHLY: 30.3   TOTAL FOR MONTH:   1.37    1 = FOG OR MIST
DPTR FM NORMAL:   0.2   DPTR FM NORMAL:   -0.15    2 = FOG REDUCING VISIBILITY
HIGHEST:    58 ON  4    GRTST 24HR  0.41 ON 11-11      TO 1/4 MILE OR LESS
LOWEST:      8 ON  9                               3 = THUNDER
                        SNOW, ICE PELLETS, HAIL    4 = ICE PELLETS
                        TOTAL MONTH:   0.0 INCH    5 = HAIL
                        GRTST 24HR     0.0         6 = FREEZING RAIN OR DRIZZLE
                        GRTST DEPTH:   0           7 = DUSTSTORM OR SANDSTORM:
                                                       VSBY 1/2 MILE OR LESS
                                                   8 = SMOKE OR HAZE
[NO. OF DAYS WITH]      [WEATHER - DAYS WITH]      9 = BLOWING SNOW
                                                   X = TORNADO
MAX 32 OR BELOW:   5    0.01 INCH OR MORE:   6
MAX 90 OR ABOVE:   0    0.10 INCH OR MORE:   4
MIN 32 OR BELOW:  20    0.50 INCH OR MORE:   0
MIN  0 OR BELOW:   0    1.00 INCH OR MORE:   0

[HDD (BASE 65) ]
TOTAL THIS MO.   758    CLEAR  (SCALE 0-3)   6
DPTR FM NORMAL    -8    PTCLDY (SCALE 4-7)   6
TOTAL FM JUL 1  4215    CLOUDY (SCALE 8-10) 10
DPTR FM NORMAL   142

[CDD (BASE 65) ]
TOTAL THIS MO.     0
DPTR FM NORMAL     0    [PRESSURE DATA]
TOTAL FM JAN 1     0    HIGHEST SLP M ON M
DPTR FM NORMAL     0    LOWEST  SLP 29.50 ON 14

[REMARKS]
