000
CXUS54 KSHV 221500
CF6DEQ
PRELIMINARY LOCAL CLIMATOLOGICAL DATA (WS FORM: F-6)

                                          STATION:   DE QUEEN
                                          MONTH:     OCTOBER
                                          YEAR:      2018
                                          LATITUDE:   34  2 N
                                          LONGITUDE:  94 24 W

  TEMPERATURE IN F:       :PCPN:    SNOW:  WIND      :SUNSHINE: SKY     :PK WND
================================================================================
1   2   3   4   5  6A  6B    7    8   9   10  11  12  13   14  15   16   17  18
                                     12Z  AVG MX 2MIN
DY MAX MIN AVG DEP HDD CDD  WTR  SNW DPTH SPD SPD DIR MIN PSBL S-S WX    SPD DR
================================================================================

 1  86  68  77   9   0  12 0.03  0.0    0  1.2  9 190   M    M   6 12     12 170
 2  88  66  77  10   0  12 0.00  0.0    0  1.9 10 180   M    M   5 128    14 200
 3  90  66  78  11   0  13 0.00  0.0    0  4.4 15 180   M    M   2 12     18 190
 4  91  67  79  12   0  14 0.00  0.0    0  2.5 13 200   M    M   2 12     17 200
 5  90  67  79  13   0  14 0.00  0.0    0  4.2 14 190   M    M   1 12     20 210
 6  89  69  79  13   0  14 0.00  0.0    0  3.7 12 180   M    M   3 18     16 210
 7  89  68  79  13   0  14 0.00  0.0    0  5.3 15 150   M    M   5 1      20 140
 8  89  71  80  15   0  15 0.00  0.0    0  5.9 17 120   M    M   4        26 130
 9  83  65  74   9   0   9 0.37  0.0    0  5.9 18 300   M    M   8 1      27 310
10  77  53  65   0   0   0 0.00  0.0    0  5.0 16 270   M    M   4 12     21 260
11  76  48  62  -3   3   0 0.00  0.0    0  2.5  9  20   M    M   0 18     14  90
12  60  51  56  -8   9   0 0.33  0.0    0  1.2  8  80   M    M   8 12     12 150
13  63  59  61  -3   4   0 2.44  0.0    0  5.5 22 110   M    M  10 123    29 110
14  71  63  67   3   0   2 0.40  0.0    0  2.0  7 320   M    M   9 1       9  20
15  67  48  58  -6   7   0 1.57    M    0  5.8 13  40   M    M  10 13     18 340
16  52  47  50 -13  15   0 0.42    M    0  3.0  8  60   M    M   9 1      12  40
17  63  49  56  -7   9   0    T    M    0  1.6  7  80   M    M   2 1       9  80
18  66  50  58  -5   7   0 0.00  0.0    0  4.9 16  90   M    M   1        22  70
19  63  57  60  -2   5   0 0.46  0.0    0  2.2  6  70   M    M   9 1       M  M
20  75  48  62   0   3   0    T    M    0  3.3 14  50   M    M   3 1      19  10
21  64  40  52 -10  13   0 0.00  0.0    0  3.3 16 100   M    M   1 1      23  60
================================================================================
SM 1592 1220        75 119  6.02     0.0  75.3          M      102
================================================================================
AV 75.8 58.1                               3.6 FASTST   M    M   5    MAX(MPH)
                                 MISC ---->  # 22 110               # 29  110
================================================================================
NOTES:
# LAST OF SEVERAL OCCURRENCES

COLUMN 17 PEAK WIND IN M.P.H.

PRELIMINARY LOCAL CLIMATOLOGICAL DATA (WS FORM: F-6) , PAGE 2

                                          STATION:  DE QUEEN
                                          MONTH:    OCTOBER
                                          YEAR:     2018
                                          LATITUDE:   34  2 N
                                          LONGITUDE:  94 24 W

[TEMPERATURE DATA]      [PRECIPITATION DATA]       SYMBOLS USED IN COLUMN 16

AVERAGE MONTHLY: 67.0   TOTAL FOR MONTH:   6.02    1 = FOG OR MIST
DPTR FM NORMAL:   2.3   DPTR FM NORMAL:    2.89    2 = FOG REDUCING VISIBILITY
HIGHEST:    91 ON  4    GRTST 24HR  2.44 ON 13-13      TO 1/4 MILE OR LESS
LOWEST:     40 ON 21                               3 = THUNDER
                        SNOW, ICE PELLETS, HAIL    4 = ICE PELLETS
                        TOTAL MONTH:   0.0 INCH    5 = HAIL
                        GRTST 24HR     0.0         6 = FREEZING RAIN OR DRIZZLE
                        GRTST DEPTH:   0           7 = DUSTSTORM OR SANDSTORM:
                                                       VSBY 1/2 MILE OR LESS
                                                   8 = SMOKE OR HAZE
[NO. OF DAYS WITH]      [WEATHER - DAYS WITH]      9 = BLOWING SNOW
                                                   X = TORNADO
MAX 32 OR BELOW:   0    0.01 INCH OR MORE:   8
MAX 90 OR ABOVE:   3    0.10 INCH OR MORE:   7
MIN 32 OR BELOW:   0    0.50 INCH OR MORE:   2
MIN  0 OR BELOW:   0    1.00 INCH OR MORE:   2

[HDD (BASE 65) ]
TOTAL THIS MO.    75    CLEAR  (SCALE 0-3)   8
DPTR FM NORMAL    12    PTCLDY (SCALE 4-7)   7
TOTAL FM JUL 1    75    CLOUDY (SCALE 8-10)  6
DPTR FM NORMAL     3

[CDD (BASE 65) ]
TOTAL THIS MO.   119
DPTR FM NORMAL    63    [PRESSURE DATA]
TOTAL FM JAN 1  2422    HIGHEST SLP M ON M
DPTR FM NORMAL   501    LOWEST  SLP 29.67 ON 13

[REMARKS]
