000
CXUS54 KSHV 161500
CF6DEQ
PRELIMINARY LOCAL CLIMATOLOGICAL DATA (WS FORM: F-6)

                                          STATION:   DE QUEEN
                                          MONTH:     FEBRUARY
                                          YEAR:      2019
                                          LATITUDE:   34  2 N
                                          LONGITUDE:  94 24 W

  TEMPERATURE IN F:       :PCPN:    SNOW:  WIND      :SUNSHINE: SKY     :PK WND
================================================================================
1   2   3   4   5  6A  6B    7    8   9   10  11  12  13   14  15   16   17  18
                                     12Z  AVG MX 2MIN
DY MAX MIN AVG DEP HDD CDD  WTR  SNW DPTH SPD SPD DIR MIN PSBL S-S WX    SPD DR
================================================================================

 1  64  46  55  13  10   0 0.00  0.0    0  1.8  9 130   M    M  10        11 130
 2  60  47  54  12  11   0 0.00  0.0    0  3.6  8 100   M    M   9 12     10 130
 3  67  46  57  15   8   0    T  0.0    0  4.8 13 180   M    M  10 12     17 170
 4  79  56  68  25   0   3 0.00  0.0    0  5.1 14 200   M    M   6 1      17 200
 5  77  54  66  23   0   1    T  0.0    0  5.0 13 180   M    M   8 18     17 180
 6  78  67  73  30   0   8    T  0.0    0  6.9 14 170   M    M   8 1      18 180
 7  74  26  50   7  15   0 1.08  0.0    0 12.1 32 280   M    M   7 13     44 290
 8  44  22  33 -10  32   0 0.00  0.0    0  5.1 13  30   M    M   0        15  40
 9  40  29  35  -9  30   0    T    T    0  6.6 16 100   M    M   7 14     22  70
10  43  34  39  -5  26   0 0.43    T    0  2.8 10 110   M    M  10 1      14 110
11  56  43  50   6  15   0 1.51    M    0  1.5  9 100   M    M  10 12     10 110
12  56  32  44   0  21   0 0.01    M    0  7.9 21 340   M    M   3 12     29 330
13  63  28  46   1  19   0 0.00  0.0    0  3.7 17 200   M    M   0 1      27 190
14  71  42  57  12   8   0 0.00  0.0    0  7.8 26 220   M    M   2        34 240
15  56  45  51   6  14   0 0.00  0.0    0  6.4 16 120   M    M   7 1      22  80
================================================================================
SM  928  617       209  12  3.03    T     81.1          M       97
================================================================================
AV 61.9 41.1                               5.4 FASTST   M    M   6    MAX(MPH)
                                 MISC ---->  # 32 280               # 44  290
================================================================================
NOTES:
# LAST OF SEVERAL OCCURRENCES

COLUMN 17 PEAK WIND IN M.P.H.

PRELIMINARY LOCAL CLIMATOLOGICAL DATA (WS FORM: F-6) , PAGE 2

                                          STATION:  DE QUEEN
                                          MONTH:    FEBRUARY
                                          YEAR:     2019
                                          LATITUDE:   34  2 N
                                          LONGITUDE:  94 24 W

[TEMPERATURE DATA]      [PRECIPITATION DATA]       SYMBOLS USED IN COLUMN 16

AVERAGE MONTHLY: 51.5   TOTAL FOR MONTH:   3.03    1 = FOG OR MIST
DPTR FM NORMAL:   8.0   DPTR FM NORMAL:    0.81    2 = FOG REDUCING VISIBILITY
HIGHEST:    79 ON  4    GRTST 24HR  1.51 ON 11-11      TO 1/4 MILE OR LESS
LOWEST:     22 ON  8                               3 = THUNDER
                        SNOW, ICE PELLETS, HAIL    4 = ICE PELLETS
                        TOTAL MONTH:    T          5 = HAIL
                        GRTST 24HR    T  ON 10-10  6 = FREEZING RAIN OR DRIZZLE
                        GRTST DEPTH:   0           7 = DUSTSTORM OR SANDSTORM:
                                                       VSBY 1/2 MILE OR LESS
                                                   8 = SMOKE OR HAZE
[NO. OF DAYS WITH]      [WEATHER - DAYS WITH]      9 = BLOWING SNOW
                                                   X = TORNADO
MAX 32 OR BELOW:   0    0.01 INCH OR MORE:   4
MAX 90 OR ABOVE:   0    0.10 INCH OR MORE:   3
MIN 32 OR BELOW:   5    0.50 INCH OR MORE:   2
MIN  0 OR BELOW:   0    1.00 INCH OR MORE:   2

[HDD (BASE 65) ]
TOTAL THIS MO.   209    CLEAR  (SCALE 0-3)   3
DPTR FM NORMAL  -114    PTCLDY (SCALE 4-7)   6
TOTAL FM JUL 1  2041    CLOUDY (SCALE 8-10)  6
DPTR FM NORMAL  -218

[CDD (BASE 65) ]
TOTAL THIS MO.    12
DPTR FM NORMAL    12    [PRESSURE DATA]
TOTAL FM JAN 1    12    HIGHEST SLP M ON M
DPTR FM NORMAL    11    LOWEST  SLP 29.64 ON 15

[REMARKS]
