713
CXUS53 KIWX 160800
CF6DFI
PRELIMINARY LOCAL CLIMATOLOGICAL DATA (WS FORM: F-6)

                                          STATION:   DEFIANCE MEMORIAL
                                          MONTH:     OCTOBER
                                          YEAR:      2019
                                          LATITUDE:   41 20 N
                                          LONGITUDE:  84 26 W

  TEMPERATURE IN F:       :PCPN:    SNOW:  WIND      :SUNSHINE: SKY     :PK WND
================================================================================
1   2   3   4   5  6A  6B    7    8   9   10  11  12  13   14  15   16   17  18
                                     12Z  AVG MX 2MIN
DY MAX MIN AVG DEP HDD CDD  WTR  SNW DPTH SPD SPD DIR MIN PSBL S-S WX    SPD DR
================================================================================

 1  88  67  78  21   0  13 0.00  0.0    0  5.5 13 230   M    M   1        22 240
 2  81  60  71  14   0   6 0.02  0.0    0  6.8 16  30   M    M   5 18     23  70
 3  77  53  65   9   0   0 0.01  0.0    0  8.5 22 300   M    M   7 12     32 270
 4  63  49  56   0   9   0 0.00  0.0    0  7.2 16  10   M    M   7        22 360
 5  66  45  56   0   9   0    T  0.0    0  4.8 15  90   M    M   2        22 100
 6  70  56  63   8   2   0 0.05  0.0    0  3.5 16 300   M    M   4 1      21 300
 7  72  47  60   5   5   0 0.00  0.0    0  3.3 13 310   M    M   0        22 300
 8  70  41  56   2   9   0 0.00  0.0    0  1.2  7 130   M    M   0 1      10  20
 9  71  45  58   4   7   0 0.00  0.0    0  5.5 15  70   M    M   0 1      22  50
10  77  49  63   9   2   0 0.00  0.0    0  5.1 14 100   M    M   1        18  80
11  71  45  58   4   7   0 0.15  0.0    0  9.2 23 190   M    M   8 1      34 200
12  53  36  45  -8  20   0    T  0.0    0  9.5 20 200   M    M   0        31 230
13  65  41  53   0  12   0 0.00  0.0    0 10.7 22 220   M    M   1        34 230
14  56  38  47  -5  18   0 0.00  0.0    0  4.4 15 300   M    M   5        23 300
15  72  34  53   1  12   0 0.01    M    0  6.5 23 220   M    M   3        34 190
================================================================================
SM 1052  706       112  19  0.24     0.0  91.7          M       44
================================================================================
AV 70.1 47.1                               6.1 FASTST   M    M   3    MAX(MPH)
                                 MISC ---->  # 23 190               # 34  200
================================================================================
NOTES:
# LAST OF SEVERAL OCCURRENCES

COLUMN 17 PEAK WIND IN M.P.H.

PRELIMINARY LOCAL CLIMATOLOGICAL DATA (WS FORM: F-6) , PAGE 2

                                          STATION:  DEFIANCE MEMORIAL
                                          MONTH:    OCTOBER
                                          YEAR:     2019
                                          LATITUDE:   41 20 N
                                          LONGITUDE:  84 26 W

[TEMPERATURE DATA]      [PRECIPITATION DATA]       SYMBOLS USED IN COLUMN 16

AVERAGE MONTHLY: 58.6   TOTAL FOR MONTH:   0.24    1 = FOG OR MIST
DPTR FM NORMAL:   4.1   DPTR FM NORMAL:   -1.16    2 = FOG REDUCING VISIBILITY
HIGHEST:    88 ON  1    GRTST 24HR  0.15 ON 11-11      TO 1/4 MILE OR LESS
LOWEST:     34 ON 15                               3 = THUNDER
                        SNOW, ICE PELLETS, HAIL    4 = ICE PELLETS
                        TOTAL MONTH:   0.0 INCH    5 = HAIL
                        GRTST 24HR     0.0         6 = FREEZING RAIN OR DRIZZLE
                        GRTST DEPTH:   0           7 = DUSTSTORM OR SANDSTORM:
                                                       VSBY 1/2 MILE OR LESS
                                                   8 = SMOKE OR HAZE
[NO. OF DAYS WITH]      [WEATHER - DAYS WITH]      9 = BLOWING SNOW
                                                   X = TORNADO
MAX 32 OR BELOW:   0    0.01 INCH OR MORE:   5
MAX 90 OR ABOVE:   0    0.10 INCH OR MORE:   1
MIN 32 OR BELOW:   0    0.50 INCH OR MORE:   0
MIN  0 OR BELOW:   0    1.00 INCH OR MORE:   0

[HDD (BASE 65) ]
TOTAL THIS MO.   112    CLEAR  (SCALE 0-3)   8
DPTR FM NORMAL   -52    PTCLDY (SCALE 4-7)   6
TOTAL FM JUL 1   120    CLOUDY (SCALE 8-10)  1
DPTR FM NORMAL  -167

[CDD (BASE 65) ]
TOTAL THIS MO.    19
DPTR FM NORMAL    10    [PRESSURE DATA]
TOTAL FM JAN 1   993    HIGHEST SLP M ON M
DPTR FM NORMAL   295    LOWEST  SLP 29.67 ON 15

[REMARKS]
