232
CXUS53 KIWX 160810
CF6DFI
PRELIMINARY LOCAL CLIMATOLOGICAL DATA (WS FORM: F-6)

                                          STATION:   DEFIANCE MEMORIAL
                                          MONTH:     JUNE
                                          YEAR:      2021
                                          LATITUDE:   41 20 N
                                          LONGITUDE:  84 26 W

  TEMPERATURE IN F:       :PCPN:    SNOW:  WIND      :SUNSHINE: SKY     :PK WND
================================================================================
1   2   3   4   5  6A  6B    7    8   9   10  11  12  13   14  15   16   17  18
                                     12Z  AVG MX 2MIN
DY MAX MIN AVG DEP HDD CDD  WTR  SNW DPTH SPD SPD DIR MIN PSBL S-S WX    SPD DR
================================================================================

 1  76  58  67   2   0   2 0.00    M    M  2.2 10 100   M    M   5        16 150
 2  66  60  63  -3   2   0 0.97    M    M  3.8 10 170   M    M   9 1      15 160
 3  80  62  71   5   0   6    T    M    M  2.8  7 200   M    M   6 18     11 220
 4  88  63  76  10   0  11    T    M    M  6.3 16 300   M    M   3        25 300
 5  87  63  75   8   0  10 0.00    M    M  8.1 18 220   M    M   0        28 230
 6  89  63  76   9   0  11 0.00    M    M  6.1 14 200   M    M   2        23 210
 7  81  71  76   9   0  11 0.24    M    M  5.9 16 190   M    M   6 13     26 180
 8  83  68  76   8   0  11 0.04    M    M  3.1 16 190   M    M   2 13     25 180
 9  87  68  78  10   0  13 0.00    M    M  3.0 13 160   M    M   4 13     21 160
10  85  68  77   9   0  12 0.25    M    M  4.8 17 360   M    M   4 1      26  10
11  89  65  77   9   0  12 0.00    M    M  5.3 14  20   M    M   1        23  50
12  91  68  80  11   0  15 0.00    M    M  2.5  9  40   M    M   1        13  70
13  86  66  76   7   0  11 0.10    M    M  7.4 18 340   M    M   1 13     26  10
14  83  61  72   3   0   7 0.19    M    M  6.6 22 330   M    M   4 3      30 330
15  81  57  69  -1   0   4 0.00    M    M  6.8 18 360   M    M   1        24 340
================================================================================
SM 1252  961         2 136  1.79    M     74.7          M       49
================================================================================
AV 83.5 64.1                               5.0 FASTST   M    M   3    MAX(MPH)
                                 MISC ---->    22 330                 30 330
================================================================================
NOTES:
# LAST OF SEVERAL OCCURRENCES

COLUMN 17 PEAK WIND IN M.P.H.

PRELIMINARY LOCAL CLIMATOLOGICAL DATA (WS FORM: F-6) , PAGE 2

                                          STATION:   DEFIANCE MEMORIAL
                                          MONTH:     JUNE
                                          YEAR:      2021
                                          LATITUDE:   41 20 N
                                          LONGITUDE:  84 26 W

[TEMPERATURE DATA]      [PRECIPITATION DATA]       SYMBOLS USED IN COLUMN 16

AVERAGE MONTHLY: 73.8   TOTAL FOR MONTH:   1.79    1 = FOG OR MIST
DPTR FM NORMAL:   6.2   DPTR FM NORMAL:    0.10    2 = FOG REDUCING VISIBILITY
HIGHEST:    91 ON 12    GRTST 24HR  0.97 ON  2- 2      TO 1/4 MILE OR LESS
LOWEST:     57 ON 15                               3 = THUNDER
                        SNOW, ICE PELLETS, HAIL    4 = ICE PELLETS
                        TOTAL MONTH:  M            5 = HAIL
                        GRTST 24HR    M  ON   M    6 = FREEZING RAIN OR DRIZZLE
                        GRTST DEPTH:  M  ON   M    7 = DUSTSTORM OR SANDSTORM:
                                                       VSBY 1/2 MILE OR LESS
                                                   8 = SMOKE OR HAZE
[NO. OF DAYS WITH]      [WEATHER - DAYS WITH]      9 = BLOWING SNOW
                                                   X = TORNADO
MAX 32 OR BELOW:   0    0.01 INCH OR MORE:   6
MAX 90 OR ABOVE:   1    0.10 INCH OR MORE:   5
MIN 32 OR BELOW:   0    0.50 INCH OR MORE:   1
MIN  0 OR BELOW:   0    1.00 INCH OR MORE:   0

[HDD (BASE 65) ]
TOTAL THIS MO.     2    CLEAR  (SCALE 0-3)   8
DPTR FM NORMAL   -25    PTCLDY (SCALE 4-7)   6
TOTAL FM JUL 1  5471    CLOUDY (SCALE 8-10)  1
DPTR FM NORMAL  -703

[CDD (BASE 65) ]
TOTAL THIS MO.   136
DPTR FM NORMAL    71    [PRESSURE DATA]
TOTAL FM JAN 1   224    HIGHEST SLP M ON M
DPTR FM NORMAL   106    LOWEST  SLP 29.76 ON 11

[REMARKS]
