778
CXUS54 KFWD 220730
CF6DFW
PRELIMINARY LOCAL CLIMATOLOGICAL DATA (WS FORM: F-6)

                                          STATION:   DALLAS FORT WORTH
                                          MONTH:     OCTOBER
                                          YEAR:      2019
                                          LATITUDE:   32 54 N
                                          LONGITUDE:  97  2 W

  TEMPERATURE IN F:       :PCPN:    SNOW:  WIND      :SUNSHINE: SKY     :PK WND
================================================================================
1   2   3   4   5  6A  6B    7    8   9   10  11  12  13   14  15   16   17  18
                                     12Z  AVG MX 2MIN
DY MAX MIN AVG DEP HDD CDD  WTR  SNW DPTH SPD SPD DIR MIN PSBL S-S WX    SPD DR
================================================================================

 1  95  76  86  14   0  21 0.00  0.0    0 14.8 24 180   M    M   4        37 190
 2  95  75  85  13   0  20 0.00  0.0    0 12.3 21 190   M    M   2        27 150
 3  94  74  84  12   0  19 0.00  0.0    0  7.2 15 150   M    M   3        22 190
 4  90  73  82  11   0  17 0.00  0.0    0  5.9 14 110   M    M   5        18 120
 5  94  71  83  12   0  18 0.00  0.0    0  7.7 14 170   M    M   1        18 190
 6  97  65  81  10   0  16 0.00  0.0    0 13.2 30  10   M    M   5        36 360
 7  80  60  70   0   0   5    T  0.0    0 13.2 24  20   M    M   3 3      30  10
 8  79  56  68  -2   0   3 0.00  0.0    0  5.7 13 130   M    M   0        17 130
 9  89  61  75   5   0  10 0.00  0.0    0 13.6 25 170   M    M   6        33 160
10  91  57  74   5   0   9 0.52  0.0    0 17.7 29 350   M    M   8 13     36  10
11  63  43  53 -16  12   0 0.21  0.0    0 18.9 33 360   M    M   6 13     40 350
12  66  42  54 -15  11   0 0.00  0.0    0  3.2  9  70   M    M   1        13  80
13  79  54  67  -1   0   2 0.00  0.0    0  7.5 15 160   M    M   6        21 170
14  76  59  68   0   0   3 0.02  0.0    0  8.2 14 140   M    M   9 1      17 150
15  86  67  77   9   0  12    T  0.0    0 12.8 31  20   M    M   8 12     40  10
16  67  54  61  -7   4   0 0.00  0.0    0 11.3 29  20   M    M   7        37  20
17  74  47  61  -6   4   0 0.00  0.0    0  4.7 14 130   M    M   6 8      17 120
18  77  49  63  -4   2   0 0.00  0.0    0  9.1 16 140   M    M   1        21 130
19  85  62  74   7   0   9 0.04  0.0    0  9.6 23 150   M    M   1 3      29 150
20  88  55  72   6   0   7 0.91  0.0    0 11.9 49 250   M    M   2 1238   67 250
21  73  52  63  -3   2   0 0.33  0.0    0  9.7 29 230   M    M   3 123    34 230
================================================================================
SM 1738 1252        35 171  2.03     0.0 218.2          M       87
================================================================================
AV 82.8 59.6                              10.4 FASTST   M    M   4    MAX(MPH)
                                 MISC ---->  # 49 250               # 67  250
================================================================================
NOTES:
# LAST OF SEVERAL OCCURRENCES

COLUMN 17 PEAK WIND IN M.P.H.

PRELIMINARY LOCAL CLIMATOLOGICAL DATA (WS FORM: F-6) , PAGE 2

                                          STATION:  DALLAS FORT WORTH
                                          MONTH:    OCTOBER
                                          YEAR:     2019
                                          LATITUDE:   32 54 N
                                          LONGITUDE:  97  2 W

[TEMPERATURE DATA]      [PRECIPITATION DATA]       SYMBOLS USED IN COLUMN 16

AVERAGE MONTHLY: 71.2   TOTAL FOR MONTH:   2.03    1 = FOG OR MIST
DPTR FM NORMAL:   2.1   DPTR FM NORMAL:   -0.72    2 = FOG REDUCING VISIBILITY
HIGHEST:    97 ON  6    GRTST 24HR  0.91 ON 20-20      TO 1/4 MILE OR LESS
LOWEST:     42 ON 12                               3 = THUNDER
                        SNOW, ICE PELLETS, HAIL    4 = ICE PELLETS
                        TOTAL MONTH:   0.0 INCH    5 = HAIL
                        GRTST 24HR     0.0         6 = FREEZING RAIN OR DRIZZLE
                        GRTST DEPTH:   0           7 = DUSTSTORM OR SANDSTORM:
                                                       VSBY 1/2 MILE OR LESS
                                                   8 = SMOKE OR HAZE
[NO. OF DAYS WITH]      [WEATHER - DAYS WITH]      9 = BLOWING SNOW
                                                   X = TORNADO
MAX 32 OR BELOW:   0    0.01 INCH OR MORE:   6
MAX 90 OR ABOVE:   7    0.10 INCH OR MORE:   4
MIN 32 OR BELOW:   0    0.50 INCH OR MORE:   2
MIN  0 OR BELOW:   0    1.00 INCH OR MORE:   0

[HDD (BASE 65) ]
TOTAL THIS MO.    35    CLEAR  (SCALE 0-3)  10
DPTR FM NORMAL     5    PTCLDY (SCALE 4-7)   9
TOTAL FM JUL 1    35    CLOUDY (SCALE 8-10)  2
DPTR FM NORMAL    -1

[CDD (BASE 65) ]
TOTAL THIS MO.   171
DPTR FM NORMAL    54    [PRESSURE DATA]
TOTAL FM JAN 1  2996    HIGHEST SLP M ON M
DPTR FM NORMAL   302    LOWEST  SLP 29.46 ON 20

[REMARKS]
