000
CXUS54 KFWD 200730
CF6DFW
PRELIMINARY LOCAL CLIMATOLOGICAL DATA (WS FORM: F-6)

                                          STATION:   DALLAS FORT WORTH
                                          MONTH:     OCTOBER
                                          YEAR:      2018
                                          LATITUDE:   32 54 N
                                          LONGITUDE:  97  2 W

  TEMPERATURE IN F:       :PCPN:    SNOW:  WIND      :SUNSHINE: SKY     :PK WND
================================================================================
1   2   3   4   5  6A  6B    7    8   9   10  11  12  13   14  15   16   17  18
                                     12Z  AVG MX 2MIN
DY MAX MIN AVG DEP HDD CDD  WTR  SNW DPTH SPD SPD DIR MIN PSBL S-S WX    SPD DR
================================================================================

 1  86  70  78   6   0  13 0.00  0.0    0  8.7 17 170   M    M   6        22 190
 2  86  70  78   6   0  13 0.00  0.0    0  8.2 15 160   M    M   7        18 160
 3  91  73  82  10   0  17 0.00  0.0    0 13.5 22 180   M    M   3        27 160
 4  89  73  81  10   0  16 0.00  0.0    0  9.8 16 150   M    M   2        21 160
 5  90  74  82  11   0  17 0.00  0.0    0 11.9 21 190   M    M   3        26 200
 6  89  72  81  10   0  16 0.28  0.0    0 10.6 26 170   M    M   7 138    35 180
 7  89  71  80  10   0  15 0.13  0.0    0 11.6 36 130   M    M   8 13     48 130
 8  82  70  76   6   0  11 0.58  0.0    0  9.3 20 160   M    M   8 138    25 160
 9  75  62  69  -1   0   4 2.27  0.0    0  8.8 25 270   M    M   8 13     33 290
10  72  58  65  -4   0   0 0.00  0.0    0  9.8 20 330   M    M   3 1      24 310
11  73  52  63  -6   2   0 0.00  0.0    0  7.8 16  20   M    M   3        21  20
12  67  60  64  -5   1   0 0.57  0.0    0  6.5 17 120   M    M   9 18     20 120
13  66  60  63  -5   2   0 2.20  0.0    0  8.6 25 280   M    M  10 13     31 270
14  80  49  65  -3   0   0 0.06  0.0    0  9.9 28 340   M    M   9 13     33 340
15  49  41  45 -23  20   0 2.93  0.0    0 18.0 28 350   M    M   9 13     34 350
16  52  44  48 -20  17   0 1.60  0.0    0 11.5 23  30   M    M  10 1      28  20
17  56  48  52 -15  13   0 0.58  0.0    0  8.6 16 350   M    M  10 1      20 350
18  67  54  61  -6   4   0    T  0.0    0  7.3 16  60   M    M  10        19  60
19  61  56  59  -8   6   0 1.10  0.0    0  3.2 15 110   M    M  10 1      19 110
================================================================================
SM 1420 1157        65 122 12.30     0.0 183.6          M      135
================================================================================
AV 74.7 60.9                               9.7 FASTST   M    M   7    MAX(MPH)
                                 MISC ---->  # 36 130               # 48  130
================================================================================
NOTES:
# LAST OF SEVERAL OCCURRENCES

COLUMN 17 PEAK WIND IN M.P.H.

PRELIMINARY LOCAL CLIMATOLOGICAL DATA (WS FORM: F-6) , PAGE 2

                                          STATION:  DALLAS FORT WORTH
                                          MONTH:    OCTOBER
                                          YEAR:     2018
                                          LATITUDE:   32 54 N
                                          LONGITUDE:  97  2 W

[TEMPERATURE DATA]      [PRECIPITATION DATA]       SYMBOLS USED IN COLUMN 16

AVERAGE MONTHLY: 67.8   TOTAL FOR MONTH:  12.30    1 = FOG OR MIST
DPTR FM NORMAL:  -1.6   DPTR FM NORMAL:    9.88    2 = FOG REDUCING VISIBILITY
HIGHEST:    91 ON  3    GRTST 24HR  2.93 ON 15-15      TO 1/4 MILE OR LESS
LOWEST:     41 ON 15                               3 = THUNDER
                        SNOW, ICE PELLETS, HAIL    4 = ICE PELLETS
                        TOTAL MONTH:   0.0 INCH    5 = HAIL
                        GRTST 24HR     0.0         6 = FREEZING RAIN OR DRIZZLE
                        GRTST DEPTH:   0           7 = DUSTSTORM OR SANDSTORM:
                                                       VSBY 1/2 MILE OR LESS
                                                   8 = SMOKE OR HAZE
[NO. OF DAYS WITH]      [WEATHER - DAYS WITH]      9 = BLOWING SNOW
                                                   X = TORNADO
MAX 32 OR BELOW:   0    0.01 INCH OR MORE:  11
MAX 90 OR ABOVE:   2    0.10 INCH OR MORE:  10
MIN 32 OR BELOW:   0    0.50 INCH OR MORE:   8
MIN  0 OR BELOW:   0    1.00 INCH OR MORE:   5

[HDD (BASE 65) ]
TOTAL THIS MO.    65    CLEAR  (SCALE 0-3)   5
DPTR FM NORMAL    40    PTCLDY (SCALE 4-7)   5
TOTAL FM JUL 1    65    CLOUDY (SCALE 8-10)  9
DPTR FM NORMAL    34

[CDD (BASE 65) ]
TOTAL THIS MO.   122
DPTR FM NORMAL    13    [PRESSURE DATA]
TOTAL FM JAN 1  3122    HIGHEST SLP M ON M
DPTR FM NORMAL   436    LOWEST  SLP 29.62 ON  9

[REMARKS]
