000
CXUS54 KAMA 231015
CF6DHT
PRELIMINARY LOCAL CLIMATOLOGICAL DATA (WS FORM: F-6)

                                          STATION:   DALHART
                                          MONTH:     OCTOBER
                                          YEAR:      2018
                                          LATITUDE:   36  1 N
                                          LONGITUDE: 102 33 W

  TEMPERATURE IN F:       :PCPN:    SNOW:  WIND      :SUNSHINE: SKY     :PK WND
================================================================================
1   2   3   4   5  6A  6B    7    8   9   10  11  12  13   14  15   16   17  18
                                     12Z  AVG MX 2MIN
DY MAX MIN AVG DEP HDD CDD  WTR  SNW DPTH SPD SPD DIR MIN PSBL S-S WX    SPD DR
================================================================================

 1  91  60  76  15   0  11 0.00  0.0    0 13.5 24 160   M    M   2        28 160
 2  90  55  73  12   0   8 0.38  0.0    0 14.3 29 250   M    M   1 138    45 200
 3  93  64  79  19   0  14    T  0.0    0 13.4 25 220   M    M   1 3      30 210
 4  72  51  62   2   3   0 0.00  0.0    0 14.6 30  10   M    M   4        37  10
 5  92  57  75  15   0  10 0.00  0.0    0 16.3 35 240   M    M   0 18     47 240
 6  57  46  52  -7  13   0 0.00  0.0    0 15.2 32 360   M    M   9 138    37 360
 7  63  48  56  -3   9   0 1.62  0.0    0 10.6 28 120   M    M  10 123    34 120
 8  68  50  59   1   6   0 0.39  0.0    0 10.3 21  20   M    M   8 123    25  80
 9  50  37  44 -14  21   0 0.73  0.0    0 16.9 32  20   M    M   9 1      39  20
10  62  37  50  -8  15   0 0.00  0.0    0  8.7 28  50   M    M   6        33  50
11  50  40  45 -12  20   0 0.03  0.0    0 12.5 18 170   M    M  10 1      23 170
12  63  47  55  -2  10   0 0.00  0.0    0 10.5 24  10   M    M   5 1      29  20
13  75  50  63   6   2   0 0.00  0.0    0 12.6 20 160   M    M   6 1      24 170
14  55  29  42 -14  23   0 0.03    M    0 25.9 40 360   M    M   8 8      50 360
15  49  29  39 -17  26   0    T    T    0 12.8 25  10   M    M   4 8      28 360
16  62  31  47  -9  18   0 0.00  0.0    0  8.7 20  20   M    M   7        24  10
17  61  42  52  -3  13   0 0.03  0.0    0  7.6 17  90   M    M  10 18     23  80
18  49  45  47  -8  18   0 0.41  0.0    0  9.4 17 170   M    M  10 1      20 190
19  74  37  56   1   9   0 0.00  0.0    0 11.6 24 360   M    M   2        29 360
20  69  39  54   0  11   0 0.00  0.0    0  7.2 13 350   M    M   0        15 350
21  72  36  54   0  11   0 0.00    M    0 12.8 29 220   M    M   0        36 200
22  76  39  58   4   7   0 0.00  0.0    0  8.2 16  70   M    M   0 8      20  70
================================================================================
SM 1493  969       235  43  3.62    T    273.6          M      112
================================================================================
AV 67.9 44.1                              12.4 FASTST   M    M   5    MAX(MPH)
                                 MISC ---->  # 40 360               # 50  360
================================================================================
NOTES:
# LAST OF SEVERAL OCCURRENCES

COLUMN 17 PEAK WIND IN M.P.H.

PRELIMINARY LOCAL CLIMATOLOGICAL DATA (WS FORM: F-6) , PAGE 2

                                          STATION:  DALHART
                                          MONTH:    OCTOBER
                                          YEAR:     2018
                                          LATITUDE:   36  1 N
                                          LONGITUDE: 102 33 W

[TEMPERATURE DATA]      [PRECIPITATION DATA]       SYMBOLS USED IN COLUMN 16

AVERAGE MONTHLY: 56.0   TOTAL FOR MONTH:   3.62    1 = FOG OR MIST
DPTR FM NORMAL:  -1.3   DPTR FM NORMAL:    2.55    2 = FOG REDUCING VISIBILITY
HIGHEST:    93 ON  3    GRTST 24HR  1.62 ON  7- 7      TO 1/4 MILE OR LESS
LOWEST:     29 ON 15,14                            3 = THUNDER
                        SNOW, ICE PELLETS, HAIL    4 = ICE PELLETS
                        TOTAL MONTH:    T          5 = HAIL
                        GRTST 24HR    T  ON 15-15  6 = FREEZING RAIN OR DRIZZLE
                        GRTST DEPTH:   0           7 = DUSTSTORM OR SANDSTORM:
                                                       VSBY 1/2 MILE OR LESS
                                                   8 = SMOKE OR HAZE
[NO. OF DAYS WITH]      [WEATHER - DAYS WITH]      9 = BLOWING SNOW
                                                   X = TORNADO
MAX 32 OR BELOW:   0    0.01 INCH OR MORE:   8
MAX 90 OR ABOVE:   4    0.10 INCH OR MORE:   5
MIN 32 OR BELOW:   3    0.50 INCH OR MORE:   2
MIN  0 OR BELOW:   0    1.00 INCH OR MORE:   1

[HDD (BASE 65) ]
TOTAL THIS MO.   235    CLEAR  (SCALE 0-3)   8
DPTR FM NORMAL    56    PTCLDY (SCALE 4-7)   8
TOTAL FM JUL 1   265    CLOUDY (SCALE 8-10)  6
DPTR FM NORMAL    23

[CDD (BASE 65) ]
TOTAL THIS MO.    43
DPTR FM NORMAL    35    [PRESSURE DATA]
TOTAL FM JAN 1  1598    HIGHEST SLP M ON M
DPTR FM NORMAL   462    LOWEST  SLP 29.66 ON M

[REMARKS]
