000
CXUS54 KAMA 180710
CF6DHT
PRELIMINARY LOCAL CLIMATOLOGICAL DATA (WS FORM: F-6)

                                          STATION:   DALHART
                                          MONTH:     OCTOBER
                                          YEAR:      2019
                                          LATITUDE:   36  1 N
                                          LONGITUDE: 102 33 W

  TEMPERATURE IN F:       :PCPN:    SNOW:  WIND      :SUNSHINE: SKY     :PK WND
================================================================================
1   2   3   4   5  6A  6B    7    8   9   10  11  12  13   14  15   16   17  18
                                     12Z  AVG MX 2MIN
DY MAX MIN AVG DEP HDD CDD  WTR  SNW DPTH SPD SPD DIR MIN PSBL S-S WX    SPD DR
================================================================================

 1  70  63  67   6   0   2 0.87  0.0    0 14.6 22 170   M    M   7 1      27 180
 2  82  58  70   9   0   5 0.02  0.0    0 14.1 23 210   M    M   4 1      29 180
 3  58  49  54  -6  11   0 0.13    M    M 12.2 26  20   M    M  10 12     33  30
 4  72  51  62   2   3   0 0.06  0.0    0 11.8 28 200   M    M   8 1      33 200
 5  72  50  61   1   4   0 0.00  0.0    0 12.9 30  40   M    M   1 18     35  40
 6  68  45  57  -2   8   0 0.00  0.0    0 11.5 28  40   M    M   1        34  30
 7  72  38  55  -4  10   0 0.00  0.0    0 10.7 24 210   M    M   0        31 210
 8  83  45  64   6   1   0 0.00  0.0    0 17.2 28 210   M    M   0        36 210
 9  87  49  68  10   0   3 0.00  0.0    0 15.0 35 220   M    M   0 1      47 210
10  64  33  49  -9  16   0 0.00  0.0    0 24.4 33 360   M    M   0        41 360
11  56  22  39 -18  26   0 0.00  0.0    0  9.9 29 360   M    M   0        35  10
12  72  24  48  -9  17   0 0.00  0.0    0 12.7 28 210   M    M   0        34 220
13  79  31  55  -2  10   0 0.00  0.0    0  7.1 14 140   M    M   0 8      17  20
14  86  36  61   5   4   0 0.00  0.0    0 10.5 26 230   M    M   0 8      34 210
15  68  43  56   0   9   0 0.00  0.0    0 15.1 35  10   M    M   0        43  10
16  75  33  54  -2  11   0 0.00  0.0    0 12.5 28 210   M    M   0        34 210
17  85  33  59   4   6   0 0.00  0.0    M 13.7 29 220   M    M   0        36 200
================================================================================
SM 1249  703       136  10  1.08  0.0    225.9          M       31
================================================================================
AV 73.5 41.4                              13.3 FASTST   M    M   2    MAX(MPH)
                                 MISC ---->  # 35 220                 47 210
================================================================================
NOTES:
# LAST OF SEVERAL OCCURRENCES

COLUMN 17 PEAK WIND IN M.P.H.

PRELIMINARY LOCAL CLIMATOLOGICAL DATA (WS FORM: F-6) , PAGE 2

                                          STATION:   DALHART
                                          MONTH:     OCTOBER
                                          YEAR:      2019
                                          LATITUDE:   36  1 N
                                          LONGITUDE: 102 33 W

[TEMPERATURE DATA]      [PRECIPITATION DATA]       SYMBOLS USED IN COLUMN 16

AVERAGE MONTHLY: 57.4   TOTAL FOR MONTH:   1.08    1 = FOG OR MIST
DPTR FM NORMAL:  -0.7   DPTR FM NORMAL:    0.27    2 = FOG REDUCING VISIBILITY
HIGHEST:    87 ON  9    GRTST 24HR  1.52 ON 30- 1      TO 1/4 MILE OR LESS
LOWEST:     22 ON 11                               3 = THUNDER
                        SNOW, ICE PELLETS, HAIL    4 = ICE PELLETS
                        TOTAL MONTH:   0.0 INCH    5 = HAIL
                        GRTST 24HR  0.0            6 = FREEZING RAIN OR DRIZZLE
                        GRTST DEPTH:  0            7 = DUSTSTORM OR SANDSTORM:
                                                       VSBY 1/2 MILE OR LESS
                                                   8 = SMOKE OR HAZE
[NO. OF DAYS WITH]      [WEATHER - DAYS WITH]      9 = BLOWING SNOW
                                                   X = TORNADO
MAX 32 OR BELOW:   0    0.01 INCH OR MORE:   4
MAX 90 OR ABOVE:   0    0.10 INCH OR MORE:   2
MIN 32 OR BELOW:   3    0.50 INCH OR MORE:   1
MIN  0 OR BELOW:   0    1.00 INCH OR MORE:   0

[HDD (BASE 65) ]
TOTAL THIS MO.   136    CLEAR  (SCALE 0-3)  13
DPTR FM NORMAL    10    PTCLDY (SCALE 4-7)   2
TOTAL FM JUL 1   136    CLOUDY (SCALE 8-10)  2
DPTR FM NORMAL   -53

[CDD (BASE 65) ]
TOTAL THIS MO.    10
DPTR FM NORMAL     2    [PRESSURE DATA]
TOTAL FM JAN 1  1494    HIGHEST SLP M ON M
DPTR FM NORMAL   358    LOWEST  SLP 29.50 ON  9

[REMARKS]
