000
CXUS54 KAMA 181015
CF6DHT
PRELIMINARY LOCAL CLIMATOLOGICAL DATA (WS FORM: F-6)

                                          STATION:   DALHART
                                          MONTH:     FEBRUARY
                                          YEAR:      2019
                                          LATITUDE:   36  1 N
                                          LONGITUDE: 102 33 W

  TEMPERATURE IN F:       :PCPN:    SNOW:  WIND      :SUNSHINE: SKY     :PK WND
================================================================================
1   2   3   4   5  6A  6B    7    8   9   10  11  12  13   14  15   16   17  18
                                     12Z  AVG MX 2MIN
DY MAX MIN AVG DEP HDD CDD  WTR  SNW DPTH SPD SPD DIR MIN PSBL S-S WX    SPD DR
================================================================================

 1  57  18  38   2  27   0 0.00  0.0    0  8.0 16 160   M    M   0        20 160
 2  71  20  46  10  19   0 0.00  0.0    0 12.3 25 230   M    M   0 1      32 210
 3  74  26  50  14  15   0 0.00  0.0    0 15.4 33 250   M    M   0 8      41 250
 4  68  31  50  14  15   0 0.00  0.0    0 10.0 23 210   M    M   0        28 210
 5  69  31  50  14  15   0 0.00  0.0    0 14.5 31 220   M    M   0        43 240
 6  67  18  43   7  22   0 0.00  0.0    0 19.8 43 220   M    M   2 1      54 220
 7  29  12  21 -15  44   0    T    M    0  9.7 23 360   M    M   6 18     26 360
 8  42   3  23 -13  42   0 0.00  0.0    0 15.3 32 190   M    M   0 8      41 180
 9  50  14  32  -5  33   0 0.00  0.0    0 19.4 32 190   M    M   1        40 200
10  59  24  42   5  23   0 0.00  0.0    0 12.3 24 210   M    M   0        30 190
11  58  24  41   4  24   0 0.00  0.0    0 15.9 49 240   M    M   2 8      61 240
12  57  13  35  -2  30   0 0.00  0.0    0  9.8 20 220   M    M   0        25 180
13  68  22  45   8  20   0 0.00  0.0    0 18.9 37 220   M    M   0        45 230
14  74  41  58  21   7   0 0.00  0.0    0 12.4 24 240   M    M   1 8      30 240
15  44  24  34  -4  31   0 0.00  0.0    0  9.7 22  40   M    M   3 8      26  40
16  65  24  45   7  20   0 0.00  0.0    0 18.3 44 230   M    M   2 18     54 250
17  49  17  33  -5  32   0    M    M    M 11.4 38 110   M    M   3 1      47 120
================================================================================
SM 1001  362       419   0    T      0.0 233.1          M       20
================================================================================
AV 58.9 21.3                              13.7 FASTST   M    M   1    MAX(MPH)
                                 MISC ---->  # 49 240               # 61  240
================================================================================
NOTES:
# LAST OF SEVERAL OCCURRENCES

COLUMN 17 PEAK WIND IN M.P.H.

PRELIMINARY LOCAL CLIMATOLOGICAL DATA (WS FORM: F-6) , PAGE 2

                                          STATION:  DALHART
                                          MONTH:    FEBRUARY
                                          YEAR:     2019
                                          LATITUDE:   36  1 N
                                          LONGITUDE: 102 33 W

[TEMPERATURE DATA]      [PRECIPITATION DATA]       SYMBOLS USED IN COLUMN 16

AVERAGE MONTHLY: 40.1   TOTAL FOR MONTH:      T    1 = FOG OR MIST
DPTR FM NORMAL:   3.4   DPTR FM NORMAL:   -0.25    2 = FOG REDUCING VISIBILITY
HIGHEST:    74 ON 14, 3 GRTST 24HR    T  ON  7- 7      TO 1/4 MILE OR LESS
LOWEST:      3 ON  8                               3 = THUNDER
                        SNOW, ICE PELLETS, HAIL    4 = ICE PELLETS
                        TOTAL MONTH:   0.0 INCH    5 = HAIL
                        GRTST 24HR     0.0         6 = FREEZING RAIN OR DRIZZLE
                        GRTST DEPTH:   0           7 = DUSTSTORM OR SANDSTORM:
                                                       VSBY 1/2 MILE OR LESS
                                                   8 = SMOKE OR HAZE
[NO. OF DAYS WITH]      [WEATHER - DAYS WITH]      9 = BLOWING SNOW
                                                   X = TORNADO
MAX 32 OR BELOW:   1    0.01 INCH OR MORE:   0
MAX 90 OR ABOVE:   0    0.10 INCH OR MORE:   0
MIN 32 OR BELOW:  16    0.50 INCH OR MORE:   0
MIN  0 OR BELOW:   0    1.00 INCH OR MORE:   0

[HDD (BASE 65) ]
TOTAL THIS MO.   419    CLEAR  (SCALE 0-3)  16
DPTR FM NORMAL   -62    PTCLDY (SCALE 4-7)   1
TOTAL FM JUL 1  3241    CLOUDY (SCALE 8-10)  0
DPTR FM NORMAL  -122

[CDD (BASE 65) ]
TOTAL THIS MO.     0
DPTR FM NORMAL     0    [PRESSURE DATA]
TOTAL FM JAN 1     0    HIGHEST SLP M ON M
DPTR FM NORMAL     0    LOWEST  SLP 29.39 ON 16

[REMARKS]
