228
CXUS53 KBIS 270830
CF6DIK
PRELIMINARY LOCAL CLIMATOLOGICAL DATA (WS FORM: F-6)

                                          STATION:   DICKINSON ND
                                          MONTH:     MAY
                                          YEAR:      2024
                                          LATITUDE:   46 47 N
                                          LONGITUDE: 102 48 W

  TEMPERATURE IN F:       :PCPN:    SNOW:  WIND      :SUNSHINE: SKY     :PK WND
================================================================================
1   2   3   4   5  6A  6B    7    8   9   10  11  12  13   14  15   16   17  18
                                     12Z  AVG MX 2MIN
DY MAX MIN AVG DEP HDD CDD  WTR  SNW DPTH SPD SPD DIR MIN PSBL S-S WX    SPD DR
================================================================================

 1  54  28  41  -6  24   0 0.00    M    M  9.2 17 280   M    M   4        21 280
 2  57  30  44  -3  21   0    T    M    M 13.7 32 250   M    M   2        41 270
 3  50  32  41  -7  24   0 0.05    M    M 15.7 29 290   M    M   7 1      38 310
 4  58  28  43  -5  22   0 0.00    M    M  7.9 16 310   M    M   1        21 300
 5  72  32  52   4  13   0 0.00    M    M 23.9 40 140   M    M   0        55 120
 6  58  50  54   5  11   0 0.04    M    M 20.8 33 110   M    M   9 1      46 120
 7  52  39  46  -3  19   0 0.48    M    M 14.4 30 280   M    M   8 12     36 270
 8  59  43  51   1  14   0 0.01    M    M  9.8 22  40   M    M   7 12     28  50
 9  70  39  55   5  10   0 0.00    M    M 12.0 23 330   M    M   3        33 320
10  71  40  56   5   9   0 0.00    M    M 12.4 24 310   M    M   0        37 320
11  79  47  63  12   2   0 0.00    M    M 12.4 23 250   M    M   0        36 230
12  71  44  58   7   7   0 0.00    M    M  7.6 16  30   M    M   5 8      23  30
13  80  39  60   8   5   0 0.10    M    M 14.1 28 160   M    M   3 3      38 180
14  74  48  61   9   4   0 0.02    M    M 10.9 31 130   M    M   3        38 130
15  66  44  55   2  10   0 0.00    M    M  9.2 17 350   M    M   4 1      26 350
16  77  46  62   9   3   0 0.01    M    M  9.3 29 260   M    M   3        37 290
17  82  44  63  10   2   0 0.10    M    M 12.4 38 280   M    M   3 1      50 280
18  66  37  52  -2  13   0 0.03    M    M 19.7 36 290   M    M   4        50 290
19  68  38  53  -1  12   0 0.23    M    M 14.0 29  90   M    M   4 38     42  90
20  63  40  52  -3  13   0 0.00    M    M  8.5 23 290   M    M   3        29 290
21  66  37  52  -3  13   0    T    M    M  8.4 23 300   M    M   4        30 300
22  68  35  52  -3  13   0 0.00    M    M  6.9 14  50   M    M   5        19  30
23  60  43  52  -4  13   0 0.97    M    M 18.4 35  40   M    M   7 13     47  40
24  60  40  50  -6  15   0 0.67    M    M 15.3 28 350   M    M   8 1      40 350
25  68  37  53  -3  12   0 0.03    M    M  5.6 25 320   M    M   1 3      35 330
26  66  42  54  -3  11   0 0.17    M    M  8.3 30 280   M    M   7 1      41 270
================================================================================
SM 1715 1022       315   0  2.91    M    320.8          M      105
================================================================================
AV 66.0 39.3                              12.3 FASTST   M    M   4    MAX(MPH)
                                 MISC ---->    40 140                 55 120
================================================================================
NOTES:
# LAST OF SEVERAL OCCURRENCES

COLUMN 17 PEAK WIND IN M.P.H.

PRELIMINARY LOCAL CLIMATOLOGICAL DATA (WS FORM: F-6) , PAGE 2

                                          STATION:   DICKINSON ND
                                          MONTH:     MAY
                                          YEAR:      2024
                                          LATITUDE:   46 47 N
                                          LONGITUDE: 102 48 W

[TEMPERATURE DATA]      [PRECIPITATION DATA]       SYMBOLS USED IN COLUMN 16

AVERAGE MONTHLY: 52.6   TOTAL FOR MONTH:   2.91    1 = FOG OR MIST
DPTR FM NORMAL:   0.7   DPTR FM NORMAL:    0.86    2 = FOG REDUCING VISIBILITY
HIGHEST:    82 ON 17    GRTST 24HR  1.57 ON 23-24      TO 1/4 MILE OR LESS
LOWEST:     28 ON  4, 1                             3 = THUNDER
                        SNOW, ICE PELLETS, HAIL    4 = ICE PELLETS
                        TOTAL MONTH:  M            5 = HAIL
                        GRTST 24HR    M  ON   M    6 = FREEZING RAIN OR DRIZZLE
                        GRTST DEPTH:  M  ON   M    7 = DUSTSTORM OR SANDSTORM:
                                                       VSBY 1/2 MILE OR LESS
                                                   8 = SMOKE OR HAZE
[NO. OF DAYS WITH]      [WEATHER - DAYS WITH]      9 = BLOWING SNOW
                                                   X = TORNADO
MAX 32 OR BELOW:   0    0.01 INCH OR MORE:  14
MAX 90 OR ABOVE:   0    0.10 INCH OR MORE:   7
MIN 32 OR BELOW:   5    0.50 INCH OR MORE:   2
MIN  0 OR BELOW:   0    1.00 INCH OR MORE:   0

[HDD (BASE 65) ]
TOTAL THIS MO.   315    CLEAR  (SCALE 0-3)  11
DPTR FM NORMAL   -30    PTCLDY (SCALE 4-7)  12
TOTAL FM JUL 1  7590    CLOUDY (SCALE 8-10)  3
DPTR FM NORMAL  -719

[CDD (BASE 65) ]
TOTAL THIS MO.     0
DPTR FM NORMAL     0    [PRESSURE DATA]
TOTAL FM JAN 1     0    HIGHEST SLP M ON M
DPTR FM NORMAL     0    LOWEST  SLP 29.05 ON  7

[REMARKS]