000
CXUS53 KBIS 230803
CF6DIK
PRELIMINARY LOCAL CLIMATOLOGICAL DATA (WS FORM: F-6)

                                          STATION:   DICKINSON ND
                                          MONTH:     JANUARY
                                          YEAR:      2019
                                          LATITUDE:   46 47 N
                                          LONGITUDE: 102 48 W

  TEMPERATURE IN F:       :PCPN:    SNOW:  WIND      :SUNSHINE: SKY     :PK WND
================================================================================
1   2   3   4   5  6A  6B    7    8   9   10  11  12  13   14  15   16   17  18
                                     12Z  AVG MX 2MIN
DY MAX MIN AVG DEP HDD CDD  WTR  SNW DPTH SPD SPD DIR MIN PSBL S-S WX    SPD DR
================================================================================

 1  21  -9   6 -10  59   0    T    M    M 15.0 28 260   M    M   5        36 260
 2  37  17  27  11  38   0 0.00    M    M 17.0 29 280   M    M   4        38 280
 3  42  30  36  20  29   0 0.00    M    M 15.1 22 250   M    M   0        28 240
 4  50  34  42  26  23   0 0.00    M    M 12.7 20 280   M    M   1        26 270
 5  42  24  33  17  32   0 0.00    M    M  9.4 21 130   M    M   3 128    27 130
 6  37  27  32  16  33   0 0.00    M    M 16.8 32 140   M    M   7 1      45 130
 7  45  25  35  19  30   0 0.00    M    M 14.1 23 270   M    M   1        31 260
 8  28   9  19   3  46   0 0.00    M    M 19.6 32 310   M    M   0        44 310
 9  23   4  14  -2  51   0 0.00    M    M 12.5 24 130   M    M   1        30 140
10  48  13  31  15  34   0 0.00    M    M  8.7 17 140   M    M   0        22 140
11  31   8  20   4  45   0    T    M    M  6.4 13  30   M    M   4 12     15  50
12  23   8  16   0  49   0    T    M    M  8.5 16 180   M    M   9 12     20 190
13  41  15  28  12  37   0 0.00    M    M  7.7 16 290   M    M   1 1      21 270
14  38  18  28  12  37   0 0.00    M    M  6.3 13 200   M    M   3 12     16 200
15  27  17  22   6  43   0 0.00    M    M 11.7 24 330   M    M   6 1      33 340
16  20  15  18   2  47   0 0.00    M    M 10.3 15 160   M    M  10 1      19 120
17  23   6  15  -1  50   0    T    M    M  9.2 18  70   M    M  10 12     24  60
18   7 -12  -2 -18  67   0    M    M    M  9.8 16  70   M    M   9 18     22  60
19  13  -3   5 -11  60   0    M    M    M 10.4 21 140   M    M   9 18     26 130
20  10   2   6 -10  59   0    T    M    M 17.3 24 170   M    M  10 18     30 170
21  12   7  10  -6  55   0    T    M    M  9.6 18 150   M    M  10 128    22 150
22  26   9  18   1  47   0    T    M    M 15.3 24 320   M    M   8 1      33 320
================================================================================
SM  644  264       971   0    T     M    263.4          M      111
================================================================================
AV 29.3 12.0                              12.0 FASTST   M    M   5    MAX(MPH)
                                 MISC ---->  # 32 140               # 45  130
================================================================================
NOTES:
# LAST OF SEVERAL OCCURRENCES

COLUMN 17 PEAK WIND IN M.P.H.

PRELIMINARY LOCAL CLIMATOLOGICAL DATA (WS FORM: F-6) , PAGE 2

                                          STATION:  DICKINSON ND
                                          MONTH:    JANUARY
                                          YEAR:     2019
                                          LATITUDE:   46 47 N
                                          LONGITUDE: 102 48 W

[TEMPERATURE DATA]      [PRECIPITATION DATA]       SYMBOLS USED IN COLUMN 16

AVERAGE MONTHLY: 20.6   TOTAL FOR MONTH:      T    1 = FOG OR MIST
DPTR FM NORMAL:   4.6   DPTR FM NORMAL:   -0.23    2 = FOG REDUCING VISIBILITY
HIGHEST:    50 ON  4    GRTST 24HR    T  ON 22-22      TO 1/4 MILE OR LESS
LOWEST:    -12 ON 18                               3 = THUNDER
                        SNOW, ICE PELLETS, HAIL    4 = ICE PELLETS
                        TOTAL MONTH:    M          5 = HAIL
                        GRTST 24HR    M  ON   M    6 = FREEZING RAIN OR DRIZZLE
                        GRTST DEPTH:  M  ON   M    7 = DUSTSTORM OR SANDSTORM:
                                                       VSBY 1/2 MILE OR LESS
                                                   8 = SMOKE OR HAZE
[NO. OF DAYS WITH]      [WEATHER - DAYS WITH]      9 = BLOWING SNOW
                                                   X = TORNADO
MAX 32 OR BELOW:  13    0.01 INCH OR MORE:   0
MAX 90 OR ABOVE:   0    0.10 INCH OR MORE:   0
MIN 32 OR BELOW:  21    0.50 INCH OR MORE:   0
MIN  0 OR BELOW:   3    1.00 INCH OR MORE:   0

[HDD (BASE 65) ]
TOTAL THIS MO.   971    CLEAR  (SCALE 0-3)   8
DPTR FM NORMAL  -106    PTCLDY (SCALE 4-7)   7
TOTAL FM JUL 1  4477    CLOUDY (SCALE 8-10)  7
DPTR FM NORMAL  -137

[CDD (BASE 65) ]
TOTAL THIS MO.     0
DPTR FM NORMAL     0    [PRESSURE DATA]
TOTAL FM JAN 1     0    HIGHEST SLP M ON M
DPTR FM NORMAL     0    LOWEST  SLP 29.49 ON  7

[REMARKS]
