243
CXUS51 KLWX 210620
CF6DMH
PRELIMINARY LOCAL CLIMATOLOGICAL DATA (WS FORM: F-6)

                                          STATION:   BALTIMORE INNER HARBOR MD
                                          MONTH:     OCTOBER
                                          YEAR:      2019
                                          LATITUDE:   39 16 N
                                          LONGITUDE:  76 37 W

  TEMPERATURE IN F:       :PCPN:    SNOW:  WIND      :SUNSHINE: SKY     :PK WND
================================================================================
1   2   3   4   5  6A  6B    7    8   9   10  11  12  13   14  15   16   17  18
                                     12Z  AVG MX 2MIN
DY MAX MIN AVG DEP HDD CDD  WTR  SNW DPTH SPD SPD DIR MIN PSBL S-S WX    SPD DR
================================================================================

 1  89  69  79  13   0  14 0.00    M    M   M   M   M   M    M   M         M  M
 2  95  73  84  19   0  19 0.00    M    M   M   M   M   M    M   M         M  M
 3  82  70  76  11   0  11 0.00    M    M   M   M   M   M    M   M         M  M
 4  76  53  65   1   0   0 0.00    M    M   M   M   M   M    M   M         M  M
 5  68  48  58  -6   7   0 0.00    M    M   M   M   M   M    M   M         M  M
 6  73  62  68   4   0   3 0.00    M    M   M   M   M   M    M   M         M  M
 7  85  60  73  10   0   8 0.11    M    M   M   M   M   M    M   M         M  M
 8  68  60  64   1   1   0 0.00    M    M   M   M   M   M    M   M         M  M
 9  68  57  63   1   2   0 0.07    M    M   M   M   M   M    M   M         M  M
10  76  56  66   4   0   1 0.00    M    M   M   M   M   M    M   M         M  M
11  74  57  66   4   0   1 0.00    M    M   M   M   M   M    M   M         M  M
12  73  55  64   3   1   0 0.00    M    M   M   M   M   M    M   M         M  M
13  65  54  60  -1   5   0 0.00    M    M   M   M   M   M    M   M         M  M
14  77  53  65   5   0   0 0.00    M    M   M   M   M   M    M   M         M  M
15  71  52  62   2   3   0 0.00    M    M   M   M   M   M    M   M         M  M
16  64  52  58  -2   7   0 1.37    M    M   M   M   M   M    M   M         M  M
17  61  51  56  -4   9   0 0.00    M    M   M   M   M   M    M   M         M  M
18  63  49  56  -3   9   0 0.00    M    M   M   M   M   M    M   0         M  M
19  64  46  55  -4  10   0 0.00    M    M   M   M   M   M    M   M         M  M
20  57  54  56  -3   9   0 1.14    M    M   M   M   M   M    M   M         M  M
================================================================================
SM 1449 1131        63  57  2.69    M        M          M        0
================================================================================
AV 72.5 56.6                                 M FASTST   M    M   0    MAX(MPH)
                                 MISC ---->     M   M                  M    M
================================================================================
NOTES:
# LAST OF SEVERAL OCCURRENCES

COLUMN 17 PEAK WIND IN M.P.H.

PRELIMINARY LOCAL CLIMATOLOGICAL DATA (WS FORM: F-6) , PAGE 2

                                          STATION:  BALTIMORE INNER HARBOR MD
                                          MONTH:    OCTOBER
                                          YEAR:     2019
                                          LATITUDE:   39 16 N
                                          LONGITUDE:  76 37 W

[TEMPERATURE DATA]      [PRECIPITATION DATA]       SYMBOLS USED IN COLUMN 16

AVERAGE MONTHLY: 64.5   TOTAL FOR MONTH:   2.69    1 = FOG OR MIST
DPTR FM NORMAL:   2.5   DPTR FM NORMAL:    0.59    2 = FOG REDUCING VISIBILITY
HIGHEST:    95 ON  2    GRTST 24HR  1.37 ON 16-16      TO 1/4 MILE OR LESS
LOWEST:     46 ON 19                               3 = THUNDER
                        SNOW, ICE PELLETS, HAIL    4 = ICE PELLETS
                        TOTAL MONTH:    M          5 = HAIL
                        GRTST 24HR    M  ON   M    6 = FREEZING RAIN OR DRIZZLE
                        GRTST DEPTH:  M  ON   M    7 = DUSTSTORM OR SANDSTORM:
                                                       VSBY 1/2 MILE OR LESS
                                                   8 = SMOKE OR HAZE
[NO. OF DAYS WITH]      [WEATHER - DAYS WITH]      9 = BLOWING SNOW
                                                   X = TORNADO
MAX 32 OR BELOW:   0    0.01 INCH OR MORE:   4
MAX 90 OR ABOVE:   1    0.10 INCH OR MORE:   3
MIN 32 OR BELOW:   0    0.50 INCH OR MORE:   2
MIN  0 OR BELOW:   0    1.00 INCH OR MORE:   2

[HDD (BASE 65) ]
TOTAL THIS MO.    63    CLEAR  (SCALE 0-3)   1
DPTR FM NORMAL   -33    PTCLDY (SCALE 4-7)   0
TOTAL FM JUL 1    63    CLOUDY (SCALE 8-10)  0
DPTR FM NORMAL   -51

[CDD (BASE 65) ]
TOTAL THIS MO.    57
DPTR FM NORMAL    22    [PRESSURE DATA]
TOTAL FM JAN 1  2046    HIGHEST SLP M ON M
DPTR FM NORMAL   386    LOWEST  SLP 29.51 ON 16

[REMARKS]
