000
CXUS51 KLWX 180620
CF6DMH
PRELIMINARY LOCAL CLIMATOLOGICAL DATA (WS FORM: F-6)

                                          STATION:   BALTIMORE INNER HARBOR MD
                                          MONTH:     DECEMBER
                                          YEAR:      2018
                                          LATITUDE:   39 16 N
                                          LONGITUDE:  76 37 W

  TEMPERATURE IN F:       :PCPN:    SNOW:  WIND      :SUNSHINE: SKY     :PK WND
================================================================================
1   2   3   4   5  6A  6B    7    8   9   10  11  12  13   14  15   16   17  18
                                     12Z  AVG MX 2MIN
DY MAX MIN AVG DEP HDD CDD  WTR  SNW DPTH SPD SPD DIR MIN PSBL S-S WX    SPD DR
================================================================================

 1  46  38  42  -2  23   0 0.25    M    M   M   M   M   M    M   M         M  M
 2  57  46  52   8  13   0 0.27    M    M   M   M   M   M    M   M         M  M
 3  59  46  53   9  12   0 0.00    M    M   M   M   M   M    M   M         M  M
 4  46  34  40  -3  25   0 0.00    M    M   M   M   M   M    M   M         M  M
 5  38  31  35  -8  30   0 0.00    M    M   M   M   M   M    M   0         M  M
 6  44  31  38  -4  27   0 0.00    M    M   M   M   M   M    M   M         M  M
 7  42  33  38  -4  27   0 0.00    M    M   M   M   M   M    M   M         M  M
 8  39  28  34  -8  31   0 0.00    M    M   M   M   M   M    M   M         M  M
 9  35  31  33  -8  32   0 0.00    M    M   M   M   M   M    M   M         M  M
10  39  30  35  -6  30   0 0.00    M    M   M   M   M   M    M   M         M  M
11  45  29  37  -3  28   0 0.00    M    M   M   M   M   M    M   M         M  M
12  47  37  42   2  23   0 0.00    M    M   M   M   M   M    M   M         M  M
13  50  40  45   5  20   0 0.00    M    M   M   M   M   M    M   M         M  M
14  50  41  46   6  19   0 0.24    M    M   M   M   M   M    M   M         M  M
15  55  49  52  13  13   0 1.54    M    M   M   M   M   M    M   M         M  M
16  49  42  46   7  19   0 0.59    M    M   M   M   M   M    M   0         M  M
17  55  41  48   9  17   0 0.00    M    M   M   M   M   M    M   0         M  M
================================================================================
SM  796  627       389   0  2.89    M        M          M        0
================================================================================
AV 46.8 36.9                                 M FASTST   M    M   0    MAX(MPH)
                                 MISC ---->     M   M                  M    M
================================================================================
NOTES:
# LAST OF SEVERAL OCCURRENCES

COLUMN 17 PEAK WIND IN M.P.H.

PRELIMINARY LOCAL CLIMATOLOGICAL DATA (WS FORM: F-6) , PAGE 2

                                          STATION:  BALTIMORE INNER HARBOR MD
                                          MONTH:    DECEMBER
                                          YEAR:     2018
                                          LATITUDE:   39 16 N
                                          LONGITUDE:  76 37 W

[TEMPERATURE DATA]      [PRECIPITATION DATA]       SYMBOLS USED IN COLUMN 16

AVERAGE MONTHLY: 41.9   TOTAL FOR MONTH:   2.89    1 = FOG OR MIST
DPTR FM NORMAL:   0.5   DPTR FM NORMAL:    0.93    2 = FOG REDUCING VISIBILITY
HIGHEST:    59 ON  3    GRTST 24HR  1.54 ON 15-15      TO 1/4 MILE OR LESS
LOWEST:     28 ON  8                               3 = THUNDER
                        SNOW, ICE PELLETS, HAIL    4 = ICE PELLETS
                        TOTAL MONTH:    M          5 = HAIL
                        GRTST 24HR    M  ON   M    6 = FREEZING RAIN OR DRIZZLE
                        GRTST DEPTH:  M  ON   M    7 = DUSTSTORM OR SANDSTORM:
                                                       VSBY 1/2 MILE OR LESS
                                                   8 = SMOKE OR HAZE
[NO. OF DAYS WITH]      [WEATHER - DAYS WITH]      9 = BLOWING SNOW
                                                   X = TORNADO
MAX 32 OR BELOW:   0    0.01 INCH OR MORE:   5
MAX 90 OR ABOVE:   0    0.10 INCH OR MORE:   5
MIN 32 OR BELOW:   6    0.50 INCH OR MORE:   2
MIN  0 OR BELOW:   0    1.00 INCH OR MORE:   1

[HDD (BASE 65) ]
TOTAL THIS MO.   389    CLEAR  (SCALE 0-3)   3
DPTR FM NORMAL   -13    PTCLDY (SCALE 4-7)   0
TOTAL FM JUL 1  1157    CLOUDY (SCALE 8-10)  0
DPTR FM NORMAL   104

[CDD (BASE 65) ]
TOTAL THIS MO.     0
DPTR FM NORMAL     0    [PRESSURE DATA]
TOTAL FM JAN 1  2114    HIGHEST SLP M ON M
DPTR FM NORMAL   449    LOWEST  SLP 29.62 ON  2

[REMARKS]
