000
CXUS51 KLWX 300602
CF6DMH
PRELIMINARY LOCAL CLIMATOLOGICAL DATA (WS FORM: F-6)

                                          STATION:   BALTIMORE INNER HARBOR MD
                                          MONTH:     MARCH
                                          YEAR:      2020
                                          LATITUDE:   39 16 N
                                          LONGITUDE:  76 37 W

  TEMPERATURE IN F:       :PCPN:    SNOW:  WIND      :SUNSHINE: SKY     :PK WND
================================================================================
1   2   3   4   5  6A  6B    7    8   9   10  11  12  13   14  15   16   17  18
                                     12Z  AVG MX 2MIN
DY MAX MIN AVG DEP HDD CDD  WTR  SNW DPTH SPD SPD DIR MIN PSBL S-S WX    SPD DR
================================================================================

 1  50  27  39  -3  26   0 0.00    M    M    M  M   M   M    M   M         M   M
 2  68  36  52  10  13   0 0.10    M    M    M  M   M   M    M   M         M   M
 3  62  45  54  12  11   0 0.05    M    M    M  M   M   M    M   M         M   M
 4  63  44  54  12  11   0 0.01    M    M    M  M   M   M    M   M         M   M
 5  56  42  49   6  16   0 0.00    M    M    M  M   M   M    M   M         M   M
 6  47  39  43   0  22   0 0.14    M    M    M  M   M   M    M   M         M   M
 7  50  38  44   1  21   0 0.00    M    M    M  M   M   M    M   M         M   M
 8  64  37  51   7  14   0 0.00    M    M    M  M   M   M    M   M         M   M
 9  75  39  57  13   8   0 0.00    M    M    M  M   M   M    M   M         M   M
10  73  56  65  21   0   0 0.01    M    M    M  M   M   M    M   M         M   M
11  57  47  52   7  13   0 0.00    M    M    M  M   M   M    M   M         M   M
12  59  47  53   8  12   0 0.00    M    M    M  M   M   M    M   M         M   M
13  74  50  62  17   3   0 0.25    M    M    M  M   M   M    M   M         M   M
14  60  42  51   5  14   0 0.12    M    M    M  M   M   M    M   M         M   M
15  54  41  48   2  17   0 0.08    M    M    M  M   M   M    M   0         M   M
16  55  39  47   1  18   0 0.00    M    M    M  M   M   M    M   0         M   M
17  63  44  54   7  11   0 0.00    M    M    M  M   M   M    M   0         M   M
18  58  44  51   4  14   0 0.25    M    M    M  M   M   M    M   M         M   M
19  64  47  56   9   9   0 0.48    M    M    M  M   M   M    M   M         M   M
20  82  54  68  20   0   3 0.00    M    M    M  M   M   M    M   M         M   M
21  69  45  57   9   8   0 0.02    M    M    M  M   M   M    M   M         M   M
22  52  37  45  -3  20   0 0.01    M    M    M  M   M   M    M   M         M   M
23  48  40  44  -5  21   0 0.35    M    M    M  M   M   M    M   M         M   M
24  58  43  51   2  14   0 0.00    M    M    M  M   M   M    M   M         M   M
25  50  45  48  -1  17   0 0.19    M    M    M  M   M   M    M   M         M   M
26  62  41  52   2  13   0 0.00    M    M    M  M   M   M    M   0         M   M
27  65  51  58   8   7   0 0.01    M    M    M  M   M   M    M   M         M   M
28  60  50  55   5  10   0 0.90    M    M    M  M   M   M    M   M         M   M
29  58  50  54   3  11   0 0.00    M    M    M  M   M   M    M   M         M   M
================================================================================
SM 1756 1260       374   3  2.97    M        M          M        0
================================================================================
AV 60.6 43.4                                 M FASTST   M    M   0    MAX(MPH)
                                 MISC ---->     M   M                  M   M
================================================================================
NOTES:
# LAST OF SEVERAL OCCURRENCES

COLUMN 17 PEAK WIND IN M.P.H.

PRELIMINARY LOCAL CLIMATOLOGICAL DATA (WS FORM: F-6) , PAGE 2

                                          STATION:   BALTIMORE INNER HARBOR MD
                                          MONTH:     MARCH
                                          YEAR:      2020
                                          LATITUDE:   39 16 N
                                          LONGITUDE:  76 37 W

[TEMPERATURE DATA]      [PRECIPITATION DATA]       SYMBOLS USED IN COLUMN 16

AVERAGE MONTHLY: 52.0   TOTAL FOR MONTH:   2.97    1 = FOG OR MIST
DPTR FM NORMAL:   6.0   DPTR FM NORMAL:   -0.60    2 = FOG REDUCING VISIBILITY
HIGHEST:    82 ON 20    GRTST 24HR  0.90 ON 28-28      TO 1/4 MILE OR LESS
LOWEST:     27 ON  1                               3 = THUNDER
                        SNOW, ICE PELLETS, HAIL    4 = ICE PELLETS
                        TOTAL MONTH:  M            5 = HAIL
                        GRTST 24HR    M  ON   M    6 = FREEZING RAIN OR DRIZZLE
                        GRTST DEPTH:  M  ON   M    7 = DUSTSTORM OR SANDSTORM:
                                                       VSBY 1/2 MILE OR LESS
                                                   8 = SMOKE OR HAZE
[NO. OF DAYS WITH]      [WEATHER - DAYS WITH]      9 = BLOWING SNOW
                                                   X = TORNADO
MAX 32 OR BELOW:   0    0.01 INCH OR MORE:  16
MAX 90 OR ABOVE:   0    0.10 INCH OR MORE:   9
MIN 32 OR BELOW:   1    0.50 INCH OR MORE:   1
MIN  0 OR BELOW:   0    1.00 INCH OR MORE:   0

[HDD (BASE 65) ]
TOTAL THIS MO.   374    CLEAR  (SCALE 0-3)   4
DPTR FM NORMAL  -175    PTCLDY (SCALE 4-7)   0
TOTAL FM JUL 1  3079    CLOUDY (SCALE 8-10) 25
DPTR FM NORMAL  -558

[CDD (BASE 65) ]
TOTAL THIS MO.     3
DPTR FM NORMAL     3    [PRESSURE DATA]
TOTAL FM JAN 1     3    HIGHEST SLP M ON M
DPTR FM NORMAL     3    LOWEST  SLP 29.48 ON  3

[REMARKS]
