000
CXUS55 KGJT 241000
CF6DRO
PRELIMINARY LOCAL CLIMATOLOGICAL DATA (WS FORM: F-6)

                                          STATION:   DURANGO AIRPORT CO
                                          MONTH:     JANUARY
                                          YEAR:      2020
                                          LATITUDE:   37  9 N
                                          LONGITUDE: 107 45 W

  TEMPERATURE IN F:       :PCPN:    SNOW:  WIND      :SUNSHINE: SKY     :PK WND
================================================================================
1   2   3   4   5  6A  6B    7    8   9   10  11  12  13   14  15   16   17  18
                                     12Z  AVG MX 2MIN
DY MAX MIN AVG DEP HDD CDD  WTR  SNW DPTH SPD SPD DIR MIN PSBL S-S WX    SPD DR
================================================================================

 1  23   0  12 -12  53   0    T    M    M  3.8  9 100   M    M   5 1      13 100
 2  31   5  18  -6  47   0 0.00    M    M  3.4 12 210   M    M   5 1      15 210
 3  30   1  16  -7  49   0 0.00    M    M  3.2  9  90   M    M   4        13  90
 4  35   5  20  -3  45   0 0.00    M    M  3.2 10  10   M    M   0        13  10
 5  42   4  23   0  42   0 0.00    M    M  3.7 10 260   M    M   0        16 250
 6  36   5  21  -2  44   0 0.00    M    M  5.0 12  90   M    M   0        15  90
 7  37   3  20  -3  45   0 0.00    M    M  3.3  7  40   M    M   0         9 100
 8  40   8  24   1  41   0 0.00    M    M  4.4  9 280   M    M   1        13 280
 9  33  14  24   1  41   0    T    M    M  3.5 13 220   M    M   6 12     16 210
10  34   4  19  -4  46   0 0.00    M    M  5.6 14 230   M    M   2 12     18 220
11  31   0  16  -7  49   0 0.00    M    M  3.5 12  50   M    M   2        15  60
12  31   9  20  -3  45   0    T    M    M  4.4 12 250   M    M   5 1      15 260
13  37  16  27   4  38   0    T    M    M  4.1 22 260   M    M   4 1      30 280
14  42   6  24   1  41   0 0.00    M    M  3.9  9 360   M    M   0        12  60
15  45   8  27   4  38   0 0.00    M    M  3.4 10  10   M    M   0        13  90
16  41  23  32   9  33   0 0.07    M    M  2.8 12 150   M    M   6 1      16 150
17  36  14  25   2  40   0 0.04    M    M 10.6 38 260   M    M   7 128    53 270
18  33   4  19  -5  46   0 0.00    M    M  3.2 13  10   M    M   0 1      14  10
19  40   9  25   1  40   0 0.00    M    M  2.4  9  10   M    M   0        10  10
20  44  12  28   4  37   0 0.00    M    M  3.1 12  40   M    M   2        12  50
21  35  31  33   9  32   0 0.25    M    M  3.0 13 250   M    M  10 12     17 250
22  39  22  31   7  34   0 0.00    M    M  4.1 13 250   M    M   4        17 260
23  36  19  28   4  37   0 0.00    M    M  4.6 10  10   M    M   5 12     12 360
================================================================================
SM  831  222       963   0  0.36    M     92.2          M       68
================================================================================
AV 36.1  9.7                               4.0 FASTST   M    M   3    MAX(MPH)
                                 MISC ---->  # 38 260               # 53  270
================================================================================
NOTES:
# LAST OF SEVERAL OCCURRENCES

COLUMN 17 PEAK WIND IN M.P.H.

PRELIMINARY LOCAL CLIMATOLOGICAL DATA (WS FORM: F-6) , PAGE 2

                                          STATION:  DURANGO AIRPORT CO
                                          MONTH:    JANUARY
                                          YEAR:     2020
                                          LATITUDE:   37  9 N
                                          LONGITUDE: 107 45 W

[TEMPERATURE DATA]      [PRECIPITATION DATA]       SYMBOLS USED IN COLUMN 16

AVERAGE MONTHLY: 22.9   TOTAL FOR MONTH:   0.36    1 = FOG OR MIST
DPTR FM NORMAL:  -0.5   DPTR FM NORMAL:   -0.49    2 = FOG REDUCING VISIBILITY
HIGHEST:    45 ON 15    GRTST 24HR  0.25 ON 21-21      TO 1/4 MILE OR LESS
LOWEST:      0 ON 11, 1                            3 = THUNDER
                        SNOW, ICE PELLETS, HAIL    4 = ICE PELLETS
                        TOTAL MONTH:    M          5 = HAIL
                        GRTST 24HR    M  ON   M    6 = FREEZING RAIN OR DRIZZLE
                        GRTST DEPTH:  M  ON   M    7 = DUSTSTORM OR SANDSTORM:
                                                       VSBY 1/2 MILE OR LESS
                                                   8 = SMOKE OR HAZE
[NO. OF DAYS WITH]      [WEATHER - DAYS WITH]      9 = BLOWING SNOW
                                                   X = TORNADO
MAX 32 OR BELOW:   5    0.01 INCH OR MORE:   3
MAX 90 OR ABOVE:   0    0.10 INCH OR MORE:   1
MIN 32 OR BELOW:  23    0.50 INCH OR MORE:   0
MIN  0 OR BELOW:   2    1.00 INCH OR MORE:   0

[HDD (BASE 65) ]
TOTAL THIS MO.   963    CLEAR  (SCALE 0-3)  12
DPTR FM NORMAL     3    PTCLDY (SCALE 4-7)  10
TOTAL FM JUL 1  3873    CLOUDY (SCALE 8-10)  1
DPTR FM NORMAL    39

[CDD (BASE 65) ]
TOTAL THIS MO.     0
DPTR FM NORMAL     0    [PRESSURE DATA]
TOTAL FM JAN 1     0    HIGHEST SLP M ON M
DPTR FM NORMAL     0    LOWEST  SLP 29.60 ON  8

[REMARKS]
