000
CXUS55 KGJT 211000
CF6DRO
PRELIMINARY LOCAL CLIMATOLOGICAL DATA (WS FORM: F-6)

                                          STATION:   DURANGO AIRPORT CO
                                          MONTH:     OCTOBER
                                          YEAR:      2019
                                          LATITUDE:   37  9 N
                                          LONGITUDE: 107 45 W

  TEMPERATURE IN F:       :PCPN:    SNOW:  WIND      :SUNSHINE: SKY     :PK WND
================================================================================
1   2   3   4   5  6A  6B    7    8   9   10  11  12  13   14  15   16   17  18
                                     12Z  AVG MX 2MIN
DY MAX MIN AVG DEP HDD CDD  WTR  SNW DPTH SPD SPD DIR MIN PSBL S-S WX    SPD DR
================================================================================

 1  73  35  54   1  11   0 0.00    M    M  7.4 22 220   M    M   0        32 230
 2  67  31  49  -3  16   0 0.00    M    M  5.2 15 270   M    M   0        25 260
 3  74  29  52   0  13   0 0.00    M    M  4.4 16 210   M    M   1        26 200
 4  73  39  56   4   9   0 0.02    M    M  7.4 20 260   M    M   4 1      31 210
 5  71  29  50  -1  15   0 0.00    M    M  8.7 30 260   M    M   0        39 250
 6  71  25  48  -3  17   0 0.00    M    M  5.3 18 210   M    M   0        29 220
 7  70  25  48  -2  17   0 0.00    M    M  4.6 12  20   M    M   0        17  80
 8  73  29  51   1  14   0 0.00    M    M  5.4 21 260   M    M   0        28 270
 9  70  31  51   1  14   0 0.00    M    M  8.1 24 220   M    M   0        36 250
10  55  24  40  -9  25   0 0.00    M    M 13.6 33 270   M    M   1        43 270
11  54  12  33 -16  32   0 0.00    M    M  4.8 14 250   M    M   0        22 260
12  63  15  39  -9  26   0 0.00    M    M  5.3 21 260   M    M   0        27 250
13  66  19  43  -5  22   0 0.00    M    M  4.6 20 250   M    M   0        26 250
14  67  25  46  -2  19   0 0.00    M    M  6.6 23 250   M    M   0        34 260
15  69  22  46  -1  19   0 0.00    M    M  4.4 16 270   M    M   0        23 230
16  71  25  48   1  17   0 0.00    M    M  5.3 18 220   M    M   0        24 220
17  70  27  49   3  16   0 0.00    M    M  5.0 18 210   M    M   1 8      25 220
18  61  33  47   1  18   0 0.04    M    M  9.2 30 280   M    M   3 1      40 270
19  60  18  39  -7  26   0 0.00    M    M  6.3 21 270   M    M   0        27 250
20  48  25  37  -8  28   0 0.00    M    M 12.0 31 310   M    M   1        44 290
================================================================================
SM 1326  518       374   0  0.06    M    133.6          M       11
================================================================================
AV 66.3 25.9                               6.7 FASTST   M    M   1    MAX(MPH)
                                 MISC ---->  # 33 270               # 44  290
================================================================================
NOTES:
# LAST OF SEVERAL OCCURRENCES

COLUMN 17 PEAK WIND IN M.P.H.

PRELIMINARY LOCAL CLIMATOLOGICAL DATA (WS FORM: F-6) , PAGE 2

                                          STATION:  DURANGO AIRPORT CO
                                          MONTH:    OCTOBER
                                          YEAR:     2019
                                          LATITUDE:   37  9 N
                                          LONGITUDE: 107 45 W

[TEMPERATURE DATA]      [PRECIPITATION DATA]       SYMBOLS USED IN COLUMN 16

AVERAGE MONTHLY: 46.1   TOTAL FOR MONTH:   0.06    1 = FOG OR MIST
DPTR FM NORMAL:  -2.9   DPTR FM NORMAL:   -0.88    2 = FOG REDUCING VISIBILITY
HIGHEST:    74 ON  3    GRTST 24HR  0.04 ON 18-18      TO 1/4 MILE OR LESS
LOWEST:     12 ON 11                               3 = THUNDER
                        SNOW, ICE PELLETS, HAIL    4 = ICE PELLETS
                        TOTAL MONTH:    M          5 = HAIL
                        GRTST 24HR    M  ON   M    6 = FREEZING RAIN OR DRIZZLE
                        GRTST DEPTH:  M  ON   M    7 = DUSTSTORM OR SANDSTORM:
                                                       VSBY 1/2 MILE OR LESS
                                                   8 = SMOKE OR HAZE
[NO. OF DAYS WITH]      [WEATHER - DAYS WITH]      9 = BLOWING SNOW
                                                   X = TORNADO
MAX 32 OR BELOW:   0    0.01 INCH OR MORE:   2
MAX 90 OR ABOVE:   0    0.10 INCH OR MORE:   0
MIN 32 OR BELOW:  17    0.50 INCH OR MORE:   0
MIN  0 OR BELOW:   0    1.00 INCH OR MORE:   0

[HDD (BASE 65) ]
TOTAL THIS MO.   374    CLEAR  (SCALE 0-3)  19
DPTR FM NORMAL    54    PTCLDY (SCALE 4-7)   1
TOTAL FM JUL 1   530    CLOUDY (SCALE 8-10)  0
DPTR FM NORMAL   -14

[CDD (BASE 65) ]
TOTAL THIS MO.     0
DPTR FM NORMAL     0    [PRESSURE DATA]
TOTAL FM JAN 1   350    HIGHEST SLP M ON M
DPTR FM NORMAL   107    LOWEST  SLP 29.39 ON  9

[REMARKS]
