000
CXUS54 KEWX 210910
CF6DRT
PRELIMINARY LOCAL CLIMATOLOGICAL DATA (WS FORM: F-6)

                                          STATION:   DEL RIO
                                          MONTH:     SEPTEMBER
                                          YEAR:      2018
                                          LATITUDE:   29 22 N
                                          LONGITUDE: 100 55 W

  TEMPERATURE IN F:       :PCPN:    SNOW:  WIND      :SUNSHINE: SKY     :PK WND
================================================================================
1   2   3   4   5  6A  6B    7    8   9   10  11  12  13   14  15   16   17  18
                                     12Z  AVG MX 2MIN
DY MAX MIN AVG DEP HDD CDD  WTR  SNW DPTH SPD SPD DIR MIN PSBL S-S WX    SPD DR
================================================================================

 1  99  76  88   4   0  23 0.00  0.0    0  9.8 15 110   M    M   1        21 130
 2  93  78  86   2   0  21 0.00  0.0    0  7.1 17 160   M    M   2        22 160
 3  89  73  81  -3   0  16 0.28  0.0    0  6.4 17 100   M    M   5 1      25 330
 4  87  73  80  -4   0  15 0.05  0.0    0  7.0 22 100   M    M   8 13     29 100
 5  90  73  82  -1   0  17 0.14  0.0    0  5.9 14 130   M    M   7 13     20 140
 6  79  72  76  -7   0  11 0.67  0.0    0  3.7 16 150   M    M   7 13     18 170
 7  88  73  81  -2   0  16    T  0.0    0  3.8 21 150   M    M   6 13     24 160
 8  78  71  75  -7   0  10 2.68  0.0    0  3.6 16 280   M    M   9 13     19 270
 9  82  71  77  -5   0  12 0.13  0.0    0  5.7 17 350   M    M   8 1      22 350
10  83  71  77  -5   0  12 0.00  0.0    0  5.3 15 130   M    M   7        22 140
11  85  71  78  -4   0  13 0.00  0.0    0  2.6  9 100   M    M   7        24  40
12  90  71  81   0   0  16 0.00  0.0    0  4.7 12 130   M    M   5        15 130
13  89  75  82   1   0  17    T  0.0    0  6.1 14 100   M    M   7        19 100
14  90  73  82   1   0  17 0.00  0.0    0  4.9 16  80   M    M   7        20 100
15  86  73  80   0   0  15 0.43  0.0    0  7.0 18 300   M    M   9 18     24 290
16  78  72  75  -5   0  10 2.74  0.0    0  7.4 18  70   M    M   9 13     27 170
17  87  73  80   0   0  15 0.53  0.0    0  7.8 21 180   M    M   9 13     26 190
18  88  75  82   2   0  17 0.01  0.0    0  8.7 16 140   M    M   6        20 150
19  89  74  82   3   0  17 0.00  0.0    0  8.6 20 150   M    M   3        24 150
20  82  75  79   0   0  14 0.03  0.0    0  9.3 17 150   M    M   7 1      24 150
================================================================================
SM 1732 1463         0 304  7.69     0.0 125.4          M      129
================================================================================
AV 86.6 73.2                               6.3 FASTST   M    M   6    MAX(MPH)
                                 MISC ---->  # 22 100               # 29  100
================================================================================
NOTES:
# LAST OF SEVERAL OCCURRENCES

COLUMN 17 PEAK WIND IN M.P.H.

PRELIMINARY LOCAL CLIMATOLOGICAL DATA (WS FORM: F-6) , PAGE 2

                                          STATION:  DEL RIO
                                          MONTH:    SEPTEMBER
                                          YEAR:     2018
                                          LATITUDE:   29 22 N
                                          LONGITUDE: 100 55 W

[TEMPERATURE DATA]      [PRECIPITATION DATA]       SYMBOLS USED IN COLUMN 16

AVERAGE MONTHLY: 79.9   TOTAL FOR MONTH:   7.69    1 = FOG OR MIST
DPTR FM NORMAL:  -1.8   DPTR FM NORMAL:    6.22    2 = FOG REDUCING VISIBILITY
HIGHEST:    99 ON  1    GRTST 24HR  2.74 ON 16-16      TO 1/4 MILE OR LESS
LOWEST:     71 ON 12,11                            3 = THUNDER
                        SNOW, ICE PELLETS, HAIL    4 = ICE PELLETS
                        TOTAL MONTH:   0.0 INCH    5 = HAIL
                        GRTST 24HR     0.0         6 = FREEZING RAIN OR DRIZZLE
                        GRTST DEPTH:   0           7 = DUSTSTORM OR SANDSTORM:
                                                       VSBY 1/2 MILE OR LESS
                                                   8 = SMOKE OR HAZE
[NO. OF DAYS WITH]      [WEATHER - DAYS WITH]      9 = BLOWING SNOW
                                                   X = TORNADO
MAX 32 OR BELOW:   0    0.01 INCH OR MORE:  11
MAX 90 OR ABOVE:   5    0.10 INCH OR MORE:   8
MIN 32 OR BELOW:   0    0.50 INCH OR MORE:   4
MIN  0 OR BELOW:   0    1.00 INCH OR MORE:   2

[HDD (BASE 65) ]
TOTAL THIS MO.     0    CLEAR  (SCALE 0-3)   2
DPTR FM NORMAL     0    PTCLDY (SCALE 4-7)  14
TOTAL FM JUL 1     0    CLOUDY (SCALE 8-10)  4
DPTR FM NORMAL     0

[CDD (BASE 65) ]
TOTAL THIS MO.   304
DPTR FM NORMAL   -31    [PRESSURE DATA]
TOTAL FM JAN 1  3423    HIGHEST SLP M ON M
DPTR FM NORMAL   453    LOWEST  SLP 29.73 ON  2

[REMARKS]
