587
CXUS54 KEWX 190910
CF6DRT
PRELIMINARY LOCAL CLIMATOLOGICAL DATA (WS FORM: F-6)

                                          STATION:   DEL RIO
                                          MONTH:     OCTOBER
                                          YEAR:      2019
                                          LATITUDE:   29 22 N
                                          LONGITUDE: 100 55 W

  TEMPERATURE IN F:       :PCPN:    SNOW:  WIND      :SUNSHINE: SKY     :PK WND
================================================================================
1   2   3   4   5  6A  6B    7    8   9   10  11  12  13   14  15   16   17  18
                                     12Z  AVG MX 2MIN
DY MAX MIN AVG DEP HDD CDD  WTR  SNW DPTH SPD SPD DIR MIN PSBL S-S WX    SPD DR
================================================================================

 1  97  79  88  12   0  23    T  0.0    0 14.3 24 150   M    M   6        34 120
 2  97  77  87  11   0  22 0.00  0.0    0 11.5 20 150   M    M   5        27 120
 3  96  76  86  11   0  21 0.00  0.0    0  8.3 16 100   M    M   4        23 100
 4  94  72  83   8   0  18 0.00  0.0    0  6.3 14 140   M    M   3        19 110
 5  98  72  85  10   0  20 0.00  0.0    0  6.4 13 160   M    M   0        15 160
 6 100  75  88  14   0  23 0.00  0.0    0  8.6 16 170   M    M   0        22 160
 7  86  66  76   2   0  11 0.04  0.0    0  8.7 20 290   M    M   6 3      25 300
 8  89  63  76   2   0  11 0.00  0.0    0  8.6 18 140   M    M   1        24 120
 9  96  71  84  10   0  19 0.00  0.0    0 12.2 24 150   M    M   2 8      28 140
10  99  78  89  15   0  24 0.00  0.0    0 10.4 17 150   M    M   3 8      23 150
11  85  51  68  -5   0   3 0.03  0.0    0 11.1 29 340   M    M   8        40 340
12  71  60  66  -7   0   1    T  0.0    0  5.4 13 160   M    M   7        18 150
13  77  57  67  -6   0   2    T  0.0    0  5.2 10 140   M    M   1        16 170
14  90  65  78   6   0  13    T  0.0    0  4.4 12 150   M    M   1        16 160
15  98  73  86  14   0  21 0.23  0.0    0  6.6 16 280   M    M   1 13     20 320
16  73  62  68  -4   0   3 0.43  0.0    0  5.6 13  40   M    M   7 13     18  50
17  81  61  71  -1   0   6 0.00  0.0    0  5.5 13 110   M    M   6        21 150
18  86  57  72   1   0   7 0.00  0.0    0  9.9 18 150   M    M   0        23 150
================================================================================
SM 1613 1215         0 248  0.73     0.0 149.0          M       61
================================================================================
AV 89.6 67.5                               8.3 FASTST   M    M   3    MAX(MPH)
                                 MISC ---->  # 29 340               # 40  340
================================================================================
NOTES:
# LAST OF SEVERAL OCCURRENCES

COLUMN 17 PEAK WIND IN M.P.H.

PRELIMINARY LOCAL CLIMATOLOGICAL DATA (WS FORM: F-6) , PAGE 2

                                          STATION:  DEL RIO
                                          MONTH:    OCTOBER
                                          YEAR:     2019
                                          LATITUDE:   29 22 N
                                          LONGITUDE: 100 55 W

[TEMPERATURE DATA]      [PRECIPITATION DATA]       SYMBOLS USED IN COLUMN 16

AVERAGE MONTHLY: 78.6   TOTAL FOR MONTH:   0.73    1 = FOG OR MIST
DPTR FM NORMAL:   4.9   DPTR FM NORMAL:   -0.79    2 = FOG REDUCING VISIBILITY
HIGHEST:   100 ON  6    GRTST 24HR  0.43 ON 16-16      TO 1/4 MILE OR LESS
LOWEST:     51 ON 11                               3 = THUNDER
                        SNOW, ICE PELLETS, HAIL    4 = ICE PELLETS
                        TOTAL MONTH:   0.0 INCH    5 = HAIL
                        GRTST 24HR     0.0         6 = FREEZING RAIN OR DRIZZLE
                        GRTST DEPTH:   0           7 = DUSTSTORM OR SANDSTORM:
                                                       VSBY 1/2 MILE OR LESS
                                                   8 = SMOKE OR HAZE
[NO. OF DAYS WITH]      [WEATHER - DAYS WITH]      9 = BLOWING SNOW
                                                   X = TORNADO
MAX 32 OR BELOW:   0    0.01 INCH OR MORE:   4
MAX 90 OR ABOVE:  10    0.10 INCH OR MORE:   2
MIN 32 OR BELOW:   0    0.50 INCH OR MORE:   0
MIN  0 OR BELOW:   0    1.00 INCH OR MORE:   0

[HDD (BASE 65) ]
TOTAL THIS MO.     0    CLEAR  (SCALE 0-3)   9
DPTR FM NORMAL    -4    PTCLDY (SCALE 4-7)   8
TOTAL FM JUL 1     0    CLOUDY (SCALE 8-10)  1
DPTR FM NORMAL    -5

[CDD (BASE 65) ]
TOTAL THIS MO.   248
DPTR FM NORMAL    86    [PRESSURE DATA]
TOTAL FM JAN 1  3815    HIGHEST SLP M ON M
DPTR FM NORMAL   558    LOWEST  SLP 29.68 ON 18

[REMARKS]
