000
CXUS53 KDMX 220920
CF6DSM
PRELIMINARY LOCAL CLIMATOLOGICAL DATA (WS FORM: F-6)

                                          STATION:   DES MOINES IA
                                          MONTH:     SEPTEMBER
                                          YEAR:      2018
                                          LATITUDE:   41 31 N
                                          LONGITUDE:  93 39 W

  TEMPERATURE IN F:       :PCPN:    SNOW:  WIND      :SUNSHINE: SKY     :PK WND
================================================================================
1   2   3   4   5  6A  6B    7    8   9   10  11  12  13   14  15   16   17  18
                                     12Z  AVG MX 2MIN
DY MAX MIN AVG DEP HDD CDD  WTR  SNW DPTH SPD SPD DIR MIN PSBL S-S WX    SPD DR
================================================================================

 1  87  67  77   6   0  12 1.20  0.0    0  9.2 30 210   M    M   9 13     42 210
 2  81  68  75   4   0  10 0.05  0.0    0  7.7 17 240   M    M   8 13     27 200
 3  79  68  74   3   0   9 2.31  0.0    0  4.8 17 170   M    M   9 13     25 170
 4  87  71  79   9   0  14 0.54  0.0    0 11.1 32 240   M    M   8 13     43 240
 5  75  67  71   1   0   6 1.07  0.0    0  9.7 18  50   M    M  10 1      23  40
 6  73  63  68  -2   0   3 0.00  0.0    0 11.5 18  50   M    M  10        24  50
 7  67  57  62  -7   3   0 0.85  0.0    0  9.8 16  60   M    M  10 1      23  60
 8  73  57  65  -4   0   0    T  0.0    M  8.6 17  60   M    M   5        29  60
 9  75  54  65  -4   0   0 0.00  0.0    0  5.6 10  70   M    M   2        16 100
10  77  53  65  -3   0   0 0.00  0.0    0  5.1 12 180   M    M   2        16 160
11  81  57  69   1   0   4 0.00  0.0    0 10.1 22 170   M    M   1        33 160
12  81  60  71   4   0   6 0.00  0.0    0  9.6 20 150   M    M   1        25 150
13  84  62  73   6   0   8 0.00  0.0    0  9.9 21 170   M    M   4        27 180
14  88  68  78  12   0  13 0.00  0.0    0  8.2 15 170   M    M   3        21 170
15  91  70  81  15   0  16 0.00  0.0    0  5.1 12 140   M    M   2        17 140
16  88  69  79  13   0  14 0.00  0.0    0  6.3 14 170   M    M   2        20 140
17  91  71  81  16   0  16 0.00  0.0    0  7.6 15 180   M    M   4 8      21 190
18  86  64  75  10   0  10 0.59  0.0    0  9.6 35  50   M    M   3 138    46  60
19  81  65  73   9   0   8    T  0.0    0  8.7 20 340   M    M   8 12     25 340
20  91  67  79  15   0  14 0.34  0.0    0 14.7 32 300   M    M   5 13     42 210
21  68  49  59  -4   6   0 0.03  0.0    0 14.1 32 310   M    M   7        47 320
================================================================================
SM 1704 1327         9 163  6.98     0.0 187.0          M      113
================================================================================
AV 81.1 63.2                               8.9 FASTST   M    M   5    MAX(MPH)
                                 MISC ---->  # 35  50               # 47  320
================================================================================
NOTES:
# LAST OF SEVERAL OCCURRENCES

COLUMN 17 PEAK WIND IN M.P.H.

PRELIMINARY LOCAL CLIMATOLOGICAL DATA (WS FORM: F-6) , PAGE 2

                                          STATION:  DES MOINES IA
                                          MONTH:    SEPTEMBER
                                          YEAR:     2018
                                          LATITUDE:   41 31 N
                                          LONGITUDE:  93 39 W

[TEMPERATURE DATA]      [PRECIPITATION DATA]       SYMBOLS USED IN COLUMN 16

AVERAGE MONTHLY: 72.2   TOTAL FOR MONTH:   6.98    1 = FOG OR MIST
DPTR FM NORMAL:   4.6   DPTR FM NORMAL:    4.75    2 = FOG REDUCING VISIBILITY
HIGHEST:    91 ON 20,17 GRTST 24HR  2.31 ON  3- 3      TO 1/4 MILE OR LESS
LOWEST:     49 ON 21                               3 = THUNDER
                        SNOW, ICE PELLETS, HAIL    4 = ICE PELLETS
                        TOTAL MONTH:   0.0 INCH    5 = HAIL
                        GRTST 24HR     0.0         6 = FREEZING RAIN OR DRIZZLE
                        GRTST DEPTH:   0           7 = DUSTSTORM OR SANDSTORM:
                                                       VSBY 1/2 MILE OR LESS
                                                   8 = SMOKE OR HAZE
[NO. OF DAYS WITH]      [WEATHER - DAYS WITH]      9 = BLOWING SNOW
                                                   X = TORNADO
MAX 32 OR BELOW:   0    0.01 INCH OR MORE:   9
MAX 90 OR ABOVE:   3    0.10 INCH OR MORE:   7
MIN 32 OR BELOW:   0    0.50 INCH OR MORE:   6
MIN  0 OR BELOW:   0    1.00 INCH OR MORE:   3

[HDD (BASE 65) ]
TOTAL THIS MO.     9    CLEAR  (SCALE 0-3)   7
DPTR FM NORMAL   -34    PTCLDY (SCALE 4-7)   8
TOTAL FM JUL 1     9    CLOUDY (SCALE 8-10)  6
DPTR FM NORMAL   -40

[CDD (BASE 65) ]
TOTAL THIS MO.   163
DPTR FM NORMAL    67    [PRESSURE DATA]
TOTAL FM JAN 1  1430    HIGHEST SLP M ON M
DPTR FM NORMAL   395    LOWEST  SLP 29.60 ON 20

[REMARKS]
