000
CXUS53 KDMX 160920
CF6DSM
PRELIMINARY LOCAL CLIMATOLOGICAL DATA (WS FORM: F-6)

                                          STATION:   DES MOINES IA
                                          MONTH:     DECEMBER
                                          YEAR:      2018
                                          LATITUDE:   41 31 N
                                          LONGITUDE:  93 39 W

  TEMPERATURE IN F:       :PCPN:    SNOW:  WIND      :SUNSHINE: SKY     :PK WND
================================================================================
1   2   3   4   5  6A  6B    7    8   9   10  11  12  13   14  15   16   17  18
                                     12Z  AVG MX 2MIN
DY MAX MIN AVG DEP HDD CDD  WTR  SNW DPTH SPD SPD DIR MIN PSBL S-S WX    SPD DR
================================================================================

 1  38  34  36   5  29   0 1.21    T    0 14.7 31  60   M    M  10 1      47  60
 2  38  29  34   4  31   0 0.12  0.3    T 13.8 22  10   M    M  10 1      33 350
 3  30  26  28  -2  37   0    T    T    T 10.4 16 350   M    M  10        25 330
 4  26  23  25  -5  40   0    T  0.4    T  7.8 16 260   M    M  10 1      19 270
 5  41  20  31   2  34   0 0.00  0.0    T  9.1 16 320   M    M   5        21 320
 6  28  13  21  -8  44   0 0.00  0.0    0 11.1 20 340   M    M   5        29 350
 7  30  10  20  -8  45   0    T    T    0  5.7 13 240   M    M   2        17 220
 8  34  15  25  -3  40   0 0.00  0.0    0  6.1 16 150   M    M   3        20 150
 9  34  16  25  -3  40   0 0.00  0.0    0  5.3 10 180   M    M   4        13 180
10  36  14  25  -2  40   0 0.00  0.0    0  7.2 22 250   M    M   1 1      28 250
11  45  24  35   8  30   0 0.00  0.0    0  6.5 14 290   M    M   7        18 290
12  42  22  32   5  33   0    T  0.0    0  8.0 20 280   M    M   6 16     25 280
13  38  29  34   8  31   0    T  0.0    0  7.3 17 340   M    M   9 1      23 340
14  46  25  36  10  29   0 0.00  0.0    0  5.1 14 360   M    M   5 1      18 360
15  52  22  37  11  28   0 0.00  0.0    0  3.2 10 160   M    M   2        12 170
================================================================================
SM  558  322       531   0  1.33     0.7 121.3          M       89
================================================================================
AV 37.2 21.5                               8.1 FASTST   M    M   6    MAX(MPH)
                                 MISC ---->  # 31  60               # 47   60
================================================================================
NOTES:
# LAST OF SEVERAL OCCURRENCES

COLUMN 17 PEAK WIND IN M.P.H.

PRELIMINARY LOCAL CLIMATOLOGICAL DATA (WS FORM: F-6) , PAGE 2

                                          STATION:  DES MOINES IA
                                          MONTH:    DECEMBER
                                          YEAR:     2018
                                          LATITUDE:   41 31 N
                                          LONGITUDE:  93 39 W

[TEMPERATURE DATA]      [PRECIPITATION DATA]       SYMBOLS USED IN COLUMN 16

AVERAGE MONTHLY: 29.3   TOTAL FOR MONTH:   1.33    1 = FOG OR MIST
DPTR FM NORMAL:   1.2   DPTR FM NORMAL:    0.56    2 = FOG REDUCING VISIBILITY
HIGHEST:    52 ON 15    GRTST 24HR  1.21 ON  1- 1      TO 1/4 MILE OR LESS
LOWEST:     10 ON  7                               3 = THUNDER
                        SNOW, ICE PELLETS, HAIL    4 = ICE PELLETS
                        TOTAL MONTH:   0.7 INCH    5 = HAIL
                        GRTST 24HR   0.4 ON  4- 4  6 = FREEZING RAIN OR DRIZZLE
                        GRTST DEPTH:   0           7 = DUSTSTORM OR SANDSTORM:
                                                       VSBY 1/2 MILE OR LESS
                                                   8 = SMOKE OR HAZE
[NO. OF DAYS WITH]      [WEATHER - DAYS WITH]      9 = BLOWING SNOW
                                                   X = TORNADO
MAX 32 OR BELOW:   4    0.01 INCH OR MORE:   2
MAX 90 OR ABOVE:   0    0.10 INCH OR MORE:   2
MIN 32 OR BELOW:  14    0.50 INCH OR MORE:   1
MIN  0 OR BELOW:   0    1.00 INCH OR MORE:   1

[HDD (BASE 65) ]
TOTAL THIS MO.   531    CLEAR  (SCALE 0-3)   4
DPTR FM NORMAL   -22    PTCLDY (SCALE 4-7)   6
TOTAL FM JUL 1  2035    CLOUDY (SCALE 8-10)  5
DPTR FM NORMAL   224

[CDD (BASE 65) ]
TOTAL THIS MO.     0
DPTR FM NORMAL     0    [PRESSURE DATA]
TOTAL FM JAN 1  1439    HIGHEST SLP M ON M
DPTR FM NORMAL   373    LOWEST  SLP 29.23 ON  1

[REMARKS]
