887
CXUS53 KDMX 170920
CF6DSM
PRELIMINARY LOCAL CLIMATOLOGICAL DATA (WS FORM: F-6)

                                          STATION:   DES MOINES IA
                                          MONTH:     OCTOBER
                                          YEAR:      2019
                                          LATITUDE:   41 31 N
                                          LONGITUDE:  93 39 W

  TEMPERATURE IN F:       :PCPN:    SNOW:  WIND      :SUNSHINE: SKY     :PK WND
================================================================================
1   2   3   4   5  6A  6B    7    8   9   10  11  12  13   14  15   16   17  18
                                     12Z  AVG MX 2MIN
DY MAX MIN AVG DEP HDD CDD  WTR  SNW DPTH SPD SPD DIR MIN PSBL S-S WX    SPD DR
================================================================================

 1  83  65  74  15   0   9 3.59  0.0    0  8.7 26 290   M    M  10 135    36 290
 2  65  53  59   1   6   0 0.49  0.0    0  8.4 20 300   M    M  10 1      27 310
 3  57  45  51  -7  14   0 0.00  0.0    0 11.7 23 320   M    M   8        30 310
 4  59  41  50  -8  15   0 0.00  0.0    0  8.2 15 100   M    M   6        22 110
 5  70  47  59   2   6   0 0.79  0.0    0 10.6 23 290   M    M   7 13     32 270
 6  62  44  53  -4  12   0 0.00  0.0    0  6.2 14 240   M    M   5        18 240
 7  71  43  57   1   8   0 0.00  0.0    0  5.8 14 270   M    M   0 8      18 260
 8  70  45  58   2   7   0 0.00  0.0    0 11.0 25 180   M    M   1        37 180
 9  65  50  58   2   7   0 0.22  0.0    0 11.2 22 150   M    M   7 13     30 150
10  65  40  53  -2  12   0 0.94  0.0    0 13.5 26 290   M    M   9 13     36 290
11  40  31  36 -19  29   0 0.01    T    0 18.7 29 260   M    M   9        39 260
12  57  29  43 -11  22   0 0.00  0.0    0 15.3 32 260   M    M   2        42 250
13  56  32  44 -10  21   0 0.00  0.0    0  9.5 23 300   M    M   3        30 300
14  63  31  47  -7  18   0 0.00  0.0    0  6.4 16 140   M    M   1 1      35 120
15  59  44  52  -1  13   0 0.00  0.0    0 16.3 32 290   M    M   6 8      44 330
16  49  37  43 -10  22   0 0.00  0.0    0  8.6 20 320   M    M   7        27 340
================================================================================
SM  991  677       212   9  6.04    T    170.1          M       91
================================================================================
AV 61.9 42.3                              10.6 FASTST   M    M   6    MAX(MPH)
                                 MISC ---->  # 32 260               # 44  330
================================================================================
NOTES:
# LAST OF SEVERAL OCCURRENCES

COLUMN 17 PEAK WIND IN M.P.H.

PRELIMINARY LOCAL CLIMATOLOGICAL DATA (WS FORM: F-6) , PAGE 2

                                          STATION:  DES MOINES IA
                                          MONTH:    OCTOBER
                                          YEAR:     2019
                                          LATITUDE:   41 31 N
                                          LONGITUDE:  93 39 W

[TEMPERATURE DATA]      [PRECIPITATION DATA]       SYMBOLS USED IN COLUMN 16

AVERAGE MONTHLY: 52.1   TOTAL FOR MONTH:   6.04    1 = FOG OR MIST
DPTR FM NORMAL:  -3.7   DPTR FM NORMAL:    4.69    2 = FOG REDUCING VISIBILITY
HIGHEST:    83 ON  1    GRTST 24HR  3.59 ON  1- 1      TO 1/4 MILE OR LESS
LOWEST:     29 ON 12                               3 = THUNDER
                        SNOW, ICE PELLETS, HAIL    4 = ICE PELLETS
                        TOTAL MONTH:    T          5 = HAIL
                        GRTST 24HR    T  ON 11-11  6 = FREEZING RAIN OR DRIZZLE
                        GRTST DEPTH:   0           7 = DUSTSTORM OR SANDSTORM:
                                                       VSBY 1/2 MILE OR LESS
                                                   8 = SMOKE OR HAZE
[NO. OF DAYS WITH]      [WEATHER - DAYS WITH]      9 = BLOWING SNOW
                                                   X = TORNADO
MAX 32 OR BELOW:   0    0.01 INCH OR MORE:   6
MAX 90 OR ABOVE:   0    0.10 INCH OR MORE:   5
MIN 32 OR BELOW:   4    0.50 INCH OR MORE:   3
MIN  0 OR BELOW:   0    1.00 INCH OR MORE:   1

[HDD (BASE 65) ]
TOTAL THIS MO.   212    CLEAR  (SCALE 0-3)   5
DPTR FM NORMAL    55    PTCLDY (SCALE 4-7)   7
TOTAL FM JUL 1   222    CLOUDY (SCALE 8-10)  4
DPTR FM NORMAL   -35

[CDD (BASE 65) ]
TOTAL THIS MO.     9
DPTR FM NORMAL    -2    [PRESSURE DATA]
TOTAL FM JAN 1  1160    HIGHEST SLP M ON M
DPTR FM NORMAL    97    LOWEST  SLP 29.69 ON 10

[REMARKS]
