742
CXUS53 KDMX 240920
CF6DSM
PRELIMINARY LOCAL CLIMATOLOGICAL DATA (WS FORM: F-6)

                                          STATION:   DES MOINES IA
                                          MONTH:     JUNE
                                          YEAR:      2018
                                          LATITUDE:   41 31 N
                                          LONGITUDE:  93 39 W

  TEMPERATURE IN F:       :PCPN:    SNOW:  WIND      :SUNSHINE: SKY     :PK WND
================================================================================
1   2   3   4   5  6A  6B    7    8   9   10  11  12  13   14  15   16   17  18
                                     12Z  AVG MX 2MIN
DY MAX MIN AVG DEP HDD CDD  WTR  SNW DPTH SPD SPD DIR MIN PSBL S-S WX    SPD DR
================================================================================

 1  96  66  81  14   0  16 0.00  0.0    0  4.7 12 120   M    M   3        16 120
 2  82  64  73   5   0   8 0.60  0.0    0 13.2 30 310   M    M   7 13     38  70
 3  82  59  71   3   0   6 0.00  0.0    0 12.5 30 300   M    M   1        39 320
 4  82  55  69   1   0   4 0.00  0.0    0  8.5 17 230   M    M   3 8      22 210
 5  89  61  75   6   0  10 0.00  0.0    0  8.3 16 260   M    M   1        20 270
 6  92  63  78   9   0  13 0.81  0.0    0  9.7 39 360   M    M   7 135    46  10
 7  87  66  77   8   0  12 0.00  0.0    0  5.0 13 220   M    M  10        17 240
 8  89  72  81  11   0  16 0.00  0.0    0  6.7 14 140   M    M   5        18 140
 9  90  73  82  12   0  17 0.00  0.0    0  8.5 18 200   M    M   5 18     23 200
10  79  68  74   4   0   9 0.50  0.0    0  7.4 25 310   M    M   8 138    32 310
11  81  66  74   3   0   9 0.65  0.0    0 11.9 30 140   M    M  10 13     36 140
12  86  68  77   6   0  12 0.04  0.0    0  7.0 32 130   M    M   5        41 120
13  81  65  73   2   0   8    T  0.0    0  7.8 20  10   M    M   6        27 350
14  81  62  72   0   0   7 0.58  0.0    0 12.6 26  10   M    M   7 13     35  30
15  93  72  83  11   0  18 0.00  0.0    0 11.5 21 180   M    M   4        28 190
16  93  74  84  12   0  19 0.00  0.0    0 11.2 21 170   M    M   5        25 200
17  93  76  85  13   0  20 0.00  0.0    0 12.3 25 220   M    M   5        35 220
18  94  73  84  11   0  19 0.34  0.0    0 10.3 29 320   M    M   4 13     39 310
19  80  73  77   4   0  12 0.22  0.0    0  7.5 23 150   M    M   8 13     27 150
20  83  67  75   2   0  10 0.15  0.0    0  8.4 21 110   M    M   8 13     26 110
21  76  62  69  -5   0   4 0.20  0.0    0  8.4 20  30   M    M  10 1      25  30
22  74  61  68  -6   0   3    T  0.0    0  8.6 17  20   M    M   9        23  20
23  80  63  72  -2   0   7 0.00  0.0    0  4.6 12 190   M    M   6 1      14 160
================================================================================
SM 1963 1529         0 259  4.09     0.0 206.6          M      137
================================================================================
AV 85.4 66.5                               9.0 FASTST   M    M   6    MAX(MPH)
                                 MISC ---->  # 39 360               # 46   10
================================================================================
NOTES:
# LAST OF SEVERAL OCCURRENCES

COLUMN 17 PEAK WIND IN M.P.H.

PRELIMINARY LOCAL CLIMATOLOGICAL DATA (WS FORM: F-6) , PAGE 2

                                          STATION:  DES MOINES IA
                                          MONTH:    JUNE
                                          YEAR:     2018
                                          LATITUDE:   41 31 N
                                          LONGITUDE:  93 39 W

[TEMPERATURE DATA]      [PRECIPITATION DATA]       SYMBOLS USED IN COLUMN 16

AVERAGE MONTHLY: 75.9   TOTAL FOR MONTH:   4.09    1 = FOG OR MIST
DPTR FM NORMAL:   5.0   DPTR FM NORMAL:    0.30    2 = FOG REDUCING VISIBILITY
HIGHEST:    96 ON  1    GRTST 24HR  0.81 ON  6- 6      TO 1/4 MILE OR LESS
LOWEST:     55 ON  4                               3 = THUNDER
                        SNOW, ICE PELLETS, HAIL    4 = ICE PELLETS
                        TOTAL MONTH:   0.0 INCH    5 = HAIL
                        GRTST 24HR     0.0         6 = FREEZING RAIN OR DRIZZLE
                        GRTST DEPTH:   0           7 = DUSTSTORM OR SANDSTORM:
                                                       VSBY 1/2 MILE OR LESS
                                                   8 = SMOKE OR HAZE
[NO. OF DAYS WITH]      [WEATHER - DAYS WITH]      9 = BLOWING SNOW
                                                   X = TORNADO
MAX 32 OR BELOW:   0    0.01 INCH OR MORE:  10
MAX 90 OR ABOVE:   7    0.10 INCH OR MORE:   9
MIN 32 OR BELOW:   0    0.50 INCH OR MORE:   5
MIN  0 OR BELOW:   0    1.00 INCH OR MORE:   0

[HDD (BASE 65) ]
TOTAL THIS MO.     0    CLEAR  (SCALE 0-3)   3
DPTR FM NORMAL   -14    PTCLDY (SCALE 4-7)  15
TOTAL FM JUL 1  6103    CLOUDY (SCALE 8-10)  5
DPTR FM NORMAL   -96

[CDD (BASE 65) ]
TOTAL THIS MO.   259
DPTR FM NORMAL   109    [PRESSURE DATA]
TOTAL FM JAN 1   481    HIGHEST SLP M ON M
DPTR FM NORMAL   255    LOWEST  SLP 29.62 ON 12

[REMARKS]
