000
CXUS54 KFWD 190730
CF6DTO
PRELIMINARY LOCAL CLIMATOLOGICAL DATA (WS FORM: F-6)

                                          STATION:   DENTON
                                          MONTH:     SEPTEMBER
                                          YEAR:      2018
                                          LATITUDE:   33 12 N
                                          LONGITUDE:  97 12 W

  TEMPERATURE IN F:       :PCPN:    SNOW:  WIND      :SUNSHINE: SKY     :PK WND
================================================================================
1   2   3   4   5  6A  6B    7    8   9   10  11  12  13   14  15   16   17  18
                                     12Z  AVG MX 2MIN
DY MAX MIN AVG DEP HDD CDD  WTR  SNW DPTH SPD SPD DIR MIN PSBL S-S WX    SPD DR
================================================================================

 1  95  75  85   4   0  20 0.00  0.0    0  8.3 16 140   M    M   1        20 130
 2  94  75  85   4   0  20 0.00  0.0    0  9.6 23 130   M    M   1        28 130
 3  79  74  77  -3   0  12 0.22  0.0    0  8.2 16 120   M    M   9 1      20 130
 4  89  74  82   2   0  17 0.01  0.0    0  9.8 18 130   M    M   6        23 110
 5  89  73  81   1   0  16 0.90  0.0    0  4.6 22 130   M    M   7 13     28 200
 6  91  74  83   3   0  18 0.41  0.0    0  3.3 18 340   M    M   4 13     22 340
 7  90  73  82   3   0  17 0.07  0.0    0  3.4 28 340   M    M   4 13     33 340
 8  76  71  74  -5   0   9 0.33  0.0    0  7.2 12 360   M    M  10 1      15 330
 9  75  66  71  -7   0   6 0.01  0.0    0  8.1 16  10   M    M   9 1      21 360
10  76  65  71  -7   0   6 0.13  0.0    0  6.3 13 120   M    M  10 1      17  80
11  79  67  73  -5   0   8 0.05  0.0    0  7.2 14 140   M    M  10 1      16 130
12  84  70  77  -1   0  12 0.06  0.0    0  8.1 15 150   M    M   8 1      19 150
13  88  72  80   3   0  15 0.00  0.0    0  6.2 14 150   M    M   6        17 150
14  86  69  78   1   0  13 0.20  0.0    0  4.6 26  50   M    M   4 13     35  60
15  91  71  81   5   0  16 0.09  0.0    0  5.4 21  70   M    M   1 3      25  70
16  91  73  82   6   0  17 0.00  0.0    0  4.3 10  80   M    M   2        14  50
17  91  72  82   6   0  17 0.00  0.0    0  3.2 13 210   M    M   0 1      15 220
18  93  71  82   7   0  17 0.00  0.0    0  3.9 13 210   M    M   1        19 190
================================================================================
SM 1557 1285         0 256  2.48     0.0 111.7          M       93
================================================================================
AV 86.5 71.4                               6.2 FASTST   M    M   5    MAX(MPH)
                                 MISC ---->  # 28 340               # 35   60
================================================================================
NOTES:
# LAST OF SEVERAL OCCURRENCES

COLUMN 17 PEAK WIND IN M.P.H.

PRELIMINARY LOCAL CLIMATOLOGICAL DATA (WS FORM: F-6) , PAGE 2

                                          STATION:  DENTON
                                          MONTH:    SEPTEMBER
                                          YEAR:     2018
                                          LATITUDE:   33 12 N
                                          LONGITUDE:  97 12 W

[TEMPERATURE DATA]      [PRECIPITATION DATA]       SYMBOLS USED IN COLUMN 16

AVERAGE MONTHLY: 78.9   TOTAL FOR MONTH:   2.48    1 = FOG OR MIST
DPTR FM NORMAL:   0.7   DPTR FM NORMAL:    0.71    2 = FOG REDUCING VISIBILITY
HIGHEST:    95 ON  1    GRTST 24HR  0.90 ON  5- 5      TO 1/4 MILE OR LESS
LOWEST:     65 ON 10                               3 = THUNDER
                        SNOW, ICE PELLETS, HAIL    4 = ICE PELLETS
                        TOTAL MONTH:   0.0 INCH    5 = HAIL
                        GRTST 24HR     0.0         6 = FREEZING RAIN OR DRIZZLE
                        GRTST DEPTH:   0           7 = DUSTSTORM OR SANDSTORM:
                                                       VSBY 1/2 MILE OR LESS
                                                   8 = SMOKE OR HAZE
[NO. OF DAYS WITH]      [WEATHER - DAYS WITH]      9 = BLOWING SNOW
                                                   X = TORNADO
MAX 32 OR BELOW:   0    0.01 INCH OR MORE:  12
MAX 90 OR ABOVE:   8    0.10 INCH OR MORE:   6
MIN 32 OR BELOW:   0    0.50 INCH OR MORE:   1
MIN  0 OR BELOW:   0    1.00 INCH OR MORE:   0

[HDD (BASE 65) ]
TOTAL THIS MO.     0    CLEAR  (SCALE 0-3)   6
DPTR FM NORMAL     0    PTCLDY (SCALE 4-7)   7
TOTAL FM JUL 1     0    CLOUDY (SCALE 8-10)  5
DPTR FM NORMAL     0

[CDD (BASE 65) ]
TOTAL THIS MO.   256
DPTR FM NORMAL    15    [PRESSURE DATA]
TOTAL FM JAN 1  2643    HIGHEST SLP M ON M
DPTR FM NORMAL   446    LOWEST  SLP 29.80 ON  2

[REMARKS]
