000
CXUS54 KFWD 260730
CF6DTO
PRELIMINARY LOCAL CLIMATOLOGICAL DATA (WS FORM: F-6)

                                          STATION:   DENTON
                                          MONTH:     MAY
                                          YEAR:      2020
                                          LATITUDE:   33 12 N
                                          LONGITUDE:  97 12 W

  TEMPERATURE IN F:       :PCPN:    SNOW:  WIND      :SUNSHINE: SKY     :PK WND
================================================================================
1   2   3   4   5  6A  6B    7    8   9   10  11  12  13   14  15   16   17  18
                                     12Z  AVG MX 2MIN
DY MAX MIN AVG DEP HDD CDD  WTR  SNW DPTH SPD SPD DIR MIN PSBL S-S WX    SPD DR
================================================================================

 1  90  61  76   8   0  11 0.00  0.0    0 15.8 28 190   M    M   0        36 190
 2  89  66  78  10   0  13 0.00  0.0    0 17.9 28 180   M    M   0 3      36 190
 3  92  70  81  13   0  16 0.00  0.0    0 12.8 20 180   M    M   0        26 190
 4  95  72  84  16   0  19 0.12  0.0    0 14.9 24 330   M    M   1 13     35 340
 5  79  54  67  -2   0   2    T  0.0    0 12.8 29  10   M    M   5 8      38  10
 6  82  46  64  -5   1   0 0.00  0.0    0  4.7 14  30   M    M   0        20  40
 7  86  51  69   0   0   4 0.17  0.0    0 14.6 37 170   M    M   2 3      48 160
 8  73  49  61  -9   4   0 0.02  0.0    0 14.9 31 360   M    M   4        44 350
 9  74  45  60 -10   5   0 0.00  0.0    0  5.5 15 130   M    M   1        21 150
10  79  47  63  -7   2   0 0.00  0.0    0  4.9 14 110   M    M   0        23 120
11  81  52  67  -4   0   2 0.00  0.0    0  9.3 20 160   M    M   1        25 160
12  81  67  74   3   0   9 0.08  0.0    0 12.3 23 160   M    M   7 3      29 160
13  85  67  76   5   0  11 0.00  0.0    0 13.2 20 150   M    M   6        27 140
14  91  64  78   6   0  13 0.29  0.0    0 12.6 23 160   M    M   4 13     31 160
15  87  63  75   3   0  10 0.36  0.0    0 13.7 30  60   M    M   6 13     45  70
16  68  63  66  -6   0   1 3.36  0.0    0 11.2 24 340   M    M   9 13     33 340
17  84  62  73   1   0   8 0.03  0.0    0  7.9 21 350   M    M   0 1      28 350
18  89  59  74   1   0   9 0.00  0.0    0  3.7 10 130   M    M   0        14 120
19  90  71  81   8   0  16 0.00  0.0    0  7.2 18  20   M    M   0        24  60
20  77  69  73   0   0   8 0.00  0.0    0  9.5 17 110   M    M   8        25 110
21  88  69  79   5   0  14    T  0.0    0  8.6 18 160   M    M   6 18     24 140
22  92  65  79   5   0  14 0.55  0.0    0 11.3 31 350   M    M   2 13     43 340
23  89  65  77   3   0  12 0.55  0.0    0 12.8 25 190   M    M   3 13     35 170
24  88  66  77   2   0  12 0.16  0.0    0 11.0 31 130   M    M   3 13     42 130
25  70  63  67  -8   0   2 1.36  0.0    0  7.2 16 140   M    M   7 1      22 140
================================================================================
SM 2099 1526        12 206  7.05     0.0 270.3          M       75
================================================================================
AV 84.0 61.0                              10.8 FASTST   M    M   3    MAX(MPH)
                                 MISC ---->  # 37 170               # 48  160
================================================================================
NOTES:
# LAST OF SEVERAL OCCURRENCES

COLUMN 17 PEAK WIND IN M.P.H.

PRELIMINARY LOCAL CLIMATOLOGICAL DATA (WS FORM: F-6) , PAGE 2

                                          STATION:  DENTON
                                          MONTH:    MAY
                                          YEAR:     2020
                                          LATITUDE:   33 12 N
                                          LONGITUDE:  97 12 W

[TEMPERATURE DATA]      [PRECIPITATION DATA]       SYMBOLS USED IN COLUMN 16

AVERAGE MONTHLY: 72.5   TOTAL FOR MONTH:   7.05    1 = FOG OR MIST
DPTR FM NORMAL:   1.3   DPTR FM NORMAL:    3.16    2 = FOG REDUCING VISIBILITY
HIGHEST:    95 ON  4    GRTST 24HR  3.36 ON 16-16      TO 1/4 MILE OR LESS
LOWEST:     45 ON  9                               3 = THUNDER
                        SNOW, ICE PELLETS, HAIL    4 = ICE PELLETS
                        TOTAL MONTH:   0.0 INCH    5 = HAIL
                        GRTST 24HR     0.0         6 = FREEZING RAIN OR DRIZZLE
                        GRTST DEPTH:   0           7 = DUSTSTORM OR SANDSTORM:
                                                       VSBY 1/2 MILE OR LESS
                                                   8 = SMOKE OR HAZE
[NO. OF DAYS WITH]      [WEATHER - DAYS WITH]      9 = BLOWING SNOW
                                                   X = TORNADO
MAX 32 OR BELOW:   0    0.01 INCH OR MORE:  12
MAX 90 OR ABOVE:   6    0.10 INCH OR MORE:   9
MIN 32 OR BELOW:   0    0.50 INCH OR MORE:   4
MIN  0 OR BELOW:   0    1.00 INCH OR MORE:   2

[HDD (BASE 65) ]
TOTAL THIS MO.    12    CLEAR  (SCALE 0-3)  14
DPTR FM NORMAL     0    PTCLDY (SCALE 4-7)   9
TOTAL FM JUL 1  2496    CLOUDY (SCALE 8-10)  2
DPTR FM NORMAL  -208

[CDD (BASE 65) ]
TOTAL THIS MO.   206
DPTR FM NORMAL    35    [PRESSURE DATA]
TOTAL FM JAN 1   355    HIGHEST SLP M ON M
DPTR FM NORMAL    84    LOWEST  SLP 29.63 ON M

[REMARKS]
