000
CXUS54 KMOB 210633
CF6DTS
PRELIMINARY LOCAL CLIMATOLOGICAL DATA (WS FORM: F-6)

                                          STATION:   DESTIN_(ASOS)
                                          MONTH:     FEBRUARY
                                          YEAR:      2020
                                          LATITUDE:   30 23 N
                                          LONGITUDE:  86 28 W

  TEMPERATURE IN F:       :PCPN:    SNOW:  WIND      :SUNSHINE: SKY     :PK WND
================================================================================
1   2   3   4   5  6A  6B    7    8   9   10  11  12  13   14  15   16   17  18
                                     12Z  AVG MX 2MIN
DY MAX MIN AVG DEP HDD CDD  WTR  SNW DPTH SPD SPD DIR MIN PSBL S-S WX    SPD DR
================================================================================

 1  60  47  54   0  11   0 0.00  0.0    0  5.9 15 320   M    M   8        22 320
 2  63  43  53  -1  12   0 0.00  0.0    0  4.5 13 250   M    M   0        20 240
 3  68  47  58   4   7   0 0.00  0.0    0  3.9 10 180   M    M   0 1      16 150
 4  72  63  68  14   0   3 0.00  0.0    0  9.0 16 130   M    M   4        21 140
 5  71  64  68  14   0   3    T  0.0    0 11.0 18 140   M    M  10 1      29 140
 6  73  51  62   8   3   0 2.76  0.0    0  9.5 25 200   M    M   9 13     44 260
 7  57  38  48  -6  17   0 0.00  0.0    0  6.4 16 310   M    M   1        28 270
 8  67  42  55   1  10   0 0.00  0.0    0  5.1 13 180   M    M   2        18 190
 9  68  52  60   6   5   0 0.00  0.0    0  8.7 15 130   M    M   1        21 130
10  69  60  65  11   0   0 0.00  0.0    0 11.6 17 140   M    M   7 18     23 140
11  73  66  70  16   0   5    T  0.0    0  4.8 12 180   M    M  10 12     18 150
12  71  65  68  14   0   3    T  0.0    0  9.0 16 130   M    M  10 12     23 190
13  70  52  61   6   4   0 0.71  0.0    0 10.5 21 350   M    M   8 13     27 340
14  64  45  55   0  10   0 0.01  0.0    0 11.0 18 360   M    M   1        28 360
15  66  44  55   0  10   0 0.00  0.0    0  6.0 15  30   M    M   1        21  60
16  62  53  58   3   7   0 0.30  0.0    0  8.3 20 120   M    M   7 1      26 120
17  64  57  61   6   4   0 0.00  0.0    0  5.2 12 130   M    M  10 1      16 130
18  69  63  66  11   0   1 0.00  0.0    0  7.3 14 130   M    M  10 12     19 120
19  76  65  71  15   0   6 0.01  0.0    0  4.4 13 320   M    M   9 12     17 310
20  68  47  58   2   7   0 1.08    M    0  9.9 24  10   M    M   9 1      34  10
================================================================================
SM 1351 1064       107  21  4.87     0.0 152.0          M      117
================================================================================
AV 67.6 53.2                               7.6 FASTST   M    M   6    MAX(MPH)
                                 MISC ---->  # 25 200               # 44  260
================================================================================
NOTES:
# LAST OF SEVERAL OCCURRENCES

COLUMN 17 PEAK WIND IN M.P.H.

PRELIMINARY LOCAL CLIMATOLOGICAL DATA (WS FORM: F-6) , PAGE 2

                                          STATION:  DESTIN_(ASOS)
                                          MONTH:    FEBRUARY
                                          YEAR:     2020
                                          LATITUDE:   30 23 N
                                          LONGITUDE:  86 28 W

[TEMPERATURE DATA]      [PRECIPITATION DATA]       SYMBOLS USED IN COLUMN 16

AVERAGE MONTHLY: 60.4   TOTAL FOR MONTH:   4.87    1 = FOG OR MIST
DPTR FM NORMAL:   5.9   DPTR FM NORMAL:    1.26    2 = FOG REDUCING VISIBILITY
HIGHEST:    76 ON 19    GRTST 24HR  2.76 ON  6- 6      TO 1/4 MILE OR LESS
LOWEST:     38 ON  7                               3 = THUNDER
                        SNOW, ICE PELLETS, HAIL    4 = ICE PELLETS
                        TOTAL MONTH:   0.0 INCH    5 = HAIL
                        GRTST 24HR     0.0         6 = FREEZING RAIN OR DRIZZLE
                        GRTST DEPTH:   0           7 = DUSTSTORM OR SANDSTORM:
                                                       VSBY 1/2 MILE OR LESS
                                                   8 = SMOKE OR HAZE
[NO. OF DAYS WITH]      [WEATHER - DAYS WITH]      9 = BLOWING SNOW
                                                   X = TORNADO
MAX 32 OR BELOW:   0    0.01 INCH OR MORE:   6
MAX 90 OR ABOVE:   0    0.10 INCH OR MORE:   4
MIN 32 OR BELOW:   0    0.50 INCH OR MORE:   3
MIN  0 OR BELOW:   0    1.00 INCH OR MORE:   2

[HDD (BASE 65) ]
TOTAL THIS MO.   107    CLEAR  (SCALE 0-3)   7
DPTR FM NORMAL  -107    PTCLDY (SCALE 4-7)   5
TOTAL FM JUL 1   757    CLOUDY (SCALE 8-10)  8
DPTR FM NORMAL  -324

[CDD (BASE 65) ]
TOTAL THIS MO.    21
DPTR FM NORMAL    21    [PRESSURE DATA]
TOTAL FM JAN 1    51    HIGHEST SLP M ON M
DPTR FM NORMAL    48    LOWEST  SLP 29.49 ON  6

[REMARKS]
