000
CXUS54 KMOB 190634
CF6DTS
PRELIMINARY LOCAL CLIMATOLOGICAL DATA (WS FORM: F-6)

                                          STATION:   DESTIN_(ASOS)
                                          MONTH:     OCTOBER
                                          YEAR:      2020
                                          LATITUDE:   30 23 N
                                          LONGITUDE:  86 28 W

  TEMPERATURE IN F:       :PCPN:    SNOW:  WIND      :SUNSHINE: SKY     :PK WND
================================================================================
1   2   3   4   5  6A  6B    7    8   9   10  11  12  13   14  15   16   17  18
                                     12Z  AVG MX 2MIN
DY MAX MIN AVG DEP HDD CDD  WTR  SNW DPTH SPD SPD DIR MIN PSBL S-S WX    SPD DR
================================================================================

 1  81  61  71  -5   0   6 0.00  0.0    0  3.5 15 350   M    M   0        21  20
 2  78  61  70  -5   0   5 0.00  0.0    0  9.7 15 340   M    M   0        24  50
 3  79  58  69  -6   0   4 0.00  0.0    0  6.5 12 100   M    M   0        17  40
 4  77  60  69  -5   0   4 0.00  0.0    0  7.5 14  10   M    M   0        21  60
 5  82  61  72  -2   0   7 0.00  0.0    0  7.2 13  40   M    M   3        18  60
 6  80  70  75   1   0  10 0.00  0.0    0  5.8 12  60   M    M   7        16  50
 7  87  72  80   6   0  15    T  0.0    0  3.6  8 180   M    M   1        11 180
 8  86  75  81   8   0  16 0.02  0.0    0  5.5 13 130   M    M   3 1      17 140
 9  84  74  79   6   0  14 0.00  0.0    0 11.8 20 130   M    M   3        26 130
10  83  76  80   7   0  15 0.35  0.0    0 11.4 21 150   M    M   8 1      31 130
11  82  76  79   7   0  14 0.00  0.0    0  6.9 14 240   M    M   5        25 230
12  85  73  79   7   0  14 0.00  0.0    0  4.4 12 230   M    M   3        17 240
13  88  70  79   7   0  14 0.00  0.0    0  5.4 13 350   M    M   1 1      17 350
14  82  66  74   3   0   9 0.00  0.0    0  3.7 12  20   M    M   0        16  20
15  82  67  75   4   0  10 0.00  0.0    0  2.9 10  90   M    M   0        13 150
16  79  62  71   0   0   6 0.00  0.0    0  9.4 18 360   M    M   2 1      27 340
17  77  56  67  -3   0   2 0.00  0.0    0  8.8 17  30   M    M   0        26  20
18  82  64  73   3   0   8 0.00  0.0    0  6.4 14  50   M    M   1        21  50
================================================================================
SM 1474 1202         0 173  0.37     0.0 120.4          M       37
================================================================================
AV 81.9 66.8                               6.7 FASTST   M    M   2    MAX(MPH)
                                 MISC ---->  # 21 150               # 31  130
================================================================================
NOTES:
# LAST OF SEVERAL OCCURRENCES

COLUMN 17 PEAK WIND IN M.P.H.

PRELIMINARY LOCAL CLIMATOLOGICAL DATA (WS FORM: F-6) , PAGE 2

                                          STATION:  DESTIN_(ASOS)
                                          MONTH:    OCTOBER
                                          YEAR:     2020
                                          LATITUDE:   30 23 N
                                          LONGITUDE:  86 28 W

[TEMPERATURE DATA]      [PRECIPITATION DATA]       SYMBOLS USED IN COLUMN 16

AVERAGE MONTHLY: 74.3   TOTAL FOR MONTH:   0.37    1 = FOG OR MIST
DPTR FM NORMAL:   1.6   DPTR FM NORMAL:   -2.26    2 = FOG REDUCING VISIBILITY
HIGHEST:    88 ON 13    GRTST 24HR  0.35 ON 10-10      TO 1/4 MILE OR LESS
LOWEST:     56 ON 17                               3 = THUNDER
                        SNOW, ICE PELLETS, HAIL    4 = ICE PELLETS
                        TOTAL MONTH:   0.0 INCH    5 = HAIL
                        GRTST 24HR     0.0         6 = FREEZING RAIN OR DRIZZLE
                        GRTST DEPTH:   0           7 = DUSTSTORM OR SANDSTORM:
                                                       VSBY 1/2 MILE OR LESS
                                                   8 = SMOKE OR HAZE
[NO. OF DAYS WITH]      [WEATHER - DAYS WITH]      9 = BLOWING SNOW
                                                   X = TORNADO
MAX 32 OR BELOW:   0    0.01 INCH OR MORE:   2
MAX 90 OR ABOVE:   0    0.10 INCH OR MORE:   1
MIN 32 OR BELOW:   0    0.50 INCH OR MORE:   0
MIN  0 OR BELOW:   0    1.00 INCH OR MORE:   0

[HDD (BASE 65) ]
TOTAL THIS MO.     0    CLEAR  (SCALE 0-3)  12
DPTR FM NORMAL    -2    PTCLDY (SCALE 4-7)   6
TOTAL FM JUL 1     5    CLOUDY (SCALE 8-10)  0
DPTR FM NORMAL     3

[CDD (BASE 65) ]
TOTAL THIS MO.   173
DPTR FM NORMAL    27    [PRESSURE DATA]
TOTAL FM JAN 1  2839    HIGHEST SLP M ON M
DPTR FM NORMAL   259    LOWEST  SLP 29.72 ON 10

[REMARKS]
