000
CXUS53 KDTX 220800
CF6DTW
PRELIMINARY LOCAL CLIMATOLOGICAL DATA (WS FORM: F-6)

                                          STATION:   DETROIT MI
                                          MONTH:     JANUARY
                                          YEAR:      2019
                                          LATITUDE:   42 13 N
                                          LONGITUDE:  83 20 W

  TEMPERATURE IN F:       :PCPN:    SNOW:  WIND      :SUNSHINE: SKY     :PK WND
================================================================================
1   2   3   4   5  6A  6B    7    8   9   10  11  12  13   14  15   16   17  18
                                     12Z  AVG MX 2MIN
DY MAX MIN AVG DEP HDD CDD  WTR  SNW DPTH SPD SPD DIR MIN PSBL S-S WX    SPD DR
================================================================================

 1  41  26  34   8  31   0 0.03  0.0    0  8.7 21 280   M    M   9 168    27 300
 2  35  26  31   5  34   0 0.03    T    0  7.3 22 270   M    M  10 18     31 260
 3  37  31  34   8  31   0 0.00  0.0    0 13.4 21 220   M    M   6        27 250
 4  50  30  40  14  25   0 0.00  0.0    0  8.1 16 200   M    M   2 8      19 240
 5  50  30  40  14  25   0 0.00  0.0    0  7.5 21 300   M    M   2 18     28 310
 6  42  32  37  11  28   0 0.00  0.0    0  7.7 15  10   M    M   7        19  10
 7  53  31  42  16  23   0 0.05    T    0 15.8 30 220   M    M  10        38 230
 8  52  35  44  18  21   0 0.02    T    0 13.3 29 280   M    M   9 138    39 280
 9  35  23  29   3  36   0 0.01  0.1    T 16.3 25 290   M    M  10 8      33 280
10  28  20  24  -2  41   0    T  0.1    T 12.2 21 310   M    M   8        29 300
11  30  17  24  -2  41   0 0.00  0.0    0  3.8  9 180   M    M   8        11 190
12  31  25  28   3  37   0    T    T    0  8.8 16  70   M    M  10        21  60
13  33  20  27   2  38   0 0.00  0.0    0 10.0 17  60   M    M   6        22  30
14  35  15  25   0  40   0 0.00  0.0    0  4.7 13 220   M    M   3 18     15 220
15  28  25  27   2  38   0    T    T    0 12.3 25 220   M    M  10 168    30 220
16  34  20  27   2  38   0    T    T    0  9.2 22 260   M    M   8 168    30 250
17  31  21  26   1  39   0 0.03  0.4    T  5.6 13 100   M    M  10 128    17 100
18  32  27  30   5  35   0    T    T    T  8.0 15 290   M    M   9 128    21 280
19  27  18  23  -2  42   0 0.33  5.8    1 15.2 25  10   M    M  10 189    35  20
20  18  -1   9 -16  56   0    T    T    5 13.5 25 360   M    M   4 9      33  10
21  15  -7   4 -21  61   0 0.00  0.0    5  6.9 15 320   M    M   1        19 320
================================================================================
SM  737  464       760   0  0.50     6.4 208.3          M      152
================================================================================
AV 35.1 22.1                               9.9 FASTST   M    M   7    MAX(MPH)
                                 MISC ---->  # 30 220               # 39  280
================================================================================
NOTES:
# LAST OF SEVERAL OCCURRENCES

COLUMN 17 PEAK WIND IN M.P.H.

PRELIMINARY LOCAL CLIMATOLOGICAL DATA (WS FORM: F-6) , PAGE 2

                                          STATION:  DETROIT MI
                                          MONTH:    JANUARY
                                          YEAR:     2019
                                          LATITUDE:   42 13 N
                                          LONGITUDE:  83 20 W

[TEMPERATURE DATA]      [PRECIPITATION DATA]       SYMBOLS USED IN COLUMN 16

AVERAGE MONTHLY: 28.6   TOTAL FOR MONTH:   0.50    1 = FOG OR MIST
DPTR FM NORMAL:   3.1   DPTR FM NORMAL:   -0.87    2 = FOG REDUCING VISIBILITY
HIGHEST:    53 ON  7    GRTST 24HR  0.88 ON 31- 1      TO 1/4 MILE OR LESS
LOWEST:     -7 ON 21                               3 = THUNDER
                        SNOW, ICE PELLETS, HAIL    4 = ICE PELLETS
                        TOTAL MONTH:   6.4 INCHES  5 = HAIL
                        GRTST 24HR   5.8 ON 19-19  6 = FREEZING RAIN OR DRIZZLE
                        GRTST DEPTH:   5 ON 21,20  7 = DUSTSTORM OR SANDSTORM:
                                                       VSBY 1/2 MILE OR LESS
                                                   8 = SMOKE OR HAZE
[NO. OF DAYS WITH]      [WEATHER - DAYS WITH]      9 = BLOWING SNOW
                                                   X = TORNADO
MAX 32 OR BELOW:   9    0.01 INCH OR MORE:   7
MAX 90 OR ABOVE:   0    0.10 INCH OR MORE:   1
MIN 32 OR BELOW:  20    0.50 INCH OR MORE:   0
MIN  0 OR BELOW:   2    1.00 INCH OR MORE:   0

[HDD (BASE 65) ]
TOTAL THIS MO.   760    CLEAR  (SCALE 0-3)   4
DPTR FM NORMAL   -70    PTCLDY (SCALE 4-7)   5
TOTAL FM JUL 1  3001    CLOUDY (SCALE 8-10) 12
DPTR FM NORMAL  -126

[CDD (BASE 65) ]
TOTAL THIS MO.     0
DPTR FM NORMAL     0    [PRESSURE DATA]
TOTAL FM JAN 1     0    HIGHEST SLP M ON M
DPTR FM NORMAL     0    LOWEST  SLP 29.56 ON  7

[REMARKS]
