000
CXUS55 KTWC 200855
CF6DUG
PRELIMINARY LOCAL CLIMATOLOGICAL DATA (WS FORM: F-6)

                                          STATION:   DOUGLAS AZ
                                          MONTH:     JANUARY
                                          YEAR:      2019
                                          LATITUDE:   31 28 N
                                          LONGITUDE: 109 36 W

  TEMPERATURE IN F:       :PCPN:    SNOW:  WIND      :SUNSHINE: SKY     :PK WND
================================================================================
1   2   3   4   5  6A  6B    7    8   9   10  11  12  13   14  15   16   17  18
                                     12Z  AVG MX 2MIN
DY MAX MIN AVG DEP HDD CDD  WTR  SNW DPTH SPD SPD DIR MIN PSBL S-S WX    SPD DR
================================================================================

 1  49  33  41  -4  24   0    T    M    M 11.7 22 280   M    M   M        25 270
 2  35  19  27 -19  38   0 0.14    M    M  8.9 22 320   M    M   M 1      26 320
 3  45  10  28 -18  37   0 0.00  0.0    M  4.5 10  10   M    M   M 2      11  30
 4  59  17  38  -8  27   0 0.00  0.0    M  2.0 12  20   M    M   M        14 350
 5  59  23  41  -5  24   0    T    M    M  2.9 10 140   M    M   M        12 150
 6  52  35  44  -2  21   0 0.30    M    M  7.4 17 320   M    M   M 1      21 320
 7  58  30  44  -2  21   0 0.00  0.0    M  3.5 10  20   M    M   M 2      12  10
 8  59  32  46   0  19   0 0.00  0.0    M  2.7 12  40   M    M   M 8      12  30
 9  62  36  49   3  16   0    T    M    M  5.9 14  20   M    M   M        17  20
10  49  39  44  -2  21   0 0.15    M    M  5.2 15 170   M    M   M 1      33 170
11  58  32  45  -1  20   0 0.00  0.0    M  3.7 12  20   M    M   M 2      16 340
12  61  26  44  -2  21   0 0.00  0.0    M  6.1 18 160   M    M   M        32 350
13  60  39  50   4  15   0 0.00  0.0    M  6.1 17 250   M    M   M        23 250
14  61  33  47   1  18   0 0.00  0.0    0  5.0 17 180   M    M   M        23 180
15  64  30  47   1  18   0 0.00  0.0    0  6.4 17 210   M    M   M        22 150
16  63  34  49   3  16   0 0.00  0.0    0  3.5 10 360   M    M   M        12 180
17   M  33   M   M   M   M 0.00  0.0    0  5.0 22 330   M    M   M        26 330
18   M   M   M   M   M   M    M    M    M   M   M   M   M    M   M         M  M
19   M   M   M   M   M   M    M    M    M   M   M   M   M    M   M         M  M
================================================================================
SM  894  501       356   0  0.59     0.0  90.5          M        M
================================================================================
AV 55.9 29.5                               5.3 FASTST   M    M   0    MAX(MPH)
                                 MISC ---->  # 22 280               # 33  170
================================================================================
NOTES:
# LAST OF SEVERAL OCCURRENCES

COLUMN 17 PEAK WIND IN M.P.H.

PRELIMINARY LOCAL CLIMATOLOGICAL DATA (WS FORM: F-6) , PAGE 2

                                          STATION:  DOUGLAS AZ
                                          MONTH:    JANUARY
                                          YEAR:     2019
                                          LATITUDE:   31 28 N
                                          LONGITUDE: 109 36 W

[TEMPERATURE DATA]      [PRECIPITATION DATA]       SYMBOLS USED IN COLUMN 16

AVERAGE MONTHLY: 42.7   TOTAL FOR MONTH:   0.59    1 = FOG OR MIST
DPTR FM NORMAL:  -3.3   DPTR FM NORMAL:    0.14    2 = FOG REDUCING VISIBILITY
HIGHEST:    64 ON 15    GRTST 24HR  0.30 ON  6- 6      TO 1/4 MILE OR LESS
LOWEST:     10 ON  3                               3 = THUNDER
                        SNOW, ICE PELLETS, HAIL    4 = ICE PELLETS
                        TOTAL MONTH:   0.0 INCH    5 = HAIL
                        GRTST 24HR     0.0         6 = FREEZING RAIN OR DRIZZLE
                        GRTST DEPTH:   0           7 = DUSTSTORM OR SANDSTORM:
                                                       VSBY 1/2 MILE OR LESS
                                                   8 = SMOKE OR HAZE
[NO. OF DAYS WITH]      [WEATHER - DAYS WITH]      9 = BLOWING SNOW
                                                   X = TORNADO
MAX 32 OR BELOW:   0    0.01 INCH OR MORE:   3
MAX 90 OR ABOVE:   0    0.10 INCH OR MORE:   3
MIN 32 OR BELOW:   9    0.50 INCH OR MORE:   0
MIN  0 OR BELOW:   0    1.00 INCH OR MORE:   0

[HDD (BASE 65) ]
TOTAL THIS MO.   356    CLEAR  (SCALE 0-3)   0
DPTR FM NORMAL    -7    PTCLDY (SCALE 4-7)   0
TOTAL FM JUL 1  1508    CLOUDY (SCALE 8-10)  0
DPTR FM NORMAL   121

[CDD (BASE 65) ]
TOTAL THIS MO.     0
DPTR FM NORMAL     0    [PRESSURE DATA]
TOTAL FM JAN 1     0    HIGHEST SLP M ON M
DPTR FM NORMAL     0    LOWEST  SLP 29.88 ON  1

[REMARKS]
