000
CXUS55 KTWC 210855
CF6DUG
PRELIMINARY LOCAL CLIMATOLOGICAL DATA (WS FORM: F-6)

                                          STATION:   DOUGLAS AZ
                                          MONTH:     OCTOBER
                                          YEAR:      2019
                                          LATITUDE:   31 28 N
                                          LONGITUDE: 109 36 W

  TEMPERATURE IN F:       :PCPN:    SNOW:  WIND      :SUNSHINE: SKY     :PK WND
================================================================================
1   2   3   4   5  6A  6B    7    8   9   10  11  12  13   14  15   16   17  18
                                     12Z  AVG MX 2MIN
DY MAX MIN AVG DEP HDD CDD  WTR  SNW DPTH SPD SPD DIR MIN PSBL S-S WX    SPD DR
================================================================================

 1  78  54  66  -4   0   1 0.00  0.0    M  8.8 20 170   M    M   M        23 160
 2  81  48  65  -4   0   0 0.00  0.0    M  4.3 16 130   M    M   M        20 130
 3  85  52  69   0   0   4 0.00  0.0    M  4.0 13 120   M    M   M        16 170
 4  85  63  74   6   0   9 0.05  0.0    M  5.6 14 280   M    M   M 1      19 240
 5  87  56  72   4   0   7 0.00  0.0    M  5.7 12 340   M    M   M        15 340
 6  86  51  69   1   0   4 0.00  0.0    M  6.1 14 340   M    M   M        18 270
 7  86  49  68   1   0   3 0.00  0.0    M  8.1 16  80   M    M   M        21  90
 8  88  59  74   7   0   9    T  0.0    M  6.2 24 230   M    M   M        33 230
 9  85  51  68   1   0   3 0.00  0.0    M  8.3 21 260   M    M   M        33 230
10  83  50  67   1   0   2 0.00  0.0    M  8.5 24 230   M    M   M        31 200
11  80  43  62  -4   3   0 0.00  0.0    M  8.3 21  90   M    M   M        25  80
12  83  46  65  -1   0   0 0.00  0.0    M  7.2 17 240   M    M   M        23 240
13  81  43  62  -3   3   0 0.00  0.0    M  4.1 12 160   M    M   M        14 160
14  81  50  66   1   0   1 0.00  0.0    M  6.1 17 170   M    M   M        21 170
15  81  52  67   2   0   2 0.00  0.0    M  5.5 12  40   M    M   M        18 250
16  83  47  65   1   0   0 0.00  0.0    M 10.8 23 100   M    M   M        30  80
17  86  47  67   3   0   2 0.00  0.0    M  7.6 21 240   M    M   M        27 240
18  79  50  65   1   0   0 0.00  0.0    M 10.0 29 260   M    M   M        37 260
19  78  39  59  -4   6   0 0.00  0.0    M  3.7 13 340   M    M   M        14 340
20  80  41  61  -2   4   0 0.00  0.0    M  9.1 22 330   M    M   M        35 300
================================================================================
SM 1656  991        16  47  0.05     0.0 138.0          M        M
================================================================================
AV 82.8 49.6                               6.9 FASTST   M    M   0    MAX(MPH)
                                 MISC ---->  # 29 260               # 37  260
================================================================================
NOTES:
# LAST OF SEVERAL OCCURRENCES

COLUMN 17 PEAK WIND IN M.P.H.

PRELIMINARY LOCAL CLIMATOLOGICAL DATA (WS FORM: F-6) , PAGE 2

                                          STATION:  DOUGLAS AZ
                                          MONTH:    OCTOBER
                                          YEAR:     2019
                                          LATITUDE:   31 28 N
                                          LONGITUDE: 109 36 W

[TEMPERATURE DATA]      [PRECIPITATION DATA]       SYMBOLS USED IN COLUMN 16

AVERAGE MONTHLY: 66.2   TOTAL FOR MONTH:   0.05    1 = FOG OR MIST
DPTR FM NORMAL:  -0.0   DPTR FM NORMAL:   -0.58    2 = FOG REDUCING VISIBILITY
HIGHEST:    88 ON  8    GRTST 24HR  0.05 ON  4- 4      TO 1/4 MILE OR LESS
LOWEST:     39 ON 19                               3 = THUNDER
                        SNOW, ICE PELLETS, HAIL    4 = ICE PELLETS
                        TOTAL MONTH:   0.0 INCH    5 = HAIL
                        GRTST 24HR     0.0         6 = FREEZING RAIN OR DRIZZLE
                        GRTST DEPTH:  M  ON   M    7 = DUSTSTORM OR SANDSTORM:
                                                       VSBY 1/2 MILE OR LESS
                                                   8 = SMOKE OR HAZE
[NO. OF DAYS WITH]      [WEATHER - DAYS WITH]      9 = BLOWING SNOW
                                                   X = TORNADO
MAX 32 OR BELOW:   0    0.01 INCH OR MORE:   1
MAX 90 OR ABOVE:   0    0.10 INCH OR MORE:   0
MIN 32 OR BELOW:   0    0.50 INCH OR MORE:   0
MIN  0 OR BELOW:   0    1.00 INCH OR MORE:   0

[HDD (BASE 65) ]
TOTAL THIS MO.    16    CLEAR  (SCALE 0-3)   0
DPTR FM NORMAL   -14    PTCLDY (SCALE 4-7)   0
TOTAL FM JUL 1    21    CLOUDY (SCALE 8-10)  0
DPTR FM NORMAL   -11

[CDD (BASE 65) ]
TOTAL THIS MO.    47
DPTR FM NORMAL    -7    [PRESSURE DATA]
TOTAL FM JAN 1  1662    HIGHEST SLP M ON M
DPTR FM NORMAL  -143    LOWEST  SLP 29.62 ON 17

[REMARKS]
