000
CXUS55 KTWC 290855
CF6DUG
PRELIMINARY LOCAL CLIMATOLOGICAL DATA (WS FORM: F-6)

                                          STATION:   DOUGLAS AZ
                                          MONTH:     MARCH
                                          YEAR:      2020
                                          LATITUDE:   31 28 N
                                          LONGITUDE: 109 36 W

  TEMPERATURE IN F:       :PCPN:    SNOW:  WIND      :SUNSHINE: SKY     :PK WND
================================================================================
1   2   3   4   5  6A  6B    7    8   9   10  11  12  13   14  15   16   17  18
                                     12Z  AVG MX 2MIN
DY MAX MIN AVG DEP HDD CDD  WTR  SNW DPTH SPD SPD DIR MIN PSBL S-S WX    SPD DR
================================================================================

 1  63  45  54   2  11   0 0.00    M    M 10.8 25 210   M    M   M        32 232
 2  63  44  54   2  11   0 0.05    M    M 13.8 30 170   M    M   M        34 180
 3  49  39  44  -8  21   0 0.56    M    M  6.0 16  60   M    M   M        18  60
 4   M  33   M   M   M   M 0.00    M    M    M  M   M   M    M   M         M   M
 5  71  33  52  -1  13   0 0.00    M    M 14.4 22  90   M    M   M        31  90
 6  72  51  62   9   3   0 0.00    M    M 12.4 25 100   M    M   M        30  90
 7  76  47  62   9   3   0 0.00    M    M 13.5 26 200   M    M   M        34 180
 8  59  45  52  -1  13   0 0.68    M    M 10.9 22 210   M    M   M        27 205
 9  70  35  53   0  12   0 0.00    M    M  5.5 18 230   M    M   M        24 219
10  68  48  58   4   7   0    T    M    M  6.3 19 140   M    M   M        13 112
11  69  52  61   7   4   0 0.02    M    M  6.3 20 250   M    M   M        23 250
12  60  52  56   2   9   0 0.36    M    M  8.4 21 140   M    M   M 1      24 170
13  64  41  53  -1  12   0    T    M    M 14.4 25 240   M    M   5        33 230
14  69  33  51  -3  14   0 0.00    M    M  5.3 22 200   M    M   0        28 190
15  74  36  55   1  10   0 0.00    M    M  7.1 21 230   M    M   0        29 230
16  75  32  54   0  11   0 0.00    M    M  7.0 23 170   M    M   0        26 170
17  73  48  61   6   4   0 0.00    M    M 11.4 26 210   M    M   1        36 210
18  55  43  49  -6  16   0 0.25    M    M 16.4 32 230   M    M   6 1      40 220
19  61  39  50  -5  15   0 0.00    M    M 10.6 24 250   M    M   2        32 210
20  68  29  49  -6  16   0 0.00    M    M  6.0 18 170   M    M   0        22 160
21  72  42  57   2   8   0 0.00    M    M  8.6 26 230   M    M   0        31 230
22  74  36  55  -1  10   0 0.00    M    M  7.0 21 240   M    M   0        31 230
23  74  45  60   4   5   0 0.00    M    M 10.5 29 270   M    M   0        37 270
24  79  33  56   0   9   0 0.00    M    M  7.8 28 250   M    M   0        36 260
25  84  37  61   5   4   0 0.00    M    M  9.6 29 250   M    M   0        35 240
26  76  50  63   7   2   0    T    M    M 17.0 31 240   M    M   4        42 220
27  60  33  47  -9  18   0 0.00    M    M 15.8 30 210   M    M   3        40 320
28  63  24  44 -13  21   0 0.00    M    M  6.5 14  30   M    M   0        18 200
================================================================================
SM 1841 1125       282   0  1.92    M    269.3          M       21
================================================================================
AV 68.2 40.2                              10.0 FASTST   M    M   1    MAX(MPH)
                                 MISC ---->    32 230                 42 220
================================================================================
NOTES:
# LAST OF SEVERAL OCCURRENCES

COLUMN 17 PEAK WIND IN M.P.H.

PRELIMINARY LOCAL CLIMATOLOGICAL DATA (WS FORM: F-6) , PAGE 2

                                          STATION:   DOUGLAS AZ
                                          MONTH:     MARCH
                                          YEAR:      2020
                                          LATITUDE:   31 28 N
                                          LONGITUDE: 109 36 W

[TEMPERATURE DATA]      [PRECIPITATION DATA]       SYMBOLS USED IN COLUMN 16

AVERAGE MONTHLY: 54.2   TOTAL FOR MONTH:   1.92    1 = FOG OR MIST
DPTR FM NORMAL:  -0.1   DPTR FM NORMAL:    1.45    2 = FOG REDUCING VISIBILITY
HIGHEST:    84 ON 25    GRTST 24HR  0.68 ON  8- 8      TO 1/4 MILE OR LESS
LOWEST:     24 ON 28                               3 = THUNDER
                        SNOW, ICE PELLETS, HAIL    4 = ICE PELLETS
                        TOTAL MONTH:  M            5 = HAIL
                        GRTST 24HR    M  ON   M    6 = FREEZING RAIN OR DRIZZLE
                        GRTST DEPTH:  M  ON   M    7 = DUSTSTORM OR SANDSTORM:
                                                       VSBY 1/2 MILE OR LESS
                                                   8 = SMOKE OR HAZE
[NO. OF DAYS WITH]      [WEATHER - DAYS WITH]      9 = BLOWING SNOW
                                                   X = TORNADO
MAX 32 OR BELOW:   0    0.01 INCH OR MORE:   6
MAX 90 OR ABOVE:   0    0.10 INCH OR MORE:   4
MIN 32 OR BELOW:   3    0.50 INCH OR MORE:   2
MIN  0 OR BELOW:   0    1.00 INCH OR MORE:   0

[HDD (BASE 65) ]
TOTAL THIS MO.   282    CLEAR  (SCALE 0-3)  13
DPTR FM NORMAL   -19    PTCLDY (SCALE 4-7)   3
TOTAL FM JUL 1  2178    CLOUDY (SCALE 8-10) 12
DPTR FM NORMAL  -159

[CDD (BASE 65) ]
TOTAL THIS MO.     0
DPTR FM NORMAL     0    [PRESSURE DATA]
TOTAL FM JAN 1     0    HIGHEST SLP M ON M
DPTR FM NORMAL     0    LOWEST  SLP 29.62 ON 18

[REMARKS]
