821
CXUS55 KTWC 270855
CF6DUG
PRELIMINARY LOCAL CLIMATOLOGICAL DATA (WS FORM: F-6)

                                          STATION:   DOUGLAS AZ
                                          MONTH:     MAY
                                          YEAR:      2024
                                          LATITUDE:   31 28 N
                                          LONGITUDE: 109 36 W

  TEMPERATURE IN F:       :PCPN:    SNOW:  WIND      :SUNSHINE: SKY     :PK WND
================================================================================
1   2   3   4   5  6A  6B    7    8   9   10  11  12  13   14  15   16   17  18
                                     12Z  AVG MX 2MIN
DY MAX MIN AVG DEP HDD CDD  WTR  SNW DPTH SPD SPD DIR MIN PSBL S-S WX    SPD DR
================================================================================

 1  85  49  67   3   0   2 0.00    M    M 11.1 24 260   M    M   0        33 260
 2  84  47  66   2   0   1 0.00    M    M  8.5 24 260   M    M   0        41 270
 3  86  48  67   2   0   2 0.00    M    M  8.4 23 230   M    M   0        33 240
 4  85  48  67   2   0   2 0.00    M    M  8.5 23 250   M    M   0        32 230
 5  87  51  69   4   0   4 0.00    M    M 15.3 33 230   M    M   0        43 230
 6  84  48  66   0   0   1 0.00    M    M 11.5 24 240   M    M   0        35 230
 7  86  46  66   0   0   1 0.00    M    M  9.5 25 250   M    M   0        37 240
 8  85  54  70   4   0   5 0.00    M    M 12.6 32 250   M    M   0        41 280
 9  84  47  66   0   0   1 0.00    M    M  8.2 24 270   M    M   0 8      35 210
10  88  42  65  -2   0   0 0.00    M    M  8.6 26 250   M    M   0        37 260
11  86  48  67   0   0   2 0.00    M    M  9.8 29 240   M    M   0        45 230
12  84  45  65  -2   0   0 0.00    M    M  8.3 23 310   M    M   0        38 300
13  86  47  67  -1   0   2 0.00    M    M  4.7 16 200   M    M   0        23 210
14  88  52  70   2   0   5 0.00    M    M  8.2 24 240   M    M   0        32 180
15  85  50  68   0   0   3 0.00    M    M  8.8 25 240   M    M   1        41 240
16  84  53  69   0   0   4 0.00    M    M  9.3 24 280   M    M   2        33 310
17  88  50  69   0   0   4 0.00    M    M  7.7 20 290   M    M   1        26 290
18  94  51  73   4   0   8 0.00    M    M  6.7 20 260   M    M   0        26 240
19  93  52  73   3   0   8 0.00    M    M  9.5 25 220   M    M   0        35 260
20  94  50  72   2   0   7 0.00    M    M 10.7 37 250   M    M   0        48 270
21  90  52  71   1   0   6 0.00    M    M  9.7 24 260   M    M   0        33 270
22  90  48  69  -2   0   4 0.00    M    M  8.1 30 260   M    M   0        42 190
23  89  51  70  -1   0   5 0.00    M    M 10.0 26 210   M    M   0        50 200
24  91  51  71   0   0   6 0.00    M    M  8.9 23 220   M    M   0        31 210
25  89  58  74   2   0   9 0.00    M    M 10.7 30 270   M    M   0        41 260
26  93  46  70  -2   0   5 0.00    M    M  8.4 22 270   M    M   0        29 270
================================================================================
SM 2278 1284         0  97  0.00    M    241.7          M        4
================================================================================
AV 87.6 49.4                               9.3 FASTST   M    M   0    MAX(MPH)
                                 MISC ---->    37 250                 50 200
================================================================================
NOTES:
# LAST OF SEVERAL OCCURRENCES

COLUMN 17 PEAK WIND IN M.P.H.

PRELIMINARY LOCAL CLIMATOLOGICAL DATA (WS FORM: F-6) , PAGE 2

                                          STATION:   DOUGLAS AZ
                                          MONTH:     MAY
                                          YEAR:      2024
                                          LATITUDE:   31 28 N
                                          LONGITUDE: 109 36 W

[TEMPERATURE DATA]      [PRECIPITATION DATA]       SYMBOLS USED IN COLUMN 16

AVERAGE MONTHLY: 68.5   TOTAL FOR MONTH:   0.00    1 = FOG OR MIST
DPTR FM NORMAL:   0.6   DPTR FM NORMAL:   -0.19    2 = FOG REDUCING VISIBILITY
HIGHEST:    94 ON 20,18  GRTST 24HR  0.00 ON  1- 1      TO 1/4 MILE OR LESS
LOWEST:     42 ON 10                               3 = THUNDER
                        SNOW, ICE PELLETS, HAIL    4 = ICE PELLETS
                        TOTAL MONTH:  M            5 = HAIL
                        GRTST 24HR    M  ON   M    6 = FREEZING RAIN OR DRIZZLE
                        GRTST DEPTH:  M  ON   M    7 = DUSTSTORM OR SANDSTORM:
                                                       VSBY 1/2 MILE OR LESS
                                                   8 = SMOKE OR HAZE
[NO. OF DAYS WITH]      [WEATHER - DAYS WITH]      9 = BLOWING SNOW
                                                   X = TORNADO
MAX 32 OR BELOW:   0    0.01 INCH OR MORE:   0
MAX 90 OR ABOVE:   7    0.10 INCH OR MORE:   0
MIN 32 OR BELOW:   0    0.50 INCH OR MORE:   0
MIN  0 OR BELOW:   0    1.00 INCH OR MORE:   0

[HDD (BASE 65) ]
TOTAL THIS MO.     0    CLEAR  (SCALE 0-3)  26
DPTR FM NORMAL   -27    PTCLDY (SCALE 4-7)   0
TOTAL FM JUL 1  2457    CLOUDY (SCALE 8-10)  0
DPTR FM NORMAL  -218

[CDD (BASE 65) ]
TOTAL THIS MO.    97
DPTR FM NORMAL    -8    [PRESSURE DATA]
TOTAL FM JAN 1   118    HIGHEST SLP M ON M
DPTR FM NORMAL    -8    LOWEST  SLP 29.58 ON  8

[REMARKS]