000
CXUS51 KPBZ 190730
CF6DUJ
PRELIMINARY LOCAL CLIMATOLOGICAL DATA (WS FORM: F-6)

                                          STATION:   DUBOIS PA
                                          MONTH:     OCTOBER
                                          YEAR:      2019
                                          LATITUDE:   41 10 N
                                          LONGITUDE:  78 54 W

  TEMPERATURE IN F:       :PCPN:    SNOW:  WIND      :SUNSHINE: SKY     :PK WND
================================================================================
1   2   3   4   5  6A  6B    7    8   9   10  11  12  13   14  15   16   17  18
                                     12Z  AVG MX 2MIN
DY MAX MIN AVG DEP HDD CDD  WTR  SNW DPTH SPD SPD DIR MIN PSBL S-S WX    SPD DR
================================================================================

 1  86  61  74  20   0   9 0.00    M    M  6.6 20 230   M    M   4 12     29 260
 2  85  64  75  21   0  10 0.30    M    M  7.9 18 270   M    M   5 18     24 270
 3  82  55  69  16   0   4 0.14    M    M  9.3 20 260   M    M   8 123    28 250
 4  58  36  47  -6  18   0 0.00    M    M  8.6 16  10   M    M   8        21  10
 5  57  35  46  -6  19   0 0.00    M    M 10.5 18 120   M    M   1        25 150
 6  68  51  60   8   5   0 0.22    M    M  7.8 16 310   M    M   8 1      20 310
 7  57  48  53   1  12   0 1.18    M    M  3.2 12 320   M    M   9 12     15 320
 8  64  44  54   3  11   0 0.00    M    M  5.4 14  80   M    M   4 12     18  40
 9  66  40  53   2  12   0 0.00    M    M  6.3 14 100   M    M   0        20 100
10  68  39  54   3  11   0 0.00    M    M  5.7 10 120   M    M   0        13  90
11  69  44  57   7   8   0 0.00    M    M  6.4 12 110   M    M   0 1      16 110
12  56  35  46  -4  19   0 0.02    M    M  6.2 17 240   M    M   6 1      22 260
13  63  31  47  -3  18   0 0.00    M    M  4.2 13 140   M    M   0 1      19 140
14  58  38  48  -2  17   0 0.00    M    M  8.7 21 250   M    M   2        26 260
15  62  31  47  -2  18   0 0.00    M    M  5.0 12 160   M    M   0 1      18 140
16  53  42  48  -1  17   0 0.56    M    M 12.2 22 280   M    M   9 13     31 300
17  43  39  41  -8  24   0 0.22    M    M 14.5 24 270   M    M  10 1      34 270
18  52  36  44  -4  21   0 0.00    M    M  7.1 15 300   M    M   4        20 300
================================================================================
SM 1147  769       230  23  2.64    M    135.6          M       78
================================================================================
AV 63.7 42.7                               7.5 FASTST   M    M   4    MAX(MPH)
                                 MISC ---->    24 270                 34 270
================================================================================
NOTES:
# LAST OF SEVERAL OCCURRENCES

COLUMN 17 PEAK WIND IN M.P.H.

PRELIMINARY LOCAL CLIMATOLOGICAL DATA (WS FORM: F-6) , PAGE 2

                                          STATION:   DUBOIS PA
                                          MONTH:     OCTOBER
                                          YEAR:      2019
                                          LATITUDE:   41 10 N
                                          LONGITUDE:  78 54 W

[TEMPERATURE DATA]      [PRECIPITATION DATA]       SYMBOLS USED IN COLUMN 16

AVERAGE MONTHLY: 53.2   TOTAL FOR MONTH:   2.64    1 = FOG OR MIST
DPTR FM NORMAL:   2.2   DPTR FM NORMAL:    0.81    2 = FOG REDUCING VISIBILITY
HIGHEST:    86 ON  1    GRTST 24HR  1.38 ON  6- 7      TO 1/4 MILE OR LESS
LOWEST:     31 ON 15,13                             3 = THUNDER
                        SNOW, ICE PELLETS, HAIL    4 = ICE PELLETS
                        TOTAL MONTH:  M            5 = HAIL
                        GRTST 24HR    M  ON   M    6 = FREEZING RAIN OR DRIZZLE
                        GRTST DEPTH:  M  ON   M    7 = DUSTSTORM OR SANDSTORM:
                                                       VSBY 1/2 MILE OR LESS
                                                   8 = SMOKE OR HAZE
[NO. OF DAYS WITH]      [WEATHER - DAYS WITH]      9 = BLOWING SNOW
                                                   X = TORNADO
MAX 32 OR BELOW:   0    0.01 INCH OR MORE:   7
MAX 90 OR ABOVE:   0    0.10 INCH OR MORE:   6
MIN 32 OR BELOW:   2    0.50 INCH OR MORE:   2
MIN  0 OR BELOW:   0    1.00 INCH OR MORE:   1

[HDD (BASE 65) ]
TOTAL THIS MO.   230    CLEAR  (SCALE 0-3)   7
DPTR FM NORMAL   -24    PTCLDY (SCALE 4-7)   7
TOTAL FM JUL 1   333    CLOUDY (SCALE 8-10)  4
DPTR FM NORMAL  -167

[CDD (BASE 65) ]
TOTAL THIS MO.    23
DPTR FM NORMAL    23    [PRESSURE DATA]
TOTAL FM JAN 1   430    HIGHEST SLP M ON M
DPTR FM NORMAL    70    LOWEST  SLP 29.53 ON 17

[REMARKS]
