000
CXUS51 KPBZ 270730
CF6DUJ
PRELIMINARY LOCAL CLIMATOLOGICAL DATA (WS FORM: F-6)

                                          STATION:   DUBOIS PA
                                          MONTH:     MAY
                                          YEAR:      2020
                                          LATITUDE:   41 10 N
                                          LONGITUDE:  78 54 W

  TEMPERATURE IN F:       :PCPN:    SNOW:  WIND      :SUNSHINE: SKY     :PK WND
================================================================================
1   2   3   4   5  6A  6B    7    8   9   10  11  12  13   14  15   16   17  18
                                     12Z  AVG MX 2MIN
DY MAX MIN AVG DEP HDD CDD  WTR  SNW DPTH SPD SPD DIR MIN PSBL S-S WX    SPD DR
================================================================================

 1  54  41  48  -4  17   0 0.00    M    M  7.4 16 310   M    M  10 18     24 310
 2  66  36  51  -1  14   0 0.02    M    M  8.3 17 220   M    M   8 12     31 230
 3  76  54  65  12   0   0 0.00    M    M 10.0 22 260   M    M   5        29 230
 4  58  38  48  -5  17   0 0.00    M    M 10.8 20 330   M    M   6        28 290
 5  58  29  44  -9  21   0    T    M    M  4.5 12  70   M    M   2        15  80
 6  46  34  40 -14  25   0 0.25    M    M  8.5 16  10   M    M   8 1      21 360
 7  59  29  44 -10  21   0    T    M    M 10.5 33 250   M    M   4        45 270
 8  44  26  35 -19  30   0 0.17    M    M  6.9 18 320   M    M   8 1      29 360
 9  37  23  30 -24  35   0    T    M    M 12.9 26 250   M    M   8 18     37 280
10  56  30  43 -12  22   0 0.02    M    M 10.8 24 260   M    M   5        34 260
11  43  34  39 -16  26   0 0.17    M    M 12.9 24 270   M    M  10 1      33 260
12  51  34  43 -12  22   0 0.00    M    M 10.5 26 260   M    M   7 1      37 270
13  59  32  46 -10  19   0 0.00    M    M  4.0 15 240   M    M   0        20 290
14  62  37  50  -6  15   0 0.26    M    M  6.9 14 250   M    M   7 18     21 180
15  78  58  68  12   0   3 1.03    M    M 10.1 26 230   M    M   9 18     38 280
16  74  50  62   6   3   0 0.00    M    M  3.6 12  20   M    M   1 1      20 360
17  68  54  61   4   4   0 0.31    M    M 10.3 18 110   M    M   6 1      26 120
18  72  55  64   7   1   0 0.00    M    M 10.8 20 120   M    M   4        30 110
19  69  53  61   4   4   0 0.00    M    M 14.1 24 130   M    M   2        35  70
20  62  47  55  -2  10   0 0.00    M    M 12.2 21 110   M    M   0        32 100
21  69  41  55  -3  10   0 0.00    M    M  7.7 16 120   M    M   2        23 120
22  63  53  58   0   7   0 0.55    M    M  4.9  9 100   M    M   9 128    14 110
23  73  52  63   5   2   0 0.00    M    M  3.6 12 250   M    M   9 128    15 250
24  78  60  69  11   0   4 0.00    M    M  8.3 15 130   M    M   6 1      19 130
25  85  60  73  14   0   8 0.00    M    M  5.2 16  90   M    M   5 38     20  60
26  85  61  73  14   0   8 0.00    M    M  5.6 14 110   M    M   0 1      19 110
================================================================================
SM 1645 1121       325  23  2.78    M    221.3          M      141
================================================================================
AV 63.3 43.1                               8.5 FASTST   M    M   5    MAX(MPH)
                                 MISC ---->    33 250                 45 270
================================================================================
NOTES:
# LAST OF SEVERAL OCCURRENCES

COLUMN 17 PEAK WIND IN M.P.H.

PRELIMINARY LOCAL CLIMATOLOGICAL DATA (WS FORM: F-6) , PAGE 2

                                          STATION:   DUBOIS PA
                                          MONTH:     MAY
                                          YEAR:      2020
                                          LATITUDE:   41 10 N
                                          LONGITUDE:  78 54 W

[TEMPERATURE DATA]      [PRECIPITATION DATA]       SYMBOLS USED IN COLUMN 16

AVERAGE MONTHLY: 53.2   TOTAL FOR MONTH:   2.78    1 = FOG OR MIST
DPTR FM NORMAL:  -2.4   DPTR FM NORMAL:   -0.79    2 = FOG REDUCING VISIBILITY
HIGHEST:    85 ON 26,25  GRTST 24HR  1.10 ON 14-15      TO 1/4 MILE OR LESS
LOWEST:     23 ON  9                               3 = THUNDER
                        SNOW, ICE PELLETS, HAIL    4 = ICE PELLETS
                        TOTAL MONTH:  M            5 = HAIL
                        GRTST 24HR    M  ON   M    6 = FREEZING RAIN OR DRIZZLE
                        GRTST DEPTH:  M  ON   M    7 = DUSTSTORM OR SANDSTORM:
                                                       VSBY 1/2 MILE OR LESS
                                                   8 = SMOKE OR HAZE
[NO. OF DAYS WITH]      [WEATHER - DAYS WITH]      9 = BLOWING SNOW
                                                   X = TORNADO
MAX 32 OR BELOW:   0    0.01 INCH OR MORE:   9
MAX 90 OR ABOVE:   0    0.10 INCH OR MORE:   7
MIN 32 OR BELOW:   6    0.50 INCH OR MORE:   2
MIN  0 OR BELOW:   0    1.00 INCH OR MORE:   1

[HDD (BASE 65) ]
TOTAL THIS MO.   325    CLEAR  (SCALE 0-3)   7
DPTR FM NORMAL    68    PTCLDY (SCALE 4-7)  13
TOTAL FM JUL 1  6094    CLOUDY (SCALE 8-10)  6
DPTR FM NORMAL  -676

[CDD (BASE 65) ]
TOTAL THIS MO.    23
DPTR FM NORMAL     9    [PRESSURE DATA]
TOTAL FM JAN 1    23    HIGHEST SLP M ON M
DPTR FM NORMAL     5    LOWEST  SLP 29.70 ON  4

[REMARKS]
