000
CXUS51 KPBZ 210804
CF6DUJ
PRELIMINARY LOCAL CLIMATOLOGICAL DATA (WS FORM: F-6)

                                          STATION:   DUBOIS
                                          MONTH:     SEPTEMBER
                                          YEAR:      2018
                                          LATITUDE:   41 10 N
                                          LONGITUDE:  78 54 W

  TEMPERATURE IN F:       :PCPN:    SNOW:  WIND      :SUNSHINE: SKY     :PK WND
================================================================================
1   2   3   4   5  6A  6B    7    8   9   10  11  12  13   14  15   16   17  18
                                     12Z  AVG MX 2MIN
DY MAX MIN AVG DEP HDD CDD  WTR  SNW DPTH SPD SPD DIR MIN PSBL S-S WX    SPD DR
================================================================================

 1  82  66  74   9   0   9 0.41  0.0    0  6.5 12 130   M    M   7 13     17 130
 2  83  68  76  11   0  11 0.00  0.0    0  4.5 13 250   M    M   6 1      16 250
 3  85  65  75  11   0  10 0.44  0.0    0  4.1 17  10   M    M   1 123    21  20
 4  86  63  75  11   0  10 0.00  0.0    0  2.0  8 210   M    M   1 1      11 230
 5  86  66  76  12   0  11 0.00  0.0    0  4.7 15 230   M    M   1 12     18 230
 6  81  67  74  11   0   9 0.85  0.0    0  4.4 23 290   M    M   4 138    32 280
 7  77  65  71   8   0   6 0.00  0.0    0  5.3 10  40   M    M   9        14  40
 8  65  53  59  -4   6   0 0.58  0.0    0  7.8 13  70   M    M  10 1      18 100
 9  53  50  52 -10  13   0 1.90  0.0    0 12.4 18 100   M    M  10 1      28  90
10  59  52  56  -6   9   0 1.49  0.0    0 11.7 21 120   M    M  10 1      30 100
11  66  56  61  -1   4   0 0.00  0.0    0  3.6 10 230   M    M  10 1      15 230
12  72  61  67   6   0   2 0.00    M    M  5.4 12 100   M    M  10 1      15 100
13  80  66  73  12   0   8 0.04  0.0    0  6.6 10 130   M    M   9 1      16 130
14  76  66  71  10   0   6 0.00  0.0    0  6.8 13 120   M    M   8 1      17 130
15  76  63  70  10   0   5 0.00    M    M  4.8 12 110   M    M   7 1      15 110
16  78  60  69   9   0   4 0.00    M    M  6.0 13 110   M    M   4 12     19 160
17  67  63  65   6   0   0 1.48    M    M  8.1 15  60   M    M   8 1      19  60
18  78  63  71  12   0   6 0.00  0.0    0  6.3 14 280   M    M   6 12     20 320
19  77  59  68   9   0   3 0.00  0.0    0  4.7 12 330   M    M   4 12     15 280
20  79  54  67   9   0   2 0.00  0.0    0  5.9  9 140   M    M   4 12     14 150
================================================================================
SM 1506 1226        32 102  7.19     0.0 121.6          M      129
================================================================================
AV 75.3 61.3                               6.1 FASTST   M    M   6    MAX(MPH)
                                 MISC ---->  # 23 290               # 32  280
================================================================================
NOTES:
# LAST OF SEVERAL OCCURRENCES

COLUMN 17 PEAK WIND IN M.P.H.

PRELIMINARY LOCAL CLIMATOLOGICAL DATA (WS FORM: F-6) , PAGE 2

                                          STATION:  DUBOIS
                                          MONTH:    SEPTEMBER
                                          YEAR:     2018
                                          LATITUDE:   41 10 N
                                          LONGITUDE:  78 54 W

[TEMPERATURE DATA]      [PRECIPITATION DATA]       SYMBOLS USED IN COLUMN 16

AVERAGE MONTHLY: 68.3   TOTAL FOR MONTH:   7.19    1 = FOG OR MIST
DPTR FM NORMAL:   6.6   DPTR FM NORMAL:    4.68    2 = FOG REDUCING VISIBILITY
HIGHEST:    86 ON  5, 4 GRTST 24HR  1.90 ON  9- 9      TO 1/4 MILE OR LESS
LOWEST:     50 ON  9                               3 = THUNDER
                        SNOW, ICE PELLETS, HAIL    4 = ICE PELLETS
                        TOTAL MONTH:   0.0 INCH    5 = HAIL
                        GRTST 24HR     0.0         6 = FREEZING RAIN OR DRIZZLE
                        GRTST DEPTH:   0           7 = DUSTSTORM OR SANDSTORM:
                                                       VSBY 1/2 MILE OR LESS
                                                   8 = SMOKE OR HAZE
[NO. OF DAYS WITH]      [WEATHER - DAYS WITH]      9 = BLOWING SNOW
                                                   X = TORNADO
MAX 32 OR BELOW:   0    0.01 INCH OR MORE:   8
MAX 90 OR ABOVE:   0    0.10 INCH OR MORE:   7
MIN 32 OR BELOW:   0    0.50 INCH OR MORE:   5
MIN  0 OR BELOW:   0    1.00 INCH OR MORE:   3

[HDD (BASE 65) ]
TOTAL THIS MO.    32    CLEAR  (SCALE 0-3)   3
DPTR FM NORMAL   -57    PTCLDY (SCALE 4-7)   9
TOTAL FM JUL 1    43    CLOUDY (SCALE 8-10)  8
DPTR FM NORMAL  -108

[CDD (BASE 65) ]
TOTAL THIS MO.   102
DPTR FM NORMAL    75    [PRESSURE DATA]
TOTAL FM JAN 1   586    HIGHEST SLP M ON M
DPTR FM NORMAL   228    LOWEST  SLP 29.82 ON 17

[REMARKS]
