000
CXUS54 KMAF 261110
CF6E11
PRELIMINARY LOCAL CLIMATOLOGICAL DATA (WS FORM: F-6)

                                          STATION:   ANDREWS COUNTY AIRPORT
                                          MONTH:     MAY
                                          YEAR:      2020
                                          LATITUDE:   32 19 N
                                          LONGITUDE: 102 32 W

  TEMPERATURE IN F:       :PCPN:    SNOW:  WIND      :SUNSHINE: SKY     :PK WND
================================================================================
1   2   3   4   5  6A  6B    7    8   9   10  11  12  13   14  15   16   17  18
                                     12Z  AVG MX 2MIN
DY MAX MIN AVG DEP HDD CDD  WTR  SNW DPTH SPD SPD DIR MIN PSBL S-S WX    SPD DR
================================================================================

 1 101  65  83   M   0  18    M    M    M 11.7 21 210   M    M   0        29 210
 2 100  66  83   M   0  18    M    M    M 11.7 20 290   M    M   0        26 290
 3  98  67  83   M   0  18    M    M    M  7.8 13 220   M    M   0        20  10
 4 100  66  83   M   0  18    M    M    M  8.5 15 250   M    M   0        28 300
 5  80  59  70   M   0   5    M    M    M 14.4 22  60   M    M   1        33  50
 6  85  51  68   M   0   3    M    M    M  9.4 18 130   M    M   0        23 130
 7 101  62  82   M   0  17    M    M    M 14.3 22 270   M    M   0        30 240
 8  78  52  65   M   0   0    M    M    M 16.1 29  20   M    M   1 8      36  30
 9  80  44  62   M   3   0    M    M    M  7.7 14 110   M    M   0        20 110
10  82  54  68   M   0   3    M    M    M 10.5 23 140   M    M   1        29 140
11  85  56  71   M   0   6    M    M    M 12.4 24 190   M    M   1        37 190
12  92  53  73   M   0   8    M    M    M  7.6 20 210   M    M   1        26 210
13  92  66  79   M   0  14 0.03    M    M 13.5 20 210   M    M   2        32 200
14  95  64  80   M   0  15    M    M    M 10.5 17 250   M    M   0        24 210
15  92  60  76   M   0  11 0.24    M    M  9.8 23 110   M    M   1 3      32 110
16  82  56  69   M   0   4    M    M    M  9.9 17 120   M    M   3        31 100
17  90  56  73   M   0   8    M    M    M  7.0 15 170   M    M   0        22 170
18 102  58  80   M   0  15    M    M    M  7.1 20 230   M    M   0        29 230
19 103  70  87   M   0  22 0.02    M    M 11.1 23 240   M    M   0        36 240
20 100  64  82   M   0  17    M    M    M  8.3 20 120   M    M   1        26 120
21  96  59  78   M   0  13    M    M    M 10.1 17 250   M    M   0        29 250
22  97  65  81   M   0  16    M    M    M  8.2 16 230   M    M   0        24 260
23  95  58  77   M   0  12    M    M    M 11.1 22 180   M    M   1        44 190
24  94  59  77   M   0  12    M    M    M  7.9 20 140   M    M   0        29 180
25  73  58  66   M   0   1    M    M    M 11.4 20  40   M    M   7 3      25  40
================================================================================
SM 2293 1488         3 274  0.29    M    258.2          M       20
================================================================================
AV 91.7 59.5                              10.3 FASTST   M    M   1    MAX(MPH)
                                 MISC ---->    29  20                 44 190
================================================================================
NOTES:
# LAST OF SEVERAL OCCURRENCES

COLUMN 17 PEAK WIND IN M.P.H.

PRELIMINARY LOCAL CLIMATOLOGICAL DATA (WS FORM: F-6) , PAGE 2

                                          STATION:   ANDREWS COUNTY AIRPORT
                                          MONTH:     MAY
                                          YEAR:      2020
                                          LATITUDE:   32 19 N
                                          LONGITUDE: 102 32 W

[TEMPERATURE DATA]      [PRECIPITATION DATA]       SYMBOLS USED IN COLUMN 16

AVERAGE MONTHLY: 75.6   TOTAL FOR MONTH:   0.29    1 = FOG OR MIST
DPTR FM NORMAL:   0.0   DPTR FM NORMAL:    0.29    2 = FOG REDUCING VISIBILITY
HIGHEST:   103 ON 19    GRTST 24HR  0.24 ON 15-15      TO 1/4 MILE OR LESS
LOWEST:     44 ON  9                               3 = THUNDER
                        SNOW, ICE PELLETS, HAIL    4 = ICE PELLETS
                        TOTAL MONTH:  M            5 = HAIL
                        GRTST 24HR    M  ON   M    6 = FREEZING RAIN OR DRIZZLE
                        GRTST DEPTH:  M  ON   M    7 = DUSTSTORM OR SANDSTORM:
                                                       VSBY 1/2 MILE OR LESS
                                                   8 = SMOKE OR HAZE
[NO. OF DAYS WITH]      [WEATHER - DAYS WITH]      9 = BLOWING SNOW
                                                   X = TORNADO
MAX 32 OR BELOW:   0    0.01 INCH OR MORE:   3
MAX 90 OR ABOVE:  17    0.10 INCH OR MORE:   1
MIN 32 OR BELOW:   0    0.50 INCH OR MORE:   0
MIN  0 OR BELOW:   0    1.00 INCH OR MORE:   0

[HDD (BASE 65) ]
TOTAL THIS MO.     3    CLEAR  (SCALE 0-3)  23
DPTR FM NORMAL     M    PTCLDY (SCALE 4-7)   2
TOTAL FM JUL 1  2577    CLOUDY (SCALE 8-10)  0
DPTR FM NORMAL     M

[CDD (BASE 65) ]
TOTAL THIS MO.   274
DPTR FM NORMAL     M    [PRESSURE DATA]
TOTAL FM JAN 1   410    HIGHEST SLP M ON M
DPTR FM NORMAL     M    LOWEST  SLP M ON M

[REMARKS]
