692
CXUS54 KMAF 221100
CF6E11
PRELIMINARY LOCAL CLIMATOLOGICAL DATA (WS FORM: F-6)

                                          STATION:   Andrews County Airport
                                          MONTH:     SEPTEMBER
                                          YEAR:      2018
                                          LATITUDE:   32 19 N
                                          LONGITUDE: 102 32 W

  TEMPERATURE IN F:       :PCPN:    SNOW:  WIND      :SUNSHINE: SKY     :PK WND
================================================================================
1   2   3   4   5  6A  6B    7    8   9   10  11  12  13   14  15   16   17  18
                                     12Z  AVG MX 2MIN
DY MAX MIN AVG DEP HDD CDD  WTR  SNW DPTH SPD SPD DIR MIN PSBL S-S WX    SPD DR
================================================================================

 1  95  67  81   M   0  16 0.20  0.0    0  9.7 15 330   M    M   3 3      24 120
 2  88  68  78   M   0  13 0.00  0.0    0  7.2 18 270   M    M   4        24 270
 3  88  64  76   M   0  11 0.00  0.0    0  5.4 14 160   M    M   3 3      20 160
 4  88  64  76   M   0  11 0.00  0.0    0  6.2 21 100   M    M   3        27 100
 5  90  67  79   M   0  14 0.00  0.0    0  6.9 17  20   M    M   4 1      23 100
 6  77  65  71   M   0   6 0.38  0.0    0  4.9 12  60   M    M   8        17  60
 7  70  65  68   M   0   3 0.83  0.0    0  6.7 14  30   M    M   9        17  30
 8  78  65  72   M   0   7 0.00  0.0    0  6.8 10  30   M    M   6         M  M
 9  81  62  72   M   0   7 0.00  0.0    0  3.1 10 110   M    M   5 1       M  M
10  83  62  73   M   0   8 0.00  0.0    0  2.8  9 110   M    M   2 3       M  M
11  82  60  71   M   0   6 0.00  0.0    0  3.9 10 120   M    M   1         M  M
12  85  60  73   M   0   8 0.00  0.0    0  6.9 14 130   M    M   0        17 160
13  87  63  75   M   0  10 0.00  0.0    0  7.0 12 130   M    M   3        21 160
14  87  61  74   M   0   9 0.00  0.0    0  4.5 10 110   M    M   3 1      16 100
15  80  63  72   M   0   7 0.00  0.0    0  5.9 13 120   M    M   5 12     21 120
16  84  65  75   M   0  10 0.00  0.0    0  5.1 12 120   M    M   6         M  M
17  82  62  72   M   0   7 0.00  0.0    0  5.0 12 190   M    M   5 1       M  M
18  86  66  76   M   0  11 0.00  0.0    0  7.2 13 160   M    M   6        20 160
19  88  64  76   M   0  11 0.00  0.0    0 10.1 16 160   M    M   5 1      27 190
20  83  66  75   M   0  10 0.24  0.0    0 10.1 16 210   M    M   6        25 170
21  76  62  69   M   0   4 0.08  0.0    0 10.4 20  20   M    M   9        30  20
================================================================================
SM 1758 1341         0 189  1.73     0.0 135.8          M       96
================================================================================
AV 83.7 63.9                               6.5 FASTST   M    M   5    MAX(MPH)
                                 MISC ---->  # 21 100               # 30   20
================================================================================
NOTES:
# LAST OF SEVERAL OCCURRENCES

COLUMN 17 PEAK WIND IN M.P.H.

PRELIMINARY LOCAL CLIMATOLOGICAL DATA (WS FORM: F-6) , PAGE 2

                                          STATION:  Andrews County Airport
                                          MONTH:    SEPTEMBER
                                          YEAR:     2018
                                          LATITUDE:   32 19 N
                                          LONGITUDE: 102 32 W

[TEMPERATURE DATA]      [PRECIPITATION DATA]       SYMBOLS USED IN COLUMN 16

AVERAGE MONTHLY: 73.8   TOTAL FOR MONTH:   1.73    1 = FOG OR MIST
DPTR FM NORMAL:     M   DPTR FM NORMAL:       M    2 = FOG REDUCING VISIBILITY
HIGHEST:    95 ON  1    GRTST 24HR  0.83 ON  7- 7      TO 1/4 MILE OR LESS
LOWEST:     60 ON 12,11                            3 = THUNDER
                        SNOW, ICE PELLETS, HAIL    4 = ICE PELLETS
                        TOTAL MONTH:   0.0 INCH    5 = HAIL
                        GRTST 24HR     0.0         6 = FREEZING RAIN OR DRIZZLE
                        GRTST DEPTH:   0           7 = DUSTSTORM OR SANDSTORM:
                                                       VSBY 1/2 MILE OR LESS
                                                   8 = SMOKE OR HAZE
[NO. OF DAYS WITH]      [WEATHER - DAYS WITH]      9 = BLOWING SNOW
                                                   X = TORNADO
MAX 32 OR BELOW:   0    0.01 INCH OR MORE:   5
MAX 90 OR ABOVE:   2    0.10 INCH OR MORE:   4
MIN 32 OR BELOW:   0    0.50 INCH OR MORE:   1
MIN  0 OR BELOW:   0    1.00 INCH OR MORE:   0

[HDD (BASE 65) ]
TOTAL THIS MO.     0    CLEAR  (SCALE 0-3)   6
DPTR FM NORMAL     M    PTCLDY (SCALE 4-7)  12
TOTAL FM JUL 1     0    CLOUDY (SCALE 8-10)  3
DPTR FM NORMAL     M

[CDD (BASE 65) ]
TOTAL THIS MO.   189
DPTR FM NORMAL     M    [PRESSURE DATA]
TOTAL FM JAN 1  2352    HIGHEST SLP M ON M
DPTR FM NORMAL     M    LOWEST  SLP M ON M

[REMARKS]
