000
CXUS54 KMAF 241100
CF6E11
PRELIMINARY LOCAL CLIMATOLOGICAL DATA (WS FORM: F-6)

                                          STATION:   Andrews County Airport
                                          MONTH:     JUNE
                                          YEAR:      2018
                                          LATITUDE:   32 19 N
                                          LONGITUDE: 102 32 W

  TEMPERATURE IN F:       :PCPN:    SNOW:  WIND      :SUNSHINE: SKY     :PK WND
================================================================================
1   2   3   4   5  6A  6B    7    8   9   10  11  12  13   14  15   16   17  18
                                     12Z  AVG MX 2MIN
DY MAX MIN AVG DEP HDD CDD  WTR  SNW DPTH SPD SPD DIR MIN PSBL S-S WX    SPD DR
================================================================================

 1 108  70  89   M   0  24 0.00  0.0    0  8.5 18 190   M    M   0        22 250
 2  99  71  85   M   0  20 0.00  0.0    0 15.3 25  50   M    M   1        33  30
 3  91  62  77   M   0  12 0.35  0.0    0 16.8 24 280   M    M   4 3      37 280
 4  90  60  75   M   0  10 0.10  0.0    0  7.4 27 270   M    M   2 3      38 270
 5 102  68  85   M   0  20 0.00  0.0    0  4.2 10 140   M    M   0         M  M
 6 101  73  87   M   0  22 0.00  0.0    0  8.1 16 170   M    M   0        24 170
 7 102  72  87   M   0  22 0.00  0.0    0  9.6 17 180   M    M   0        24 180
 8  95  69  82   M   0  17 0.00  0.0    0 14.1 20 140   M    M   2        28 140
 9  96  67  82   M   0  17 0.00  0.0    0  8.5 12 150   M    M   1        22 190
10  97  72  85   M   0  20 0.00  0.0    0 10.1 18 180   M    M   0        24 180
11 107  69  88   M   0  23 0.00  0.0    0  7.6 14 190   M    M   0        23 190
12 101  73  87   M   0  22 0.00  0.0    0 11.2 16 150   M    M   0        24 170
13  94  71  83   M   0  18 0.00  0.0    0  9.8 18  80   M    M   2        23  80
14  96  69  83   M   0  18 0.00  0.0    0 10.5 18 170   M    M   1        27 160
15  94  70  82   M   0  17 0.00  0.0    0 12.8 21 160   M    M   1        28 160
16  93  66  80   M   0  15 0.59  0.0    0 14.6 22 160   M    M   6 3      31 270
17  81  64  73   M   0   8 1.56  0.0    0  5.5 12 200   M    M   4         M  M
18  92  66  79   M   0  14 0.00  0.0    0  6.1 15 130   M    M   0        27 150
19  91  68  80   M   0  15 0.00  0.0    0  6.6 12 140   M    M   2        16 130
20  87  68  78   M   0  13 0.00  0.0    0  7.9 18 120   M    M   3        24  90
21  93  68  81   M   0  16 0.00  0.0    0  4.0  9 140   M    M   1         M  M
22  98  71  85   M   0  20 0.00  0.0    0 12.5 17 200   M    M   0        23 190
23 101  74  88   M   0  23 0.00  0.0    0  8.2 17 190   M    M   0        25 190
================================================================================
SM 2209 1581         0 406  2.60     0.0 219.9          M       30
================================================================================
AV 96.0 68.7                               9.6 FASTST   M    M   1    MAX(MPH)
                                 MISC ---->  # 27 270               # 38  270
================================================================================
NOTES:
# LAST OF SEVERAL OCCURRENCES

COLUMN 17 PEAK WIND IN M.P.H.

PRELIMINARY LOCAL CLIMATOLOGICAL DATA (WS FORM: F-6) , PAGE 2

                                          STATION:  Andrews County Airport
                                          MONTH:    JUNE
                                          YEAR:     2018
                                          LATITUDE:   32 19 N
                                          LONGITUDE: 102 32 W

[TEMPERATURE DATA]      [PRECIPITATION DATA]       SYMBOLS USED IN COLUMN 16

AVERAGE MONTHLY: 82.4   TOTAL FOR MONTH:   2.60    1 = FOG OR MIST
DPTR FM NORMAL:     M   DPTR FM NORMAL:       M    2 = FOG REDUCING VISIBILITY
HIGHEST:   108 ON  1    GRTST 24HR  1.56 ON 17-17      TO 1/4 MILE OR LESS
LOWEST:     60 ON  4                               3 = THUNDER
                        SNOW, ICE PELLETS, HAIL    4 = ICE PELLETS
                        TOTAL MONTH:   0.0 INCH    5 = HAIL
                        GRTST 24HR     0.0         6 = FREEZING RAIN OR DRIZZLE
                        GRTST DEPTH:   0           7 = DUSTSTORM OR SANDSTORM:
                                                       VSBY 1/2 MILE OR LESS
                                                   8 = SMOKE OR HAZE
[NO. OF DAYS WITH]      [WEATHER - DAYS WITH]      9 = BLOWING SNOW
                                                   X = TORNADO
MAX 32 OR BELOW:   0    0.01 INCH OR MORE:   4
MAX 90 OR ABOVE:  21    0.10 INCH OR MORE:   4
MIN 32 OR BELOW:   0    0.50 INCH OR MORE:   2
MIN  0 OR BELOW:   0    1.00 INCH OR MORE:   1

[HDD (BASE 65) ]
TOTAL THIS MO.     0    CLEAR  (SCALE 0-3)  19
DPTR FM NORMAL     M    PTCLDY (SCALE 4-7)   4
TOTAL FM JUL 1  1292    CLOUDY (SCALE 8-10)  0
DPTR FM NORMAL     M

[CDD (BASE 65) ]
TOTAL THIS MO.   406
DPTR FM NORMAL     M    [PRESSURE DATA]
TOTAL FM JAN 1   954    HIGHEST SLP M ON M
DPTR FM NORMAL     M    LOWEST  SLP M ON M

[REMARKS]
