000
CXUS54 KMAF 201110
CF6E11
PRELIMINARY LOCAL CLIMATOLOGICAL DATA (WS FORM: F-6)

                                          STATION:   ANDREWS COUNTY AIRPORT
                                          MONTH:     OCTOBER
                                          YEAR:      2019
                                          LATITUDE:   32 19 N
                                          LONGITUDE: 102 32 W

  TEMPERATURE IN F:       :PCPN:    SNOW:  WIND      :SUNSHINE: SKY     :PK WND
================================================================================
1   2   3   4   5  6A  6B    7    8   9   10  11  12  13   14  15   16   17  18
                                     12Z  AVG MX 2MIN
DY MAX MIN AVG DEP HDD CDD  WTR  SNW DPTH SPD SPD DIR MIN PSBL S-S WX    SPD DR
================================================================================

 1  88  73  81   M   0  16    M    M    M 14.3 21 170   M    M   6        31 180
 2  86  67  77   M   0  12 0.22    M    M  5.8 14 200   M    M   7        35 240
 3  87  62  75   M   0  10    M    M    M  8.3 20  20   M    M   4        25  20
 4  85  56  71   M   0   6    M    M    M  7.5 15 160   M    M   4 1      22 160
 5  89  64  77   M   0  12    M    M    M  5.8  9 310   M    M   0        17 310
 6  90  59  75   M   0  10    M    M    M  6.4 23  60   M    M   1        33  60
 7  73  49  61   M   4   0    M    M    M  7.5 17  40   M    M   2        25  50
 8  85  49  67   M   0   2    M    M    M  9.0 16 170   M    M   0        22 170
 9  89  62  76   M   0  11    M    M    M  9.9 22 240   M    M   1        28 240
10  89  52  71   M   0   6    M    M    M 11.5 22  40   M    M   0        28 250
11  58  36  47   M  18   0    M    M    M 12.0 23  30   M    M   0        31  40
12  67  35  51   M  14   0    M    M    M  7.2 14 160   M    M   2        18 160
13  85  46  66   M   0   1    M    M    M  6.2  9 260   M    M   0        17 230
14  81  61  71   M   0   6    M    M    M  8.9 15 210   M    M   2        21 200
15  84  57  71   M   0   6    M    M    M  8.2 13  40   M    M   1        18  30
16  73  42  58   M   7   0    M    M    M  5.2 10  30   M    M   0         M   M
17  82  48  65   M   0   0    M    M    M  8.6 13 170   M    M   0        18 230
18  86  55  71   M   0   6    M    M    M 10.6 23 290   M    M   2        32 290
19  76  50  63   M   2   0    M    M    M  7.1 18 350   M    M   0        23 350
================================================================================
SM 1553 1023        45 104  0.22    M    160.1          M       32
================================================================================
AV 81.7 53.8                               8.4 FASTST   M    M   2    MAX(MPH)
                                 MISC ---->  # 23  60                 35 240
================================================================================
NOTES:
# LAST OF SEVERAL OCCURRENCES

COLUMN 17 PEAK WIND IN M.P.H.

PRELIMINARY LOCAL CLIMATOLOGICAL DATA (WS FORM: F-6) , PAGE 2

                                          STATION:   ANDREWS COUNTY AIRPORT
                                          MONTH:     OCTOBER
                                          YEAR:      2019
                                          LATITUDE:   32 19 N
                                          LONGITUDE: 102 32 W

[TEMPERATURE DATA]      [PRECIPITATION DATA]       SYMBOLS USED IN COLUMN 16

AVERAGE MONTHLY: 67.8   TOTAL FOR MONTH:   0.22    1 = FOG OR MIST
DPTR FM NORMAL:   0.0   DPTR FM NORMAL:    0.22    2 = FOG REDUCING VISIBILITY
HIGHEST:    90 ON  6    GRTST 24HR  0.22 ON  2- 2      TO 1/4 MILE OR LESS
LOWEST:     35 ON 12                               3 = THUNDER
                        SNOW, ICE PELLETS, HAIL    4 = ICE PELLETS
                        TOTAL MONTH:  M            5 = HAIL
                        GRTST 24HR    M  ON   M    6 = FREEZING RAIN OR DRIZZLE
                        GRTST DEPTH:  M  ON   M    7 = DUSTSTORM OR SANDSTORM:
                                                       VSBY 1/2 MILE OR LESS
                                                   8 = SMOKE OR HAZE
[NO. OF DAYS WITH]      [WEATHER - DAYS WITH]      9 = BLOWING SNOW
                                                   X = TORNADO
MAX 32 OR BELOW:   0    0.01 INCH OR MORE:   1
MAX 90 OR ABOVE:   1    0.10 INCH OR MORE:   1
MIN 32 OR BELOW:   0    0.50 INCH OR MORE:   0
MIN  0 OR BELOW:   0    1.00 INCH OR MORE:   0

[HDD (BASE 65) ]
TOTAL THIS MO.    45    CLEAR  (SCALE 0-3)  15
DPTR FM NORMAL     M    PTCLDY (SCALE 4-7)   4
TOTAL FM JUL 1    45    CLOUDY (SCALE 8-10)  0
DPTR FM NORMAL     M

[CDD (BASE 65) ]
TOTAL THIS MO.   104
DPTR FM NORMAL     M    [PRESSURE DATA]
TOTAL FM JAN 1  2381    HIGHEST SLP M ON M
DPTR FM NORMAL     M    LOWEST  SLP M ON M

[REMARKS]
