000
CXUS54 KMAF 231110
CF6E38
PRELIMINARY LOCAL CLIMATOLOGICAL DATA (WS FORM: F-6)

                                          STATION:   ALPINE-CASPARIS MUNICIPAL
                                          MONTH:     OCTOBER
                                          YEAR:      2019
                                          LATITUDE:   30 23 N
                                          LONGITUDE: 103 41 W

  TEMPERATURE IN F:       :PCPN:    SNOW:  WIND      :SUNSHINE: SKY     :PK WND
================================================================================
1   2   3   4   5  6A  6B    7    8   9   10  11  12  13   14  15   16   17  18
                                     12Z  AVG MX 2MIN
DY MAX MIN AVG DEP HDD CDD  WTR  SNW DPTH SPD SPD DIR MIN PSBL S-S WX    SPD DR
================================================================================

 1  87  69  78   M   0  13    M    M    M 12.4 20 170   M    M   2        25 170
 2  86  62  74   M   0   9    M    M    M  4.5  8  40   M    M   3 3      16  40
 3  85  62  74   M   0   9    M    M    M  4.5 12 130   M    M   2        16 130
 4  84  58  71   M   0   6    M    M    M  5.1 10 170   M    M   3         M   M
 5  87  64  76   M   0  11    M    M    M  6.7 10  40   M    M   4 3      20 270
 6  88  61  75   M   0  10    M    M    M  5.9 14  10   M    M   1        21  10
 7  69  51  60   M   5   0    M    M    M  9.6 15  40   M    M   5        25  30
 8  84  50  67   M   0   2    M    M    M  9.0 16 200   M    M   0        24 220
 9  89  62  76   M   0  11    M    M    M  8.4 17 230   M    M   1        21 230
10  87  57  72   M   0   7    M    M    M  8.2 16 260   M    M   0        23 260
11  62  37  50   M  15   0    M    M    M 11.2 20  40   M    M   3        28  40
12  72  44  58   M   7   0    M    M    M  5.9 13 250   M    M   5        17 190
13  76  54  65   M   0   0    M    M    M  7.1 16 220   M    M   3        21 220
14  76  58  67   M   0   2 0.02    M    M  7.8 15 230   M    M   8        20 230
15  75  57  66   M   0   1    M    M    M  3.5  9 200   M    M   7        17 250
16  65  45  55   M  10   0 0.07    M    M  7.1 13  50   M    M   4        17  50
17  78  45  62   M   3   0    M    M    M  7.0 12 210   M    M   0        18   0
18  84  56  70   M   0   5    M    M    M  9.6 20 280   M    M   2        25 210
19  77  49  63   M   2   0    M    M    M  5.3 13 320   M    M   0        20 310
20  84  54  69   M   0   4    M    M    M 10.5 23 230   M    M   0        30 230
21  78  37  58   M   7   0    M    M    M  7.3 18 260   M    M   0        25 290
22  78  36  57   M   8   0    M    M    M  4.1  9 200   M    M   0         M   M
================================================================================
SM 1751 1168        57  90  0.09    M    161.0          M       53
================================================================================
AV 79.6 53.1                               7.3 FASTST   M    M   2    MAX(MPH)
                                 MISC ---->    23 230                 30 230
================================================================================
NOTES:
# LAST OF SEVERAL OCCURRENCES

COLUMN 17 PEAK WIND IN M.P.H.

PRELIMINARY LOCAL CLIMATOLOGICAL DATA (WS FORM: F-6) , PAGE 2

                                          STATION:   ALPINE-CASPARIS MUNICIPAL
                                          MONTH:     OCTOBER
                                          YEAR:      2019
                                          LATITUDE:   30 23 N
                                          LONGITUDE: 103 41 W

[TEMPERATURE DATA]      [PRECIPITATION DATA]       SYMBOLS USED IN COLUMN 16

AVERAGE MONTHLY: 66.3   TOTAL FOR MONTH:   0.09    1 = FOG OR MIST
DPTR FM NORMAL:   0.0   DPTR FM NORMAL:    0.09    2 = FOG REDUCING VISIBILITY
HIGHEST:    89 ON  9    GRTST 24HR  0.07 ON 16-16      TO 1/4 MILE OR LESS
LOWEST:     36 ON 22                               3 = THUNDER
                        SNOW, ICE PELLETS, HAIL    4 = ICE PELLETS
                        TOTAL MONTH:  M            5 = HAIL
                        GRTST 24HR    M  ON   M    6 = FREEZING RAIN OR DRIZZLE
                        GRTST DEPTH:  M  ON   M    7 = DUSTSTORM OR SANDSTORM:
                                                       VSBY 1/2 MILE OR LESS
                                                   8 = SMOKE OR HAZE
[NO. OF DAYS WITH]      [WEATHER - DAYS WITH]      9 = BLOWING SNOW
                                                   X = TORNADO
MAX 32 OR BELOW:   0    0.01 INCH OR MORE:   2
MAX 90 OR ABOVE:   0    0.10 INCH OR MORE:   0
MIN 32 OR BELOW:   0    0.50 INCH OR MORE:   0
MIN  0 OR BELOW:   0    1.00 INCH OR MORE:   0

[HDD (BASE 65) ]
TOTAL THIS MO.    57    CLEAR  (SCALE 0-3)  13
DPTR FM NORMAL     M    PTCLDY (SCALE 4-7)   9
TOTAL FM JUL 1    57    CLOUDY (SCALE 8-10)  0
DPTR FM NORMAL     M

[CDD (BASE 65) ]
TOTAL THIS MO.    90
DPTR FM NORMAL     M    [PRESSURE DATA]
TOTAL FM JAN 1  2034    HIGHEST SLP M ON M
DPTR FM NORMAL     M    LOWEST  SLP M ON M

[REMARKS]
