000
CXUS54 KMAF 241100
CF6E38
PRELIMINARY LOCAL CLIMATOLOGICAL DATA (WS FORM: F-6)

                                          STATION:   Alpine-Casparis Municipal
                                          MONTH:     JUNE
                                          YEAR:      2018
                                          LATITUDE:   30 23 N
                                          LONGITUDE: 103 41 W

  TEMPERATURE IN F:       :PCPN:    SNOW:  WIND      :SUNSHINE: SKY     :PK WND
================================================================================
1   2   3   4   5  6A  6B    7    8   9   10  11  12  13   14  15   16   17  18
                                     12Z  AVG MX 2MIN
DY MAX MIN AVG DEP HDD CDD  WTR  SNW DPTH SPD SPD DIR MIN PSBL S-S WX    SPD DR
================================================================================

 1 101  72  87   M   0  22 0.00  0.0    0  6.5 14  90   M    M   0        20  90
 2  99  72  86   M   0  21 0.00  0.0    0  8.2 14  50   M    M   0        20  30
 3  93  60  77   M   0  12 0.22  0.0    0 12.1 44 290   M    M   3 3      55 290
 4  93  59  76   M   0  11 0.00  0.0    0  7.0 16 360   M    M   1 3      25 200
 5  98  69  84   M   0  19 0.00  0.0    0  6.4 12 260   M    M   0        16 130
 6  95  71  83   M   0  18 0.01  0.0    0  7.6 23 230   M    M   1 3      54 190
 7  95  73  84   M   0  19 0.00  0.0    0 11.4 22 250   M    M   0        29 250
 8  95  72  84   M   0  19 0.00  0.0    0  9.0 20 180   M    M   1 3      21 160
 9  91  67  79   M   0  14 0.00  0.0    0  6.1 15 240   M    M   2 3      25 240
10  92  68  80   M   0  15 0.00  0.0    0  9.5 21 160   M    M   1        27 170
11  99  69  84   M   0  19 0.00  0.0    0  9.4 16 270   M    M   0        24 270
12  97  72  85   M   0  20 0.00  0.0    0  9.6 17 160   M    M   0        24 160
13  89  65  77   M   0  12 0.00  0.0    0  8.3 16 110   M    M   1        25 120
14  91  68  80   M   0  15 0.00  0.0    0  7.5 14 130   M    M   1        21 130
15  91  68  80   M   0  15 0.00  0.0    0  9.0 15 120   M    M   0        22 130
16  91  63  77   M   0  12 1.68  0.0    0 11.9 20 180   M    M   5 3      28 220
17  80  63  72   M   0   7 0.12  0.0    0  2.7  9 150   M    M   5         M  M
18  89  63  76   M   0  11 0.00  0.0    0  5.2 13  80   M    M   0        17  40
19  92  65  79   M   0  14 0.00  0.0    0  6.2 12  70   M    M   0        16  60
20  93  66  80   M   0  15 0.00  0.0    0  7.6 16  40   M    M   0        25  30
21  91  65  78   M   0  13 0.00  0.0    0  4.6 10  50   M    M   1        18  80
22  96  66  81   M   0  16 0.00  0.0    0  6.5 12 180   M    M   1         M  M
23 101  74  88   M   0  23 0.00  0.0    0 10.6 21 230   M    M   0        30 230
================================================================================
SM 2152 1550         0 362  2.03     0.0 182.9          M       23
================================================================================
AV 93.6 67.4                               8.0 FASTST   M    M   1    MAX(MPH)
                                 MISC ---->  # 44 290               # 55  290
================================================================================
NOTES:
# LAST OF SEVERAL OCCURRENCES

COLUMN 17 PEAK WIND IN M.P.H.

PRELIMINARY LOCAL CLIMATOLOGICAL DATA (WS FORM: F-6) , PAGE 2

                                          STATION:  Alpine-Casparis Municipal
                                          MONTH:    JUNE
                                          YEAR:     2018
                                          LATITUDE:   30 23 N
                                          LONGITUDE: 103 41 W

[TEMPERATURE DATA]      [PRECIPITATION DATA]       SYMBOLS USED IN COLUMN 16

AVERAGE MONTHLY: 80.5   TOTAL FOR MONTH:   2.03    1 = FOG OR MIST
DPTR FM NORMAL:     M   DPTR FM NORMAL:       M    2 = FOG REDUCING VISIBILITY
HIGHEST:   101 ON 23, 1 GRTST 24HR  1.68 ON 16-16      TO 1/4 MILE OR LESS
LOWEST:     59 ON  4                               3 = THUNDER
                        SNOW, ICE PELLETS, HAIL    4 = ICE PELLETS
                        TOTAL MONTH:   0.0 INCH    5 = HAIL
                        GRTST 24HR     0.0         6 = FREEZING RAIN OR DRIZZLE
                        GRTST DEPTH:   0           7 = DUSTSTORM OR SANDSTORM:
                                                       VSBY 1/2 MILE OR LESS
                                                   8 = SMOKE OR HAZE
[NO. OF DAYS WITH]      [WEATHER - DAYS WITH]      9 = BLOWING SNOW
                                                   X = TORNADO
MAX 32 OR BELOW:   0    0.01 INCH OR MORE:   4
MAX 90 OR ABOVE:  20    0.10 INCH OR MORE:   3
MIN 32 OR BELOW:   0    0.50 INCH OR MORE:   1
MIN  0 OR BELOW:   0    1.00 INCH OR MORE:   1

[HDD (BASE 65) ]
TOTAL THIS MO.     0    CLEAR  (SCALE 0-3)  21
DPTR FM NORMAL     M    PTCLDY (SCALE 4-7)   2
TOTAL FM JUL 1  2059    CLOUDY (SCALE 8-10)  0
DPTR FM NORMAL     M

[CDD (BASE 65) ]
TOTAL THIS MO.   362
DPTR FM NORMAL     M    [PRESSURE DATA]
TOTAL FM JAN 1   836    HIGHEST SLP M ON M
DPTR FM NORMAL     M    LOWEST  SLP M ON M

[REMARKS]
