000
CXUS54 KMAF 241110
CF6E38
PRELIMINARY LOCAL CLIMATOLOGICAL DATA (WS FORM: F-6)

                                          STATION:   ALPINE-CASPARIS MUNICIPAL
                                          MONTH:     MAY
                                          YEAR:      2020
                                          LATITUDE:   30 23 N
                                          LONGITUDE: 103 41 W

  TEMPERATURE IN F:       :PCPN:    SNOW:  WIND      :SUNSHINE: SKY     :PK WND
================================================================================
1   2   3   4   5  6A  6B    7    8   9   10  11  12  13   14  15   16   17  18
                                     12Z  AVG MX 2MIN
DY MAX MIN AVG DEP HDD CDD  WTR  SNW DPTH SPD SPD DIR MIN PSBL S-S WX    SPD DR
================================================================================

 1  96  65  81   M   0  16    M    M    M  9.5 17 190   M    M   1        28 100
 2  96  65  81   M   0  16    M    M    M 10.0 28 200   M    M   0        38 200
 3  98  68  83   M   0  18    M    M    M  7.1 16  90   M    M   0        25 130
 4  96  66  81   M   0  16    M    M    M  9.3 18 270   M    M   0        25 280
 5  79  57  68   M   0   3    M    M    M 11.7 21  50   M    M   2        29  40
 6  89  53  71   M   0   6    M    M    M  5.7 13 140   M    M   0        20 140
 7  97  64  81   M   0  16    M    M    M 15.2 26 240   M    M   0        35 240
 8  79  50  65   M   0   0    M    M    M 13.7 24  10   M    M   1        36 340
 9  86  45  66   M   0   1    M    M    M  6.6 13  70   M    M   1        18  90
10  84  58  71   M   0   6 0.06    M    M  8.8 20 220   M    M   3        25 220
11  85  55  70   M   0   5 0.12    M    M  9.2 17 360   M    M   3        29 360
12  89  55  72   M   0   7    M    M    M  8.2 15 240   M    M   1        28 230
13  91  62  77   M   0  12    M    M    M  9.3 18 270   M    M   1        28 270
14  92  54  73   M   0   8    M    M    M  6.6 14 240   M    M   0        26 250
15  89  61  75   M   0  10    M    M    M  5.9 16 100   M    M   1        22 100
16  89  53  71   M   0   6    M    M    M  7.9 18  60   M    M   0        24  60
17  91  55  73   M   0   8    M    M    M  6.2 15 160   M    M   1        22 160
18  97  64  81   M   0  16    M    M    M  9.0 17 220   M    M   0        25 140
19  98  65  82   M   0  17    M    M    M 10.2 25 210   M    M   1 3      31 210
20  93  61  77   M   0  12    M    M    M  6.4 14  80   M    M   0        28  70
21  92  59  76   M   0  11    M    M    M  6.1 17 230   M    M   0        23 230
22  94  55  75   M   0  10    M    M    M  6.7 17 230   M    M   0        24 250
23  87  63  75   M   0  10    M    M    M  8.0 17  90   M    M   1        31 100
================================================================================
SM 2087 1353         0 230  0.18    M    197.2          M       17
================================================================================
AV 90.7 58.8                               8.6 FASTST   M    M   1    MAX(MPH)
                                 MISC ---->    28 200                 38 200
================================================================================
NOTES:
# LAST OF SEVERAL OCCURRENCES

COLUMN 17 PEAK WIND IN M.P.H.

PRELIMINARY LOCAL CLIMATOLOGICAL DATA (WS FORM: F-6) , PAGE 2

                                          STATION:   ALPINE-CASPARIS MUNICIPAL
                                          MONTH:     MAY
                                          YEAR:      2020
                                          LATITUDE:   30 23 N
                                          LONGITUDE: 103 41 W

[TEMPERATURE DATA]      [PRECIPITATION DATA]       SYMBOLS USED IN COLUMN 16

AVERAGE MONTHLY: 74.8   TOTAL FOR MONTH:   0.18    1 = FOG OR MIST
DPTR FM NORMAL:   0.0   DPTR FM NORMAL:    0.18    2 = FOG REDUCING VISIBILITY
HIGHEST:    98 ON 19, 3  GRTST 24HR  0.12 ON 11-11      TO 1/4 MILE OR LESS
LOWEST:     45 ON  9                               3 = THUNDER
                        SNOW, ICE PELLETS, HAIL    4 = ICE PELLETS
                        TOTAL MONTH:  M            5 = HAIL
                        GRTST 24HR    M  ON   M    6 = FREEZING RAIN OR DRIZZLE
                        GRTST DEPTH:  M  ON   M    7 = DUSTSTORM OR SANDSTORM:
                                                       VSBY 1/2 MILE OR LESS
                                                   8 = SMOKE OR HAZE
[NO. OF DAYS WITH]      [WEATHER - DAYS WITH]      9 = BLOWING SNOW
                                                   X = TORNADO
MAX 32 OR BELOW:   0    0.01 INCH OR MORE:   2
MAX 90 OR ABOVE:  13    0.10 INCH OR MORE:   1
MIN 32 OR BELOW:   0    0.50 INCH OR MORE:   0
MIN  0 OR BELOW:   0    1.00 INCH OR MORE:   0

[HDD (BASE 65) ]
TOTAL THIS MO.     0    CLEAR  (SCALE 0-3)  23
DPTR FM NORMAL     M    PTCLDY (SCALE 4-7)   0
TOTAL FM JUL 1  2186    CLOUDY (SCALE 8-10)  0
DPTR FM NORMAL     M

[CDD (BASE 65) ]
TOTAL THIS MO.   230
DPTR FM NORMAL     M    [PRESSURE DATA]
TOTAL FM JAN 1   337    HIGHEST SLP M ON M
DPTR FM NORMAL     M    LOWEST  SLP M ON M

[REMARKS]
