000
CXUS53 KGID 260730
CF6EAR
PRELIMINARY LOCAL CLIMATOLOGICAL DATA (WS FORM: F-6)

                                          STATION:   KEARNEY
                                          MONTH:     MAY
                                          YEAR:      2020
                                          LATITUDE:   40 43 N
                                          LONGITUDE:  99  0 W

  TEMPERATURE IN F:       :PCPN:    SNOW:  WIND      :SUNSHINE: SKY     :PK WND
================================================================================
1   2   3   4   5  6A  6B    7    8   9   10  11  12  13   14  15   16   17  18
                                     12Z  AVG MX 2MIN
DY MAX MIN AVG DEP HDD CDD  WTR  SNW DPTH SPD SPD DIR MIN PSBL S-S WX    SPD DR
================================================================================

 1  87  54  71  17   0   6 0.00    M    M 10.1 20  20   M    M   0        25 360
 2  67  54  61   6   4   0    T    M    M 14.1 23  20   M    M   7        32  40
 3  77  48  63   8   2   0    T    M    M  7.6 14 120   M    M   3        16  99
 4  63  46  55   0  10   0 0.68    M    M 11.5 22 110   M    M   8        30 100
 5  69  45  57   1   8   0 0.00    M    M 14.5 29  30   M    M   2        33  40
 6  64  41  53  -3  12   0 0.00    M    M 11.1 21  10   M    M   1        30 360
 7  66  43  55  -1  10   0 0.10    M    M 14.8 22 120   M    M   6 3      29 150
 8  58  35  47 -10  18   0    T    M    M 12.7 25  10   M    M   1        36  10
 9  60  37  49  -8  16   0    T    M    M 13.9 24 350   M    M   3        36 350
10  55  30  43 -15  22   0 0.00    M    M 11.6 20 340   M    M   2        23 340
11  45  39  42 -16  23   0    T    M    M  7.7 15  50   M    M  10         M  M
12  55  39  47 -11  18   0 0.00    M    M  9.4 16 160   M    M  10        24 160
13  55  45  50  -8  15   0    T    M    M 11.6 22 160   M    M  10 12     25 160
14  78  48  63   4   2   0 0.00    M    M  8.2 15  20   M    M   4 12     17  40
15  76  51  64   5   1   0 0.01    M    M 11.2 17  90   M    M   4        21 130
16  68  52  60   0   5   0 0.46    M    M  9.4 15 360   M    M   6 13     16 360
17  65  49  57  -3   8   0    T    M    M 12.3 18 340   M    M   8        24 350
18  71  46  59  -1   6   0 0.00    M    M  9.4 16  40   M    M   3         M  M
19  72  44  58  -3   7   0 0.00    M    M  6.6 13 120   M    M   3 1       M  M
20  78  50  64   3   1   0 0.00    M    M 15.9 22 140   M    M   2 1      31 130
21  62  57  60  -1   5   0 2.73    M    M 13.9 18 150   M    M  10 13     23 140
22  61  56  59  -3   6   0 1.51    M    M 11.0 22 360   M    M   9 13     30 360
23  76  48  62   0   3   0 0.00    M    M 11.2 22 120   M    M   7 12     29 120
24   M   M   M   M   M   M 0.23    M    M 12.5 17 360   M    M   7 3      29 320
25   M   M   M   M   M   M 0.79    M    M 15.2 24 360   M    M  10        32 350
================================================================================
SM 1528 1057       202   6  6.51    M    287.4          M      136
================================================================================
AV 66.4 46.0                              11.5 FASTST   M    M   5    MAX(MPH)
                                 MISC ---->  # 29  30               # 36   10
================================================================================
NOTES:
# LAST OF SEVERAL OCCURRENCES

COLUMN 17 PEAK WIND IN M.P.H.

PRELIMINARY LOCAL CLIMATOLOGICAL DATA (WS FORM: F-6) , PAGE 2

                                          STATION:  KEARNEY
                                          MONTH:    MAY
                                          YEAR:     2020
                                          LATITUDE:   40 43 N
                                          LONGITUDE:  99  0 W

[TEMPERATURE DATA]      [PRECIPITATION DATA]       SYMBOLS USED IN COLUMN 16

AVERAGE MONTHLY: 56.2   TOTAL FOR MONTH:   6.51    1 = FOG OR MIST
DPTR FM NORMAL:  -2.3   DPTR FM NORMAL:    3.20    2 = FOG REDUCING VISIBILITY
HIGHEST:    87 ON  1    GRTST 24HR  2.73 ON 21-21      TO 1/4 MILE OR LESS
LOWEST:     30 ON 10                               3 = THUNDER
                        SNOW, ICE PELLETS, HAIL    4 = ICE PELLETS
                        TOTAL MONTH:    M          5 = HAIL
                        GRTST 24HR    M  ON   M    6 = FREEZING RAIN OR DRIZZLE
                        GRTST DEPTH:  M  ON   M    7 = DUSTSTORM OR SANDSTORM:
                                                       VSBY 1/2 MILE OR LESS
                                                   8 = SMOKE OR HAZE
[NO. OF DAYS WITH]      [WEATHER - DAYS WITH]      9 = BLOWING SNOW
                                                   X = TORNADO
MAX 32 OR BELOW:   0    0.01 INCH OR MORE:   8
MAX 90 OR ABOVE:   0    0.10 INCH OR MORE:   7
MIN 32 OR BELOW:   1    0.50 INCH OR MORE:   4
MIN  0 OR BELOW:   0    1.00 INCH OR MORE:   2

[HDD (BASE 65) ]
TOTAL THIS MO.   202    CLEAR  (SCALE 0-3)   9
DPTR FM NORMAL    13    PTCLDY (SCALE 4-7)   9
TOTAL FM JUL 1  6006    CLOUDY (SCALE 8-10)  7
DPTR FM NORMAL  -451

[CDD (BASE 65) ]
TOTAL THIS MO.     6
DPTR FM NORMAL   -24    [PRESSURE DATA]
TOTAL FM JAN 1     8    HIGHEST SLP M ON M
DPTR FM NORMAL   -29    LOWEST  SLP 29.66 ON 24

[REMARKS]
