000
CXUS53 KGID 230730
CF6EAR
PRELIMINARY LOCAL CLIMATOLOGICAL DATA (WS FORM: F-6)

                                          STATION:   KEARNEY
                                          MONTH:     JANUARY
                                          YEAR:      2019
                                          LATITUDE:   40 43 N
                                          LONGITUDE:  99  0 W

  TEMPERATURE IN F:       :PCPN:    SNOW:  WIND      :SUNSHINE: SKY     :PK WND
================================================================================
1   2   3   4   5  6A  6B    7    8   9   10  11  12  13   14  15   16   17  18
                                     12Z  AVG MX 2MIN
DY MAX MIN AVG DEP HDD CDD  WTR  SNW DPTH SPD SPD DIR MIN PSBL S-S WX    SPD DR
================================================================================

 1  16   5  11 -13  54   0 0.00    M    M 12.8 29 360   M    M  10        32 340
 2  34   8  21  -3  44   0 0.00    M    M  9.4 16 240   M    M   0        21 220
 3  41  21  31   7  34   0 0.00    M    M  9.2 15 260   M    M   0        17 260
 4  48  24  36  12  29   0 0.00    M    M  6.5 13 320   M    M   0        16 320
 5  51  26  39  15  26   0 0.00    M    M  4.7  9  70   M    M   0        10 100
 6  41  33  37  13  28   0 0.00    M    M  7.6 14  70   M    M   1        16  80
 7  46  36  41  17  24   0 0.00    M    M 12.5 29 290   M    M   3        39 280
 8  44  25  35  11  30   0 0.00    M    M 13.2 30 300   M    M   0        37 310
 9  35  20  28   4  37   0 0.00    M    M  6.9 13 140   M    M   0        15 150
10  41  24  33   9  32   0 0.00    M    M  7.1 18 180   M    M   0        22 190
11  33  26  30   6  35   0    T    M    M  6.6 18  20   M    M   6        21  30
12  31  22  27   3  38   0    T    M    M 17.3 28 360   M    M  10 1      31 360
13  32  23  28   4  37   0    T    M    M  9.0 16 220   M    M  10 1      20 220
14  34  26  30   6  35   0 0.00    M    M 10.9 16 220   M    M  10 12     20 260
15  50  21  36  12  29   0 0.00    M    M  7.9 16  30   M    M   5 12     18  28
16  27  25  26   1  39   0    T    M    M  8.7 17  40   M    M  10 16     21  20
17  34  27  31   6  34   0    T    M    M  6.7 20 120   M    M  10 1      22 120
18  30  13  22  -3  43   0    M    M    M 18.8 31 350   M    M  10 126    36 350
19  25   8  17  -8  48   0 0.00    M    M 11.6 26 350   M    M   6        32 360
20  35  12  24  -1  41   0    T    M    M 10.0 18 110   M    M   5        21 110
21  25  12  19  -6  46   0    T    M    M 15.0 18 120   M    M  10 16     21 140
22  22  16  19  -6  46   0    M    M    M 19.3 31 350   M    M  10 1      41 360
================================================================================
SM  775  453       809   0    T     M    231.7          M      116
================================================================================
AV 35.2 20.6                              10.5 FASTST   M    M   5    MAX(MPH)
                                 MISC ---->  # 31 350               # 41  360
================================================================================
NOTES:
# LAST OF SEVERAL OCCURRENCES

COLUMN 17 PEAK WIND IN M.P.H.

PRELIMINARY LOCAL CLIMATOLOGICAL DATA (WS FORM: F-6) , PAGE 2

                                          STATION:  KEARNEY
                                          MONTH:    JANUARY
                                          YEAR:     2019
                                          LATITUDE:   40 43 N
                                          LONGITUDE:  99  0 W

[TEMPERATURE DATA]      [PRECIPITATION DATA]       SYMBOLS USED IN COLUMN 16

AVERAGE MONTHLY: 27.9   TOTAL FOR MONTH:      T    1 = FOG OR MIST
DPTR FM NORMAL:   3.6   DPTR FM NORMAL:   -0.34    2 = FOG REDUCING VISIBILITY
HIGHEST:    51 ON  5    GRTST 24HR    T  ON 21-21      TO 1/4 MILE OR LESS
LOWEST:      5 ON  1                               3 = THUNDER
                        SNOW, ICE PELLETS, HAIL    4 = ICE PELLETS
                        TOTAL MONTH:    M          5 = HAIL
                        GRTST 24HR    M  ON   M    6 = FREEZING RAIN OR DRIZZLE
                        GRTST DEPTH:  M  ON   M    7 = DUSTSTORM OR SANDSTORM:
                                                       VSBY 1/2 MILE OR LESS
                                                   8 = SMOKE OR HAZE
[NO. OF DAYS WITH]      [WEATHER - DAYS WITH]      9 = BLOWING SNOW
                                                   X = TORNADO
MAX 32 OR BELOW:   8    0.01 INCH OR MORE:   0
MAX 90 OR ABOVE:   0    0.10 INCH OR MORE:   0
MIN 32 OR BELOW:  20    0.50 INCH OR MORE:   0
MIN  0 OR BELOW:   0    1.00 INCH OR MORE:   0

[HDD (BASE 65) ]
TOTAL THIS MO.   809    CLEAR  (SCALE 0-3)   9
DPTR FM NORMAL   -84    PTCLDY (SCALE 4-7)   4
TOTAL FM JUL 1  3421    CLOUDY (SCALE 8-10)  9
DPTR FM NORMAL  -115

[CDD (BASE 65) ]
TOTAL THIS MO.     0
DPTR FM NORMAL     0    [PRESSURE DATA]
TOTAL FM JAN 1     0    HIGHEST SLP M ON M
DPTR FM NORMAL     0    LOWEST  SLP M ON M

[REMARKS]
