657
CXUS53 KGID 210730
CF6EAR
PRELIMINARY LOCAL CLIMATOLOGICAL DATA (WS FORM: F-6)

                                          STATION:   KEARNEY
                                          MONTH:     OCTOBER
                                          YEAR:      2019
                                          LATITUDE:   40 43 N
                                          LONGITUDE:  99  0 W

  TEMPERATURE IN F:       :PCPN:    SNOW:  WIND      :SUNSHINE: SKY     :PK WND
================================================================================
1   2   3   4   5  6A  6B    7    8   9   10  11  12  13   14  15   16   17  18
                                     12Z  AVG MX 2MIN
DY MAX MIN AVG DEP HDD CDD  WTR  SNW DPTH SPD SPD DIR MIN PSBL S-S WX    SPD DR
================================================================================

 1  61  48  55  -2  10   0 0.34    M    M 14.5 22 360   M    M  10 3      25  10
 2  54  42  48  -8  17   0 0.00    M    M 11.1 21  30   M    M   9        25  30
 3  63  37  50  -6  15   0 0.00    M    M  5.6 10 110   M    M   2 12     14 100
 4  57  48  53  -3  12   0 0.03    M    M 13.5 26 130   M    M  10 1      32 140
 5  67  41  54  -1  11   0    T    M    M 15.1 31 330   M    M   3 1      40 340
 6  66  40  53  -2  12   0    T    M    M  6.5 18 310   M    M   2        23 310
 7  73  37  55   1  10   0 0.00    M    M 11.3 23 190   M    M   0        29 190
 8  74  48  61   7   4   0 0.00    M    M 17.6 29 170   M    M   0        36 160
 9  69  45  57   3   8   0 0.03    M    M 13.6 28 160   M    M   4 1      31  20
10  45  32  39 -14  26   0 0.05    M    M 23.2 35 350   M    M  10 1      41 350
11  42  25  34 -19  31   0 0.00    M    M 14.1 26 300   M    M   3        32 300
12  62  27  45  -7  20   0 0.00    M    M  9.3 20 310   M    M   0        30 300
13  64  27  46  -6  19   0 0.00    M    M  5.6 10 320   M    M   0         M  M
14  74  31  53   1  12   0 0.00    M    M  7.8 20 200   M    M   0        27 190
15  59  33  46  -5  19   0 0.00    M    M 17.0 27 340   M    M   0        40 360
16  61  29  45  -6  20   0 0.00    M    M  7.2 13 200   M    M   0        18 210
17  79  30  55   5  10   0 0.00    M    M  9.3 18 160   M    M   0         M  M
18  75  49  62  12   3   0 0.09    M    M 15.7 25 180   M    M   2 3      32 180
19  68  37  53   3  12   0 0.00    M    M  6.5 10 180   M    M   0         M  M
20  64  45  55   6  10   0 0.00    M    M 15.2 23 180   M    M   3        35 180
================================================================================
SM 1277  751       281   0  0.54    M    239.7          M       58
================================================================================
AV 63.9 37.6                              12.0 FASTST   M    M   3    MAX(MPH)
                                 MISC ---->  # 35 350               # 41  350
================================================================================
NOTES:
# LAST OF SEVERAL OCCURRENCES

COLUMN 17 PEAK WIND IN M.P.H.

PRELIMINARY LOCAL CLIMATOLOGICAL DATA (WS FORM: F-6) , PAGE 2

                                          STATION:  KEARNEY
                                          MONTH:    OCTOBER
                                          YEAR:     2019
                                          LATITUDE:   40 43 N
                                          LONGITUDE:  99  0 W

[TEMPERATURE DATA]      [PRECIPITATION DATA]       SYMBOLS USED IN COLUMN 16

AVERAGE MONTHLY: 50.7   TOTAL FOR MONTH:   0.54    1 = FOG OR MIST
DPTR FM NORMAL:  -2.3   DPTR FM NORMAL:   -0.88    2 = FOG REDUCING VISIBILITY
HIGHEST:    79 ON 17    GRTST 24HR  0.53 ON 30- 1      TO 1/4 MILE OR LESS
LOWEST:     25 ON 11                               3 = THUNDER
                        SNOW, ICE PELLETS, HAIL    4 = ICE PELLETS
                        TOTAL MONTH:    M          5 = HAIL
                        GRTST 24HR    M  ON   M    6 = FREEZING RAIN OR DRIZZLE
                        GRTST DEPTH:  M  ON   M    7 = DUSTSTORM OR SANDSTORM:
                                                       VSBY 1/2 MILE OR LESS
                                                   8 = SMOKE OR HAZE
[NO. OF DAYS WITH]      [WEATHER - DAYS WITH]      9 = BLOWING SNOW
                                                   X = TORNADO
MAX 32 OR BELOW:   0    0.01 INCH OR MORE:   5
MAX 90 OR ABOVE:   0    0.10 INCH OR MORE:   1
MIN 32 OR BELOW:   7    0.50 INCH OR MORE:   0
MIN  0 OR BELOW:   0    1.00 INCH OR MORE:   0

[HDD (BASE 65) ]
TOTAL THIS MO.   281    CLEAR  (SCALE 0-3)  15
DPTR FM NORMAL    35    PTCLDY (SCALE 4-7)   1
TOTAL FM JUL 1   303    CLOUDY (SCALE 8-10)  4
DPTR FM NORMAL   -92

[CDD (BASE 65) ]
TOTAL THIS MO.     0
DPTR FM NORMAL    -4    [PRESSURE DATA]
TOTAL FM JAN 1  1036    HIGHEST SLP M ON M
DPTR FM NORMAL   167    LOWEST  SLP 29.44 ON 18

[REMARKS]
