841
CXUS51 KAKQ 230710
CF6ECG
PRELIMINARY LOCAL CLIMATOLOGICAL DATA (WS FORM: F-6)

                                          STATION:   ELIZABETH CITY NC
                                          MONTH:     JUNE
                                          YEAR:      2024
                                          LATITUDE:   36 16 N
                                          LONGITUDE:  76 11 W

  TEMPERATURE IN F:       :PCPN:    SNOW:  WIND      :SUNSHINE: SKY     :PK WND
================================================================================
1   2   3   4   5  6A  6B    7    8   9   10  11  12  13   14  15   16   17  18
                                     12Z  AVG MX 2MIN
DY MAX MIN AVG DEP HDD CDD  WTR  SNW DPTH SPD SPD DIR MIN PSBL S-S WX    SPD DR
================================================================================

 1  79  51  65  -8   0   0 0.00  0.0    0  6.0 12 210   M    M   0        22 350
 2  81  62  72  -1   0   7 0.00  0.0    0  7.6 15 220   M    M   1        22 240
 3  84  71  78   5   0  13 0.09  0.0    0  9.7 17 220   M    M   5        27 230
 4  87  68  78   4   0  13 0.00  0.0    0  7.0 14 110   M    M   2        18 100
 5  86  72  79   5   0  14 0.01  0.0    0  9.9 17 210   M    M   3 8      27 200
 6  89  72  81   7   0  16 0.23  0.0    0 14.6 25 260   M    M   4 13     36 230
 7  88  66  77   3   0  12 0.02  0.0    0  8.1 18 260   M    M   3        27 280
 8  85  61  73  -2   0   8 0.00  0.0    0  6.8 16 350   M    M   0        20 340
 9  91  72  82   7   0  17 0.00  0.0    0 10.8 23 250   M    M   1        30 290
10  82  64  73  -2   0   8 0.17  0.0    0  6.2 20  10   M    M   3 1      25 360
11  81  63  72  -3   0   7 0.34  0.0    0  8.2 17  50   M    M   2 38     22  60
12  80  64  72  -4   0   7 0.00  0.0    0  6.8 13 120   M    M   0        17 100
13  84  65  75  -1   0  10 0.00  0.0    0  6.9 16 120   M    M   0        21 120
14  88  63  76   0   0  11 0.00  0.0    0  4.2 13 120   M    M   0        17 150
15  85  68  77   1   0  12 0.00  0.0    0  8.7 17 350   M    M   2        22  70
16  84  63  74  -3   0   9 0.00  0.0    0  5.8 14 110   M    M   0 12     21 110
17  84  65  75  -2   0  10 0.00  0.0    0  6.4 17 110   M    M   0        22 120
18  85  63  74  -3   0   9 0.00  0.0    0  6.4 18 120   M    M   0        23 120
19  86  67  77   0   0  12 0.00  0.0    0  7.7 15 110   M    M   1        22 110
20  86  66  76  -2   0  11 0.00  0.0    0  6.4 15 110   M    M   0        19 120
21  89  66  78   0   0  13 0.00  0.0    0  5.3 14 130   M    M   1 1      19 140
22  93  70  82   4   0  17 0.00  0.0    0  7.9 16 210   M    M   1 1      23 220
================================================================================
SM 1877 1442         0 236  0.86  0.0    167.4          M       29
================================================================================
AV 85.3 65.5                               7.6 FASTST   M    M   1    MAX(MPH)
                                 MISC ---->    25 260                 36 230
================================================================================
NOTES:
# LAST OF SEVERAL OCCURRENCES

COLUMN 17 PEAK WIND IN M.P.H.

PRELIMINARY LOCAL CLIMATOLOGICAL DATA (WS FORM: F-6) , PAGE 2

                                          STATION:   ELIZABETH CITY NC
                                          MONTH:     JUNE
                                          YEAR:      2024
                                          LATITUDE:   36 16 N
                                          LONGITUDE:  76 11 W

[TEMPERATURE DATA]      [PRECIPITATION DATA]       SYMBOLS USED IN COLUMN 16

AVERAGE MONTHLY: 75.4   TOTAL FOR MONTH:   0.86    1 = FOG OR MIST
DPTR FM NORMAL:  -0.1   DPTR FM NORMAL:   -2.53    2 = FOG REDUCING VISIBILITY
HIGHEST:    93 ON 22    GRTST 24HR  0.34 ON 11-11      TO 1/4 MILE OR LESS
LOWEST:     51 ON  1                               3 = THUNDER
                        SNOW, ICE PELLETS, HAIL    4 = ICE PELLETS
                        TOTAL MONTH:   0.0 INCH    5 = HAIL
                        GRTST 24HR  0.0            6 = FREEZING RAIN OR DRIZZLE
                        GRTST DEPTH:  0            7 = DUSTSTORM OR SANDSTORM:
                                                       VSBY 1/2 MILE OR LESS
                                                   8 = SMOKE OR HAZE
[NO. OF DAYS WITH]      [WEATHER - DAYS WITH]      9 = BLOWING SNOW
                                                   X = TORNADO
MAX 32 OR BELOW:   0    0.01 INCH OR MORE:   6
MAX 90 OR ABOVE:   2    0.10 INCH OR MORE:   3
MIN 32 OR BELOW:   0    0.50 INCH OR MORE:   0
MIN  0 OR BELOW:   0    1.00 INCH OR MORE:   0

[HDD (BASE 65) ]
TOTAL THIS MO.     0    CLEAR  (SCALE 0-3)  19
DPTR FM NORMAL     0    PTCLDY (SCALE 4-7)   3
TOTAL FM JUL 1  2696    CLOUDY (SCALE 8-10)  0
DPTR FM NORMAL  -354

[CDD (BASE 65) ]
TOTAL THIS MO.   236
DPTR FM NORMAL     6    [PRESSURE DATA]
TOTAL FM JAN 1   477    HIGHEST SLP M ON M
DPTR FM NORMAL    37    LOWEST  SLP 29.60 ON  6

[REMARKS]