000
CXUS51 KAKQ 230833
CF6ECG
PRELIMINARY LOCAL CLIMATOLOGICAL DATA (WS FORM: F-6)

                                          STATION:   ELIZABETH CITY NC
                                          MONTH:     OCTOBER
                                          YEAR:      2019
                                          LATITUDE:   36 16 N
                                          LONGITUDE:  76 11 W

  TEMPERATURE IN F:       :PCPN:    SNOW:  WIND      :SUNSHINE: SKY     :PK WND
================================================================================
1   2   3   4   5  6A  6B    7    8   9   10  11  12  13   14  15   16   17  18
                                     12Z  AVG MX 2MIN
DY MAX MIN AVG DEP HDD CDD  WTR  SNW DPTH SPD SPD DIR MIN PSBL S-S WX    SPD DR
================================================================================

 1  84  67  76   8   0  11 0.00  0.0    0  5.4 12 140   M    M   5        14 110
 2  92  67  80  13   0  15 0.00  0.0    0  8.2 13 190   M    M   0        23 170
 3  96  72  84  17   0  19 0.00  0.0    0  5.5 14  70   M    M   1 1      16  70
 4  82  69  76  10   0  11 0.00  0.0    0 13.6 24  30   M    M   4 18     30  30
 5  75  59  67   1   0   2    T  0.0    0 14.4 24  50   M    M   5        29  40
 6  82  64  73   7   0   8 0.00  0.0    0  9.0 21 110   M    M   3        25 140
 7  84  65  75  10   0  10    T  0.0    0  8.1 22 110   M    M   4        25 110
 8  73  64  69   4   0   4 0.29  0.0    0 16.7 26  30   M    M  10 1      33  30
 9  68  62  65   0   0   0    T  0.0    0 15.4 22  10   M    M  10 1      27 360
10  71  56  64   0   1   0 0.01  0.0    0 11.8 23 340   M    M   7 1      27 340
11  75  49  62  -2   3   0 0.00  0.0    0  9.2 18 340   M    M   0        22 320
12  79  48  64   0   1   0 0.00  0.0    0  3.4  9 110   M    M   0 1      12  90
13  82  62  72   9   0   7 0.47  0.0    0  5.2 18 190   M    M   4 1      23 200
14  79  58  69   6   0   4    T  0.0    0  5.7 15 200   M    M   7 12     19 180
15  78  50  64   1   1   0 0.00  0.0    0  4.2 12 100   M    M   2 12     15 120
16  73  53  63   1   2   0 0.51  0.0    0 10.9 25 280   M    M   5 12     36 310
17  66  47  57  -5   8   0 0.00  0.0    0 12.7 21 270   M    M   0        30 270
18  66  41  54  -8  11   0 0.00  0.0    0  7.6 18 340   M    M   0        24 330
19  70  41  56  -5   9   0 0.00  0.0    0  3.1 12 110   M    M   0        17 210
20  77  60  69   8   0   4 1.15  0.0    0 13.8 25 130   M    M  10 1      35 130
21  63  60  62   1   3   0    T  0.0    0  9.0 20 330   M    M   9 18     24 340
22  74  60  67   7   0   2 0.02  0.0    0  6.1 14 290   M    M   9 3      18 120
================================================================================
SM 1689 1274        39  97  2.45     0.0 199.0          M       95
================================================================================
AV 76.8 57.9                               9.0 FASTST   M    M   4    MAX(MPH)
                                 MISC ---->  # 26  30               # 36  310
================================================================================
NOTES:
# LAST OF SEVERAL OCCURRENCES

COLUMN 17 PEAK WIND IN M.P.H.

PRELIMINARY LOCAL CLIMATOLOGICAL DATA (WS FORM: F-6) , PAGE 2

                                          STATION:  ELIZABETH CITY NC
                                          MONTH:    OCTOBER
                                          YEAR:     2019
                                          LATITUDE:   36 16 N
                                          LONGITUDE:  76 11 W

[TEMPERATURE DATA]      [PRECIPITATION DATA]       SYMBOLS USED IN COLUMN 16

AVERAGE MONTHLY: 67.3   TOTAL FOR MONTH:   2.45    1 = FOG OR MIST
DPTR FM NORMAL:   3.5   DPTR FM NORMAL:    0.25    2 = FOG REDUCING VISIBILITY
HIGHEST:    96 ON  3    GRTST 24HR  1.15 ON 20-20      TO 1/4 MILE OR LESS
LOWEST:     41 ON 19,18                            3 = THUNDER
                        SNOW, ICE PELLETS, HAIL    4 = ICE PELLETS
                        TOTAL MONTH:   0.0 INCH    5 = HAIL
                        GRTST 24HR     0.0         6 = FREEZING RAIN OR DRIZZLE
                        GRTST DEPTH:   0           7 = DUSTSTORM OR SANDSTORM:
                                                       VSBY 1/2 MILE OR LESS
                                                   8 = SMOKE OR HAZE
[NO. OF DAYS WITH]      [WEATHER - DAYS WITH]      9 = BLOWING SNOW
                                                   X = TORNADO
MAX 32 OR BELOW:   0    0.01 INCH OR MORE:   6
MAX 90 OR ABOVE:   2    0.10 INCH OR MORE:   4
MIN 32 OR BELOW:   0    0.50 INCH OR MORE:   2
MIN  0 OR BELOW:   0    1.00 INCH OR MORE:   1

[HDD (BASE 65) ]
TOTAL THIS MO.    39    CLEAR  (SCALE 0-3)   9
DPTR FM NORMAL   -37    PTCLDY (SCALE 4-7)   8
TOTAL FM JUL 1    39    CLOUDY (SCALE 8-10)  5
DPTR FM NORMAL   -49

[CDD (BASE 65) ]
TOTAL THIS MO.    97
DPTR FM NORMAL    49    [PRESSURE DATA]
TOTAL FM JAN 1  2216    HIGHEST SLP M ON M
DPTR FM NORMAL   646    LOWEST  SLP 29.45 ON 16

[REMARKS]
