000
CXUS51 KAKQ 160633
CF6ECG
PRELIMINARY LOCAL CLIMATOLOGICAL DATA (WS FORM: F-6)

                                          STATION:   ELIZABETH CITY NC
                                          MONTH:     DECEMBER
                                          YEAR:      2018
                                          LATITUDE:   36 16 N
                                          LONGITUDE:  76 11 W

  TEMPERATURE IN F:       :PCPN:    SNOW:  WIND      :SUNSHINE: SKY     :PK WND
================================================================================
1   2   3   4   5  6A  6B    7    8   9   10  11  12  13   14  15   16   17  18
                                     12Z  AVG MX 2MIN
DY MAX MIN AVG DEP HDD CDD  WTR  SNW DPTH SPD SPD DIR MIN PSBL S-S WX    SPD DR
================================================================================

 1  60  50  55   7  10   0 0.46  0.0    0  6.9 15 130   M    M   9 1      18 120
 2  70  59  65  17   0   0 0.05  0.0    0 10.8 22 200   M    M   7 12     29 210
 3  72  48  60  12   5   0 0.00  0.0    0  7.8 13 210   M    M   1         M  M
 4  52  42  47  -1  18   0 0.00  0.0    0  8.6 16 360   M    M   4        21  10
 5  46  30  38  -9  27   0    T  0.0    0  9.4 23 310   M    M   7        29 300
 6  46  28  37 -10  28   0 0.00  0.0    0  5.4 15 220   M    M   0 1      19 190
 7  51  38  45  -2  20   0 0.00  0.0    0  6.9 15 350   M    M   3        17 350
 8  48  38  43  -3  22   0 0.00  0.0    0  8.5 14  30   M    M   2        16  40
 9  49  37  43  -3  22   0 1.26  0.0    0 21.2 40  30   M    M  10 1      50  30
10  48  38  43  -3  22   0 0.37  0.0    0 18.4 32  30   M    M  10 1      42  30
11  48  32  40  -5  25   0 0.01  0.0    0 11.5 21 340   M    M   4 8      25 360
12  49  29  39  -6  26   0 0.00  0.0    0  4.7 10 240   M    M   0 8      14 240
13  54  29  42  -3  23   0 0.00  0.0    0  2.4  8 130   M    M   0 12     11 150
14  61  34  48   3  17   0 0.13  0.0    0  6.7 20 120   M    M   2 1      27 120
15  66  57  62  18   3   0 1.21  0.0    0  5.9 20 130   M    M  10 12     25 130
================================================================================
SM  820  589       268   0  3.49     0.0 135.1          M       69
================================================================================
AV 54.7 39.3                               9.0 FASTST   M    M   5    MAX(MPH)
                                 MISC ---->  # 40  30               # 50   30
================================================================================
NOTES:
# LAST OF SEVERAL OCCURRENCES

COLUMN 17 PEAK WIND IN M.P.H.

PRELIMINARY LOCAL CLIMATOLOGICAL DATA (WS FORM: F-6) , PAGE 2

                                          STATION:  ELIZABETH CITY NC
                                          MONTH:    DECEMBER
                                          YEAR:     2018
                                          LATITUDE:   36 16 N
                                          LONGITUDE:  76 11 W

[TEMPERATURE DATA]      [PRECIPITATION DATA]       SYMBOLS USED IN COLUMN 16

AVERAGE MONTHLY: 47.0   TOTAL FOR MONTH:   3.49    1 = FOG OR MIST
DPTR FM NORMAL:   0.6   DPTR FM NORMAL:    2.23    2 = FOG REDUCING VISIBILITY
HIGHEST:    72 ON  3    GRTST 24HR  1.26 ON  9- 9      TO 1/4 MILE OR LESS
LOWEST:     28 ON  6                               3 = THUNDER
                        SNOW, ICE PELLETS, HAIL    4 = ICE PELLETS
                        TOTAL MONTH:   0.0 INCH    5 = HAIL
                        GRTST 24HR     0.0         6 = FREEZING RAIN OR DRIZZLE
                        GRTST DEPTH:   0           7 = DUSTSTORM OR SANDSTORM:
                                                       VSBY 1/2 MILE OR LESS
                                                   8 = SMOKE OR HAZE
[NO. OF DAYS WITH]      [WEATHER - DAYS WITH]      9 = BLOWING SNOW
                                                   X = TORNADO
MAX 32 OR BELOW:   0    0.01 INCH OR MORE:   7
MAX 90 OR ABOVE:   0    0.10 INCH OR MORE:   5
MIN 32 OR BELOW:   5    0.50 INCH OR MORE:   2
MIN  0 OR BELOW:   0    1.00 INCH OR MORE:   2

[HDD (BASE 65) ]
TOTAL THIS MO.   268    CLEAR  (SCALE 0-3)   7
DPTR FM NORMAL   -13    PTCLDY (SCALE 4-7)   4
TOTAL FM JUL 1   785    CLOUDY (SCALE 8-10)  4
DPTR FM NORMAL   -11

[CDD (BASE 65) ]
TOTAL THIS MO.     0
DPTR FM NORMAL     0    [PRESSURE DATA]
TOTAL FM JAN 1  2328    HIGHEST SLP M ON M
DPTR FM NORMAL   740    LOWEST  SLP 29.67 ON  2

[REMARKS]
