000
CXUS52 KTAE 210800
CF6ECP
PRELIMINARY LOCAL CLIMATOLOGICAL DATA (WS FORM: F-6)

                                          STATION:   PANAMA CITY NW
                                          MONTH:     FEBRUARY
                                          YEAR:      2020
                                          LATITUDE:   30 21 N
                                          LONGITUDE:  85 48 W

  TEMPERATURE IN F:       :PCPN:    SNOW:  WIND      :SUNSHINE: SKY     :PK WND
================================================================================
1   2   3   4   5  6A  6B    7    8   9   10  11  12  13   14  15   16   17  18
                                     12Z  AVG MX 2MIN
DY MAX MIN AVG DEP HDD CDD  WTR  SNW DPTH SPD SPD DIR MIN PSBL S-S WX    SPD DR
================================================================================

 1  58  41  50   M  15   0    T    M    0  7.3 21 290   M    M   8 1      26 280
 2  66  34  50   M  15   0 0.00  0.0    0  4.1 16 220   M    M   0        19 250
 3  72  40  56   M   9   0 0.00    M    0  3.9 15 180   M    M   0        18 200
 4  72  48  60   M   5   0 0.00  0.0    0  6.1 16 150   M    M   3 1      20 150
 5  73  65  69   M   0   4 0.00  0.0    0 13.5 21 140   M    M  10 1      28 130
 6  74  51  63   M   2   0 1.36  0.0    0 17.4 35 170   M    M   9 13     45 150
 7  57  37  47   M  18   0    T    M    0 10.3 29 260   M    M   1        41 270
 8  65  35  50   M  15   0 0.00  0.0    0  6.5 18 140   M    M   2        23 130
 9  74  47  61   M   4   0 0.00  0.0    0  7.4 16  90   M    M   0        22 100
10  72  53  63   M   2   0 0.00  0.0    0 11.5 22 140   M    M   6 1      27 150
11  76  67  72   M   0   7 0.00  0.0    0  7.8 18 170   M    M  10 12     28 170
12  74  68  71   M   0   6    T  0.0    0 11.2 20 140   M    M  10 12     26 140
13  73  53  63   M   2   0 0.60  0.0    0 11.8 23 240   M    M   8 138    28 230
14  65  45  55   M  10   0 0.02  0.0    0  9.5 18 350   M    M   3        25 350
15  69  39  54   M  11   0 0.00  0.0    0  5.2 14  30   M    M   0        19  60
16  60  49  55   M  10   0 0.10    M    0  6.7 23 110   M    M   8 1      23 110
17  71  56  64   M   1   0    T  0.0    0  4.1  9 130   M    M   9 1      12 160
18  76  65  71   M   0   6    T  0.0    0  5.9 16 140   M    M   9 128    20 150
19  81  66  74   M   0   9 0.00  0.0    0  4.4 14  10   M    M   9 12     17  30
20  68  45  57   M   8   0 0.99    M    0 10.1 23 360   M    M   9 1      33 350
================================================================================
SM 1396 1004       127  32  3.07     0.0 164.7          M      114
================================================================================
AV 69.8 50.2                               8.2 FASTST   M    M   6    MAX(MPH)
                                 MISC ---->  # 35 170               # 45  150
================================================================================
NOTES:
# LAST OF SEVERAL OCCURRENCES

COLUMN 17 PEAK WIND IN M.P.H.

PRELIMINARY LOCAL CLIMATOLOGICAL DATA (WS FORM: F-6) , PAGE 2

                                          STATION:  PANAMA CITY NW
                                          MONTH:    FEBRUARY
                                          YEAR:     2020
                                          LATITUDE:   30 21 N
                                          LONGITUDE:  85 48 W

[TEMPERATURE DATA]      [PRECIPITATION DATA]       SYMBOLS USED IN COLUMN 16

AVERAGE MONTHLY: 60.0   TOTAL FOR MONTH:   3.07    1 = FOG OR MIST
DPTR FM NORMAL:     M   DPTR FM NORMAL:       M    2 = FOG REDUCING VISIBILITY
HIGHEST:    81 ON 19    GRTST 24HR  1.36 ON  6- 6      TO 1/4 MILE OR LESS
LOWEST:     34 ON  2                               3 = THUNDER
                        SNOW, ICE PELLETS, HAIL    4 = ICE PELLETS
                        TOTAL MONTH:   0.0 INCH    5 = HAIL
                        GRTST 24HR     0.0         6 = FREEZING RAIN OR DRIZZLE
                        GRTST DEPTH:   0           7 = DUSTSTORM OR SANDSTORM:
                                                       VSBY 1/2 MILE OR LESS
                                                   8 = SMOKE OR HAZE
[NO. OF DAYS WITH]      [WEATHER - DAYS WITH]      9 = BLOWING SNOW
                                                   X = TORNADO
MAX 32 OR BELOW:   0    0.01 INCH OR MORE:   5
MAX 90 OR ABOVE:   0    0.10 INCH OR MORE:   4
MIN 32 OR BELOW:   0    0.50 INCH OR MORE:   3
MIN  0 OR BELOW:   0    1.00 INCH OR MORE:   1

[HDD (BASE 65) ]
TOTAL THIS MO.   127    CLEAR  (SCALE 0-3)   8
DPTR FM NORMAL     M    PTCLDY (SCALE 4-7)   3
TOTAL FM JUL 1   898    CLOUDY (SCALE 8-10)  9
DPTR FM NORMAL     M

[CDD (BASE 65) ]
TOTAL THIS MO.    32
DPTR FM NORMAL     M    [PRESSURE DATA]
TOTAL FM JAN 1    69    HIGHEST SLP M ON M
DPTR FM NORMAL     M    LOWEST  SLP 29.43 ON  6

[REMARKS]
