000
NZUS97 KBTV 180800
CF6EFK
PRELIMINARY LOCAL CLIMATOLOGICAL DATA (WS FORM: F-6)

                                          STATION:   NEWPORT VT
                                          MONTH:     FEBRUARY
                                          YEAR:      2020
                                          LATITUDE:   44 53 N
                                          LONGITUDE:  72 13 W

  TEMPERATURE IN F:       :PCPN:    SNOW:  WIND      :SUNSHINE: SKY     :PK WND
================================================================================
1   2   3   4   5  6A  6B    7    8   9   10  11  12  13   14  15   16   17  18
                                     12Z  AVG MX 2MIN
DY MAX MIN AVG DEP HDD CDD  WTR  SNW DPTH SPD SPD DIR MIN PSBL S-S WX    SPD DR
================================================================================

 1  27  21  24   M  41   0 0.00    M    M  1.2  6 350   M    M  10         M   M
 2  28  18  23   M  42   0 0.00    M    M  1.0  6 340   M    M  10 1       M   M
 3  35  22  29   M  36   0 0.00    M    M  5.8 15 240   M    M   9        22 260
 4  32  17  25   M  40   0 0.00    M    M  1.2  6 280   M    M   7         M   M
 5  29   4  17   M  48   0 0.00    M    M  6.4 14 350   M    M   6        17 280
 6  25   8  17   M  48   0 0.00    M    M  0.7  3  50   M    M  10 1       M   M
 7  31  12  22   M  43   0 0.00    M    M  6.7 14 290   M    M  10        24 290
 8  12 -18  -3   M  68   0 0.00    M    M  6.2 14 250   M    M   6 18     22 250
 9  23 -19   2   M  63   0 0.00    M    M  5.0  8 200   M    M   3         M   M
10  34  14  24   M  41   0 0.00    M    M  4.2  8 270   M    M  10 12      M   M
11  33  16  25   M  40   0 0.00    M    M  2.6  8 310   M    M  10 1       M   M
12  32  26  29   M  36   0 0.00    M    M  7.6 14 220   M    M   6        23 280
13  29  26  28   M  37   0 0.00    M    M  2.4  5 190   M    M   9 1       M   M
14   4 -18  -7   M  72   0 0.00    M    M  5.2 13 330   M    M   0        17 310
15  19 -23  -2   M  67   0 0.00    M    M  8.2 14 170   M    M   3        21 170
16  32  17  25   M  40   0 0.00    M    M  6.5 13 160   M    M   9        21 170
17  31  -5  13   M  52   0 0.00    M    M  6.5 13 300   M    M   5        20 300
================================================================================
SM  456  118       814   0  0.00    M     77.6          M      123
================================================================================
AV 26.8  6.9                               4.6 FASTST   M    M   7    MAX(MPH)
                                 MISC ---->    15 240                 24 290
================================================================================
NOTES:
# LAST OF SEVERAL OCCURRENCES

COLUMN 17 PEAK WIND IN M.P.H.

PRELIMINARY LOCAL CLIMATOLOGICAL DATA (WS FORM: F-6) , PAGE 2

                                          STATION:   NEWPORT VT
                                          MONTH:     FEBRUARY
                                          YEAR:      2020
                                          LATITUDE:   44 53 N
                                          LONGITUDE:  72 13 W

[TEMPERATURE DATA]      [PRECIPITATION DATA]       SYMBOLS USED IN COLUMN 16

AVERAGE MONTHLY: 16.9   TOTAL FOR MONTH:   0.00    1 = FOG OR MIST
DPTR FM NORMAL:   0.0   DPTR FM NORMAL:    0.00    2 = FOG REDUCING VISIBILITY
HIGHEST:    35 ON  3    GRTST 24HR  0.00 ON  1- 1      TO 1/4 MILE OR LESS
LOWEST:    -23 ON 15                               3 = THUNDER
                        SNOW, ICE PELLETS, HAIL    4 = ICE PELLETS
                        TOTAL MONTH:  M            5 = HAIL
                        GRTST 24HR    M  ON   M    6 = FREEZING RAIN OR DRIZZLE
                        GRTST DEPTH:  M  ON   M    7 = DUSTSTORM OR SANDSTORM:
                                                       VSBY 1/2 MILE OR LESS
                                                   8 = SMOKE OR HAZE
[NO. OF DAYS WITH]      [WEATHER - DAYS WITH]      9 = BLOWING SNOW
                                                   X = TORNADO
MAX 32 OR BELOW:  14    0.01 INCH OR MORE:   0
MAX 90 OR ABOVE:   0    0.10 INCH OR MORE:   0
MIN 32 OR BELOW:  17    0.50 INCH OR MORE:   0
MIN  0 OR BELOW:   5    1.00 INCH OR MORE:   0

[HDD (BASE 65) ]
TOTAL THIS MO.   814    CLEAR  (SCALE 0-3)   2
DPTR FM NORMAL     M    PTCLDY (SCALE 4-7)   6
TOTAL FM JUL 1  5562    CLOUDY (SCALE 8-10)  9
DPTR FM NORMAL     M

[CDD (BASE 65) ]
TOTAL THIS MO.     0
DPTR FM NORMAL     M    [PRESSURE DATA]
TOTAL FM JAN 1     0    HIGHEST SLP M ON M
DPTR FM NORMAL     M    LOWEST  SLP M ON M

[REMARKS]
