000
CXUS56 KLKN 181009
CF6ELY
PRELIMINARY LOCAL CLIMATOLOGICAL DATA (WS FORM: F-6)

                                          STATION:   ELY AIRPORT NV
                                          MONTH:     OCTOBER
                                          YEAR:      2018
                                          LATITUDE:   39 16 N
                                          LONGITUDE: 114 51 W

  TEMPERATURE IN F:       :PCPN:    SNOW:  WIND      :SUNSHINE: SKY     :PK WND
================================================================================
1   2   3   4   5  6A  6B    7    8   9   10  11  12  13   14  15   16   17  18
                                     12Z  AVG MX 2MIN
DY MAX MIN AVG DEP HDD CDD  WTR  SNW DPTH SPD SPD DIR MIN PSBL S-S WX    SPD DR
================================================================================

 1  75  47  61  11   4   0 0.00  0.0    0 11.9 23 170   M    M   4        30 180
 2  73  47  60  10   5   0 0.23  0.0    0  8.9 32 280   M    M   5 13     38 270
 3  64  42  53   3  12   0 0.42  0.0    0  9.1 29 230   M    M   5 13     42 140
 4  59  43  51   2  14   0 0.52  0.0    0  8.6 21 290   M    M   7 13     28 270
 5  58  37  48  -1  17   0 0.01  0.0    0  5.4 13 200   M    M   3 8      16 190
 6  48  39  44  -5  21   0 0.15  0.0    0 11.1 22  20   M    M   9 1      26  10
 7  50  35  43  -5  22   0 0.00  0.0    0 17.3 30 360   M    M   8        37 360
 8  54  32  43  -5  22   0 0.00  0.0    0 10.5 21 360   M    M   0        25  10
 9  59  33  46  -2  19   0 0.04  0.0    0 10.2 33 310   M    M   7 1      48 310
10  53  32  43  -4  22   0 0.00  0.0    0  4.7 15 280   M    M   2        19 270
11  54  29  42  -5  23   0 0.02  0.0    0  6.6 15 360   M    M   6        18 360
12  59  24  42  -4  23   0 0.00  0.0    0  5.6 12 160   M    M   0        14 160
13  65  27  46   0  19   0 0.00  0.0    0 10.1 21 310   M    M   0        26 320
14  43  22  33 -13  32   0 0.00  0.0    0 12.1 23 360   M    M   0        31 320
15  52  12  32 -14  33   0 0.00  0.0    0  8.4 22 350   M    M   0        27 350
16  59  22  41  -4  24   0 0.00  0.0    0 10.4 25 340   M    M   0        34 320
17  60  23  42  -3  23   0 0.00  0.0    0  8.2 17 200   M    M   1        21 360
================================================================================
SM  985  546       335   0  1.39     0.0 159.1          M       57
================================================================================
AV 57.9 32.1                               9.4 FASTST   M    M   3    MAX(MPH)
                                 MISC ---->  # 33 310               # 48  310
================================================================================
NOTES:
# LAST OF SEVERAL OCCURRENCES

COLUMN 17 PEAK WIND IN M.P.H.

PRELIMINARY LOCAL CLIMATOLOGICAL DATA (WS FORM: F-6) , PAGE 2

                                          STATION:  ELY AIRPORT NV
                                          MONTH:    OCTOBER
                                          YEAR:     2018
                                          LATITUDE:   39 16 N
                                          LONGITUDE: 114 51 W

[TEMPERATURE DATA]      [PRECIPITATION DATA]       SYMBOLS USED IN COLUMN 16

AVERAGE MONTHLY: 45.0   TOTAL FOR MONTH:   1.39    1 = FOG OR MIST
DPTR FM NORMAL:  -2.6   DPTR FM NORMAL:    0.84    2 = FOG REDUCING VISIBILITY
HIGHEST:    75 ON  1    GRTST 24HR  0.52 ON  4- 4      TO 1/4 MILE OR LESS
LOWEST:     12 ON 15                               3 = THUNDER
                        SNOW, ICE PELLETS, HAIL    4 = ICE PELLETS
                        TOTAL MONTH:   0.0 INCH    5 = HAIL
                        GRTST 24HR     0.0         6 = FREEZING RAIN OR DRIZZLE
                        GRTST DEPTH:   0           7 = DUSTSTORM OR SANDSTORM:
                                                       VSBY 1/2 MILE OR LESS
                                                   8 = SMOKE OR HAZE
[NO. OF DAYS WITH]      [WEATHER - DAYS WITH]      9 = BLOWING SNOW
                                                   X = TORNADO
MAX 32 OR BELOW:   0    0.01 INCH OR MORE:   7
MAX 90 OR ABOVE:   0    0.10 INCH OR MORE:   4
MIN 32 OR BELOW:   9    0.50 INCH OR MORE:   1
MIN  0 OR BELOW:   0    1.00 INCH OR MORE:   0

[HDD (BASE 65) ]
TOTAL THIS MO.   335    CLEAR  (SCALE 0-3)   8
DPTR FM NORMAL    40    PTCLDY (SCALE 4-7)   8
TOTAL FM JUL 1   484    CLOUDY (SCALE 8-10)  1
DPTR FM NORMAL  -127

[CDD (BASE 65) ]
TOTAL THIS MO.     0
DPTR FM NORMAL     0    [PRESSURE DATA]
TOTAL FM JAN 1   381    HIGHEST SLP M ON M
DPTR FM NORMAL   163    LOWEST  SLP 29.62 ON  9

[REMARKS]
