005
CXUS53 KMKX 190650
CF6ENW
PRELIMINARY LOCAL CLIMATOLOGICAL DATA (WS FORM: F-6)

                                          STATION:   KENOSHA WI
                                          MONTH:     JUNE
                                          YEAR:      2018
                                          LATITUDE:   42 35 N
                                          LONGITUDE:  87 56 W

  TEMPERATURE IN F:       :PCPN:    SNOW:  WIND      :SUNSHINE: SKY     :PK WND
================================================================================
1   2   3   4   5  6A  6B    7    8   9   10  11  12  13   14  15   16   17  18
                                     12Z  AVG MX 2MIN
DY MAX MIN AVG DEP HDD CDD  WTR  SNW DPTH SPD SPD DIR MIN PSBL S-S WX    SPD DR
================================================================================

 1  68  49  59  -2   6   0 0.00  0.0    0 11.1 22  20   M    M   3 1      34  30
 2  65  48  57  -4   8   0 0.05    M    0  8.3 15 310   M    M   8        20 100
 3  73  49  61  -1   4   0 0.02    M    0 13.2 26 290   M    M   6 12     35 270
 4  80  49  65   3   0   0 0.00  0.0    0 10.7 25 270   M    M   2        35 270
 5  68  45  57  -5   8   0 0.02  0.0    0  9.1 20  40   M    M   3        26  50
 6  70  43  57  -6   8   0 0.02  0.0    0  4.6 20 140   M    M   2 18     26 160
 7  77  53  65   2   0   0 0.00  0.0    0  5.8 18  40   M    M   0        24  30
 8  72  56  64   0   1   0    T  0.0    0  6.2 16  50   M    M   4        22  60
 9  75  57  66   2   0   1 0.04  0.0    0  6.0 13  40   M    M   6 18     18  20
10  63  58  61  -3   4   0 0.89  0.0    0  9.6 18  80   M    M  10 12     27  70
11  68  58  63  -2   2   0 0.02  0.0    0  8.9 16  90   M    M  10 1      21  80
12  77  59  68   3   0   3    T  0.0    0  6.3 10 130   M    M   7 18     15 110
13  81  57  69   4   0   4 0.00  0.0    0  8.2 20 300   M    M   2 12     30 300
14  78  56  67   1   0   2 0.00  0.0    0  4.6 10 140   M    M   0        14 130
15  82  55  69   3   0   4 0.67  0.0    0  7.9 17 360   M    M   2 13     27  10
16  87  67  77  11   0  12 0.17  0.0    0  8.5 20 190   M    M   0 13     26  60
17  92  74  83  16   0  18 0.00  0.0    0  9.2 17 230   M    M   0        25 240
18  92  64  78  11   0  13 1.79  0.0    0 11.1 26 310   M    M   3 138    41 300
================================================================================
SM 1368  997        41  57  3.69     0.0 149.3          M       68
================================================================================
AV 76.0 55.4                               8.3 FASTST   M    M   4    MAX(MPH)
                                 MISC ---->  # 26 290               # 41  300
================================================================================
NOTES:
# LAST OF SEVERAL OCCURRENCES

COLUMN 17 PEAK WIND IN M.P.H.

PRELIMINARY LOCAL CLIMATOLOGICAL DATA (WS FORM: F-6) , PAGE 2

                                          STATION:  KENOSHA WI
                                          MONTH:    JUNE
                                          YEAR:     2018
                                          LATITUDE:   42 35 N
                                          LONGITUDE:  87 56 W

[TEMPERATURE DATA]      [PRECIPITATION DATA]       SYMBOLS USED IN COLUMN 16

AVERAGE MONTHLY: 65.7   TOTAL FOR MONTH:   3.69    1 = FOG OR MIST
DPTR FM NORMAL:   1.6   DPTR FM NORMAL:    1.11    2 = FOG REDUCING VISIBILITY
HIGHEST:    92 ON 18,17 GRTST 24HR  1.79 ON 18-18      TO 1/4 MILE OR LESS
LOWEST:     43 ON  6                               3 = THUNDER
                        SNOW, ICE PELLETS, HAIL    4 = ICE PELLETS
                        TOTAL MONTH:   0.0 INCH    5 = HAIL
                        GRTST 24HR     0.0         6 = FREEZING RAIN OR DRIZZLE
                        GRTST DEPTH:   0           7 = DUSTSTORM OR SANDSTORM:
                                                       VSBY 1/2 MILE OR LESS
                                                   8 = SMOKE OR HAZE
[NO. OF DAYS WITH]      [WEATHER - DAYS WITH]      9 = BLOWING SNOW
                                                   X = TORNADO
MAX 32 OR BELOW:   0    0.01 INCH OR MORE:  10
MAX 90 OR ABOVE:   2    0.10 INCH OR MORE:   4
MIN 32 OR BELOW:   0    0.50 INCH OR MORE:   3
MIN  0 OR BELOW:   0    1.00 INCH OR MORE:   1

[HDD (BASE 65) ]
TOTAL THIS MO.    41    CLEAR  (SCALE 0-3)  10
DPTR FM NORMAL   -24    PTCLDY (SCALE 4-7)   6
TOTAL FM JUL 1  6789    CLOUDY (SCALE 8-10)  2
DPTR FM NORMAL  -192

[CDD (BASE 65) ]
TOTAL THIS MO.    57
DPTR FM NORMAL     8    [PRESSURE DATA]
TOTAL FM JAN 1   154    HIGHEST SLP M ON M
DPTR FM NORMAL    81    LOWEST  SLP 29.75 ON  1

[REMARKS]
