977
CXUS53 KMKX 230641
CF6ENW
PRELIMINARY LOCAL CLIMATOLOGICAL DATA (WS FORM: F-6)

                                          STATION:   KENOSHA WI
                                          MONTH:     SEPTEMBER
                                          YEAR:      2018
                                          LATITUDE:   42 35 N
                                          LONGITUDE:  87 56 W

  TEMPERATURE IN F:       :PCPN:    SNOW:  WIND      :SUNSHINE: SKY     :PK WND
================================================================================
1   2   3   4   5  6A  6B    7    8   9   10  11  12  13   14  15   16   17  18
                                     12Z  AVG MX 2MIN
DY MAX MIN AVG DEP HDD CDD  WTR  SNW DPTH SPD SPD DIR MIN PSBL S-S WX    SPD DR
================================================================================

 1  82  70  76   9   0  11 0.26  0.0    0  7.8 15 200   M    M   5 13     22 200
 2  88  68  78  11   0  13 0.64  0.0    0  9.4 25 310   M    M   6 13     36 320
 3  78  68  73   7   0   8 1.14  0.0    0  5.9 13 120   M    M   6 13     17 250
 4  91  68  80  14   0  15 0.00  0.0    0  8.1 16 240   M    M   0 1      22 240
 5  89  67  78  12   0  13 0.11  0.0    0  9.2 21 250   M    M   4 13     36 280
 6  68  58  63  -2   2   0 0.02  0.0    0  9.1 17  40   M    M   3        23  30
 7  70  58  64  -1   1   0 0.00  0.0    0 10.6 20  70   M    M   0        27  50
 8  70  60  65   0   0   0 0.00  0.0    0 16.8 23  70   M    M   1        32  60
 9  69  57  63  -1   2   0 0.00  0.0    0 12.4 22  60   M    M   3        30  70
10  73  54  64   0   1   0 0.00  0.0    0  4.5 12 360   M    M   4 12     16 330
11  76  50  63  -1   2   0 0.00  0.0    0  5.7 15 100   M    M   2 12     20 130
12  79  59  69   6   0   4 0.00  0.0    0  6.5 15 130   M    M   0        25 140
13  74  51  63   0   2   0 0.00  0.0    0  4.8 14 130   M    M   1 12     22 130
14  82  54  68   5   0   3 0.00  0.0    0  3.3 13 110   M    M   2 12     16 100
15  80  55  68   6   0   3 0.00  0.0    0  2.7  9  90   M    M   2 12     13  90
16  83  58  71   9   0   6 0.00  0.0    0  5.8 14 130   M    M   2 12     21 120
17  91  61  76  15   0  11 0.00  0.0    0  3.8 13 260   M    M   1 1      17 260
18  72  60  66   5   0   1 0.32  0.0    0  6.5 17 340   M    M   6 1      27 360
19  70  57  64   3   1   0 0.02  0.0    0  6.8 15  70   M    M   6 1      20  70
20  87  64  76  16   0  11 0.85  0.0    0  9.7 23 210   M    M   4 13     37 210
21  83  50  67   7   0   2 0.01  0.0    0 15.0 30 260   M    M   2 1      42 280
22  62  43  53  -6  12   0 0.00  0.0    0  6.8 16 100   M    M   3        22 100
================================================================================
SM 1717 1290        23 101  3.37     0.0 171.2          M       63
================================================================================
AV 78.1 58.6                               7.8 FASTST   M    M   3    MAX(MPH)
                                 MISC ---->  # 30 260               # 42  280
================================================================================
NOTES:
# LAST OF SEVERAL OCCURRENCES

COLUMN 17 PEAK WIND IN M.P.H.

PRELIMINARY LOCAL CLIMATOLOGICAL DATA (WS FORM: F-6) , PAGE 2

                                          STATION:  KENOSHA WI
                                          MONTH:    SEPTEMBER
                                          YEAR:     2018
                                          LATITUDE:   42 35 N
                                          LONGITUDE:  87 56 W

[TEMPERATURE DATA]      [PRECIPITATION DATA]       SYMBOLS USED IN COLUMN 16

AVERAGE MONTHLY: 68.3   TOTAL FOR MONTH:   3.37    1 = FOG OR MIST
DPTR FM NORMAL:   5.0   DPTR FM NORMAL:    0.87    2 = FOG REDUCING VISIBILITY
HIGHEST:    91 ON 17, 4 GRTST 24HR  1.14 ON  3- 3      TO 1/4 MILE OR LESS
LOWEST:     43 ON 22                               3 = THUNDER
                        SNOW, ICE PELLETS, HAIL    4 = ICE PELLETS
                        TOTAL MONTH:   0.0 INCH    5 = HAIL
                        GRTST 24HR     0.0         6 = FREEZING RAIN OR DRIZZLE
                        GRTST DEPTH:   0           7 = DUSTSTORM OR SANDSTORM:
                                                       VSBY 1/2 MILE OR LESS
                                                   8 = SMOKE OR HAZE
[NO. OF DAYS WITH]      [WEATHER - DAYS WITH]      9 = BLOWING SNOW
                                                   X = TORNADO
MAX 32 OR BELOW:   0    0.01 INCH OR MORE:   9
MAX 90 OR ABOVE:   2    0.10 INCH OR MORE:   6
MIN 32 OR BELOW:   0    0.50 INCH OR MORE:   3
MIN  0 OR BELOW:   0    1.00 INCH OR MORE:   1

[HDD (BASE 65) ]
TOTAL THIS MO.    23    CLEAR  (SCALE 0-3)  14
DPTR FM NORMAL   -56    PTCLDY (SCALE 4-7)   8
TOTAL FM JUL 1    30    CLOUDY (SCALE 8-10)  0
DPTR FM NORMAL   -80

[CDD (BASE 65) ]
TOTAL THIS MO.   101
DPTR FM NORMAL    57    [PRESSURE DATA]
TOTAL FM JAN 1   772    HIGHEST SLP M ON M
DPTR FM NORMAL   241    LOWEST  SLP 29.65 ON 21

[REMARKS]
