000
CXUS53 KMKX 250910
CF6ENW
PRELIMINARY LOCAL CLIMATOLOGICAL DATA (WS FORM: F-6)

                                          STATION:   KENOSHA WI
                                          MONTH:     MAY
                                          YEAR:      2020
                                          LATITUDE:   42 35 N
                                          LONGITUDE:  87 56 W

  TEMPERATURE IN F:       :PCPN:    SNOW:  WIND      :SUNSHINE: SKY     :PK WND
================================================================================
1   2   3   4   5  6A  6B    7    8   9   10  11  12  13   14  15   16   17  18
                                     12Z  AVG MX 2MIN
DY MAX MIN AVG DEP HDD CDD  WTR  SNW DPTH SPD SPD DIR MIN PSBL S-S WX    SPD DR
================================================================================

 1  64  34  49  -2  16   0 0.00  0.0    0  7.1 14 150   M    M   2        20 140
 2  78  46  62  11   3   0 0.00    M    0 10.2 18 300   M    M   2        27 260
 3  75  43  59   7   6   0 0.00  0.0    0 11.3 23 290   M    M   0        38  40
 4  47  39  43  -9  22   0 0.00  0.0    0 12.2 18  40   M    M   4        26  30
 5  50  41  46  -6  19   0 0.00  0.0    0 10.0 18  50   M    M   7        24  60
 6  62  40  51  -2  14   0 0.00  0.0    0  8.5 14 160   M    M   2        19 260
 7  64  39  52  -1  13   0 0.00  0.0    0 10.4 21 300   M    M   0        31 290
 8  45  28  37 -16  28   0 0.00  0.0    0 11.1 22  30   M    M   3        32  50
 9  60  25  43 -11  22   0 0.00  0.0    0 11.7 23 250   M    M   1        33 280
10  55  37  46  -8  19   0 0.38    M    0  9.9 22 250   M    M  10 1      32  20
11  52  36  44 -10  21   0 0.00  0.0    0  7.2 14 280   M    M   7        20 280
12  60  34  47  -7  18   0 0.00  0.0    0  8.4 17  80   M    M   0        25 280
13  62  35  49  -6  16   0 0.20    M    0 10.4 21 130   M    M   3 1      29 120
14  72  52  62   7   3   0 0.57  0.0    0  9.5 21 200   M    M   9 138    28 210
15  77  50  64   9   1   0 0.46  0.0    0  7.9 18  70   M    M   4 1238   23  80
16  63  47  55  -1  10   0    T    M    0 10.2 15  40   M    M   2        20  40
17  60  51  56   0   9   0 2.51  0.0    0 13.1 25  70   M    M  10 1      33  70
18  56  50  53  -3  12   0 0.02  0.0    0  8.7 14  20   M    M  10 12     22  20
19  58  50  54  -3  11   0 0.21  0.0    0 12.1 20  70   M    M  10 18     27  60
20  66  49  58   1   7   0 0.00  0.0    0 11.4 18  80   M    M   1        25  90
21  68  49  59   2   6   0 0.00  0.0    0  6.9 14 110   M    M   8        18 110
22  68  53  61   3   4   0 0.02  0.0    0  4.9 12  90   M    M   9 128    15  90
23  73  51  62   4   3   0 0.09  0.0    0  9.2 20 150   M    M   7 123    27  90
24  85  61  73  15   0   8 0.00  0.0    0  6.6 16 140   M    M   2 1      21 150
================================================================================
SM 1520 1040       283   8  4.46     0.0 228.9          M      113
================================================================================
AV 63.3 43.3                               9.5 FASTST   M    M   5    MAX(MPH)
                                 MISC ---->  # 25  70               # 38   40
================================================================================
NOTES:
# LAST OF SEVERAL OCCURRENCES

COLUMN 17 PEAK WIND IN M.P.H.

PRELIMINARY LOCAL CLIMATOLOGICAL DATA (WS FORM: F-6) , PAGE 2

                                          STATION:  KENOSHA WI
                                          MONTH:    MAY
                                          YEAR:     2020
                                          LATITUDE:   42 35 N
                                          LONGITUDE:  87 56 W

[TEMPERATURE DATA]      [PRECIPITATION DATA]       SYMBOLS USED IN COLUMN 16

AVERAGE MONTHLY: 53.3   TOTAL FOR MONTH:   4.46    1 = FOG OR MIST
DPTR FM NORMAL:  -1.3   DPTR FM NORMAL:    1.58    2 = FOG REDUCING VISIBILITY
HIGHEST:    85 ON 24    GRTST 24HR  2.51 ON 17-17      TO 1/4 MILE OR LESS
LOWEST:     25 ON  9                               3 = THUNDER
                        SNOW, ICE PELLETS, HAIL    4 = ICE PELLETS
                        TOTAL MONTH:   0.0 INCH    5 = HAIL
                        GRTST 24HR     0.0         6 = FREEZING RAIN OR DRIZZLE
                        GRTST DEPTH:   0           7 = DUSTSTORM OR SANDSTORM:
                                                       VSBY 1/2 MILE OR LESS
                                                   8 = SMOKE OR HAZE
[NO. OF DAYS WITH]      [WEATHER - DAYS WITH]      9 = BLOWING SNOW
                                                   X = TORNADO
MAX 32 OR BELOW:   0    0.01 INCH OR MORE:   9
MAX 90 OR ABOVE:   0    0.10 INCH OR MORE:   6
MIN 32 OR BELOW:   2    0.50 INCH OR MORE:   2
MIN  0 OR BELOW:   0    1.00 INCH OR MORE:   1

[HDD (BASE 65) ]
TOTAL THIS MO.   283    CLEAR  (SCALE 0-3)  12
DPTR FM NORMAL    21    PTCLDY (SCALE 4-7)   6
TOTAL FM JUL 1  6095    CLOUDY (SCALE 8-10)  6
DPTR FM NORMAL  -774

[CDD (BASE 65) ]
TOTAL THIS MO.     8
DPTR FM NORMAL    -4    [PRESSURE DATA]
TOTAL FM JAN 1     8    HIGHEST SLP M ON M
DPTR FM NORMAL    -6    LOWEST  SLP 29.70 ON 18

[REMARKS]
