000
CXUS51 KCLE 190800
CF6ERI
PRELIMINARY LOCAL CLIMATOLOGICAL DATA (WS FORM: F-6)

                                          STATION:   ERIE PA
                                          MONTH:     OCTOBER
                                          YEAR:      2019
                                          LATITUDE:   42  4 N
                                          LONGITUDE:  80 11 W

  TEMPERATURE IN F:       :PCPN:    SNOW:  WIND      :SUNSHINE: SKY     :PK WND
================================================================================
1   2   3   4   5  6A  6B    7    8   9   10  11  12  13   14  15   16   17  18
                                     12Z  AVG MX 2MIN
DY MAX MIN AVG DEP HDD CDD  WTR  SNW DPTH SPD SPD DIR MIN PSBL S-S WX    SPD DR
================================================================================

 1  89  72  81  23   0  16 0.00  0.0    0  9.1 18 250   M    M   2        26 260
 2  80  58  69  11   0   4 0.08  0.0    0 10.1 22  50   M    M   9 18     30  40
 3  67  54  61   4   4   0 0.18  0.0    0  8.4 18 270   M    M  10 18     28 280
 4  64  46  55  -2  10   0 0.03  0.0    0 11.9 24  30   M    M   9 18     29  20
 5  66  37  52  -5  13   0 0.00  0.0    0 10.2 25 160   M    M   0        36 160
 6  73  56  65   9   0   0 0.20  0.0    0 12.4 25 160   M    M   6 1      34 170
 7  64  53  59   3   6   0 0.08  0.0    0  6.9 12 220   M    M   4 1      16 220
 8  69  49  59   3   6   0 0.00  0.0    0  6.3 17  50   M    M   2        20  30
 9  67  48  58   3   7   0 0.00  0.0    0  9.5 20  60   M    M   0        24  40
10  71  50  61   6   4   0 0.00  0.0    0 10.3 17  30   M    M   0        22 150
11  78  55  67  13   0   2    T  0.0    0 12.3 21 150   M    M   1        28 140
12  66  43  55   1  10   0 0.06  0.0    0 10.5 21 260   M    M   6 1      31 260
13  67  42  55   1  10   0 0.00  0.0    0 14.2 23 180   M    M   0        31 180
14  58  47  53  -1  12   0 0.06  0.0    0  7.3 15 250   M    M   9 1      21 250
15  67  40  54   1  11   0 0.00  0.0    0  8.8 18 160   M    M   2        26 150
16  62  48  55   2  10   0 0.72  0.0    0 15.0 29 290   M    M   9 13     40 290
17  51  48  50  -3  15   0    T  0.0    0 19.4 30 300   M    M  10        45 320
18  54  39  47  -5  18   0    T  0.0    0  8.2 17 330   M    M   7        25 360
================================================================================
SM 1213  885       136  22  1.41     0.0 190.8          M       86
================================================================================
AV 67.4 49.2                              10.6 FASTST   M    M   5    MAX(MPH)
                                 MISC ---->  # 30 300               # 45  320
================================================================================
NOTES:
# LAST OF SEVERAL OCCURRENCES

COLUMN 17 PEAK WIND IN M.P.H.

PRELIMINARY LOCAL CLIMATOLOGICAL DATA (WS FORM: F-6) , PAGE 2

                                          STATION:  ERIE PA
                                          MONTH:    OCTOBER
                                          YEAR:     2019
                                          LATITUDE:   42  4 N
                                          LONGITUDE:  80 11 W

[TEMPERATURE DATA]      [PRECIPITATION DATA]       SYMBOLS USED IN COLUMN 16

AVERAGE MONTHLY: 58.3   TOTAL FOR MONTH:   1.41    1 = FOG OR MIST
DPTR FM NORMAL:   3.2   DPTR FM NORMAL:   -1.07    2 = FOG REDUCING VISIBILITY
HIGHEST:    89 ON  1    GRTST 24HR  0.72 ON 16-16      TO 1/4 MILE OR LESS
LOWEST:     37 ON  5                               3 = THUNDER
                        SNOW, ICE PELLETS, HAIL    4 = ICE PELLETS
                        TOTAL MONTH:   0.0 INCH    5 = HAIL
                        GRTST 24HR     0.0         6 = FREEZING RAIN OR DRIZZLE
                        GRTST DEPTH:   0           7 = DUSTSTORM OR SANDSTORM:
                                                       VSBY 1/2 MILE OR LESS
                                                   8 = SMOKE OR HAZE
[NO. OF DAYS WITH]      [WEATHER - DAYS WITH]      9 = BLOWING SNOW
                                                   X = TORNADO
MAX 32 OR BELOW:   0    0.01 INCH OR MORE:   8
MAX 90 OR ABOVE:   0    0.10 INCH OR MORE:   3
MIN 32 OR BELOW:   0    0.50 INCH OR MORE:   1
MIN  0 OR BELOW:   0    1.00 INCH OR MORE:   0

[HDD (BASE 65) ]
TOTAL THIS MO.   136    CLEAR  (SCALE 0-3)   8
DPTR FM NORMAL   -51    PTCLDY (SCALE 4-7)   4
TOTAL FM JUL 1   148    CLOUDY (SCALE 8-10)  6
DPTR FM NORMAL  -163

[CDD (BASE 65) ]
TOTAL THIS MO.    22
DPTR FM NORMAL    15    [PRESSURE DATA]
TOTAL FM JAN 1   847    HIGHEST SLP M ON M
DPTR FM NORMAL   211    LOWEST  SLP 29.61 ON 16

[REMARKS]
