000
CXUS51 KCLE 271252
CF6ERI
PRELIMINARY LOCAL CLIMATOLOGICAL DATA (WS FORM: F-6)

                                          STATION:   ERIE PA
                                          MONTH:     MAY
                                          YEAR:      2020
                                          LATITUDE:   42  4 N
                                          LONGITUDE:  80 11 W

  TEMPERATURE IN F:       :PCPN:    SNOW:  WIND      :SUNSHINE: SKY     :PK WND
================================================================================
1   2   3   4   5  6A  6B    7    8   9   10  11  12  13   14  15   16   17  18
                                     12Z  AVG MX 2MIN
DY MAX MIN AVG DEP HDD CDD  WTR  SNW DPTH SPD SPD DIR MIN PSBL S-S WX    SPD DR
================================================================================

 1  50  42  46  -7  19   0    T  0.0    0  8.0 16 250   M    M   8 1      25 250
 2  72  40  56   3   9   0 0.00  0.0    0 12.7 29 190   M    M   4        36 190
 3  70  53  62   9   3   0 0.00  0.0    0  7.2 21 260   M    M   1        27 260
 4  53  43  48  -6  17   0 0.00  0.0    0 10.5 18 290   M    M   5        24 280
 5  49  34  42 -12  23   0 0.00  0.0    0 13.3 23  40   M    M   1        30  60
 6  54  38  46  -8  19   0    T  0.0    0 10.4 21  30   M    M   5        25  40
 7  61  34  48  -6  17   0    T  0.0    0  7.9 22 250   M    M   5        33 260
 8  46  34  40 -15  25   0    T    T    0 10.9 20 320   M    M   8 18     30 320
 9  48  31  40 -15  25   0 0.01    T    T 14.1 24 280   M    M  10        36 260
10  60  40  50  -6  15   0    T  0.0    0 11.8 26 210   M    M   8        36 200
11  47  37  42 -14  23   0 0.27  0.0    0 11.3 21 250   M    M  10 18     29 240
12  54  36  45 -11  20   0 0.00  0.0    0  7.7 25 260   M    M   5        36 270
13  52  30  41 -15  24   0 0.00  0.0    0  3.4  9 340   M    M   0        13  10
14  69  41  55  -2  10   0 0.67  0.0    0 11.5 22 190   M    M   7 1      27 140
15  80  53  67  10   0   2 0.76  0.0    0 10.2 26 220   M    M  10 123    36 230
16  64  47  56  -1   9   0 0.00  0.0    0  7.1 17  60   M    M   3 12     23  50
17  65  52  59   1   6   0 0.02  0.0    0  8.0 14  60   M    M   6        16  60
18  67  54  61   3   4   0 0.05  0.0    0  9.7 25  50   M    M   5 1      34  50
19  76  55  66   8   0   1 0.00  0.0    0  9.2 18 150   M    M   2        25 120
20  68  50  59   0   6   0 0.00  0.0    0  7.8 18  50   M    M   0        25 150
21  72  53  63   4   2   0 0.00  0.0    0 12.3 25 150   M    M   0        32 150
22  70  58  64   5   1   0 0.45  0.0    0  4.3 14 160   M    M   8 18     21 160
23  70  55  63   3   2   0 0.00  0.0    0  3.1  9 310   M    M   6 128    11  40
24  86  62  74  14   0   9 0.00  0.0    0 11.5 18 200   M    M   2        25 160
25  87  67  77  17   0  12 0.00  0.0    0  9.2 20 160   M    M   1        26 140
26  90  72  81  20   0  16 0.00    M    M  9.2 16 200   M    M   0        21 180
================================================================================
SM 1680 1211       279  40  2.23    T    242.3          M      120
================================================================================
AV 64.6 46.6                               9.3 FASTST   M    M   5    MAX(MPH)
                                 MISC ---->    29 190               # 36 190
================================================================================
NOTES:
# LAST OF SEVERAL OCCURRENCES

COLUMN 17 PEAK WIND IN M.P.H.

PRELIMINARY LOCAL CLIMATOLOGICAL DATA (WS FORM: F-6) , PAGE 2

                                          STATION:   ERIE PA
                                          MONTH:     MAY
                                          YEAR:      2020
                                          LATITUDE:   42  4 N
                                          LONGITUDE:  80 11 W

[TEMPERATURE DATA]      [PRECIPITATION DATA]       SYMBOLS USED IN COLUMN 16

AVERAGE MONTHLY: 55.6   TOTAL FOR MONTH:   2.23    1 = FOG OR MIST
DPTR FM NORMAL:  -1.0   DPTR FM NORMAL:   -0.64    2 = FOG REDUCING VISIBILITY
HIGHEST:    90 ON 26    GRTST 24HR  0.84 ON 14-15      TO 1/4 MILE OR LESS
LOWEST:     30 ON 13                               3 = THUNDER
                        SNOW, ICE PELLETS, HAIL    4 = ICE PELLETS
                        TOTAL MONTH:  T            5 = HAIL
                        GRTST 24HR   T   ON  8- 8  6 = FREEZING RAIN OR DRIZZLE
                        GRTST DEPTH:  T            7 = DUSTSTORM OR SANDSTORM:
                                                       VSBY 1/2 MILE OR LESS
                                                   8 = SMOKE OR HAZE
[NO. OF DAYS WITH]      [WEATHER - DAYS WITH]      9 = BLOWING SNOW
                                                   X = TORNADO
MAX 32 OR BELOW:   0    0.01 INCH OR MORE:   7
MAX 90 OR ABOVE:   1    0.10 INCH OR MORE:   4
MIN 32 OR BELOW:   2    0.50 INCH OR MORE:   2
MIN  0 OR BELOW:   0    1.00 INCH OR MORE:   0

[HDD (BASE 65) ]
TOTAL THIS MO.   279    CLEAR  (SCALE 0-3)  10
DPTR FM NORMAL    38    PTCLDY (SCALE 4-7)  13
TOTAL FM JUL 1  5343    CLOUDY (SCALE 8-10)  3
DPTR FM NORMAL  -717

[CDD (BASE 65) ]
TOTAL THIS MO.    40
DPTR FM NORMAL    17    [PRESSURE DATA]
TOTAL FM JAN 1    40    HIGHEST SLP M ON M
DPTR FM NORMAL    10    LOWEST  SLP 29.73 ON  1

[REMARKS]
