000
CXUS52 KMHX 240700
CF6EWN
PRELIMINARY LOCAL CLIMATOLOGICAL DATA (WS FORM: F-6)

                                          STATION:   NEW BERN NC
                                          MONTH:     JUNE
                                          YEAR:      2018
                                          LATITUDE:   35  4 N
                                          LONGITUDE:  77  3 W

  TEMPERATURE IN F:       :PCPN:    SNOW:  WIND      :SUNSHINE: SKY     :PK WND
================================================================================
1   2   3   4   5  6A  6B    7    8   9   10  11  12  13   14  15   16   17  18
                                     12Z  AVG MX 2MIN
DY MAX MIN AVG DEP HDD CDD  WTR  SNW DPTH SPD SPD DIR MIN PSBL S-S WX    SPD DR
================================================================================

 1  89  71  80   6   0  15 0.00  0.0    0  5.9 13 180   M    M   3 1      17 180
 2  88  70  79   5   0  14 0.70  0.0    0  6.9 17 260   M    M   2 13     23 260
 3  86  67  77   3   0  12 0.23  0.0    0  4.3 18 320   M    M   1 138    26 320
 4  84  64  74  -1   0   9 0.00  0.0    0  6.6 14 350   M    M   4 1      19 340
 5  81  62  72  -3   0   7 0.00  0.0    0  4.9 10 350   M    M   0 1      14 340
 6  87  59  73  -2   0   8 0.01  0.0    0  4.9 18  50   M    M   2 1      23  40
 7  82  67  75   0   0  10 0.00  0.0    0  6.5 13 110   M    M   6        16 120
 8  86  64  75  -1   0  10 0.00  0.0    0  4.7 17 120   M    M   1 1      24 140
 9  84  67  76   0   0  11    T  0.0    0  3.8 13 170   M    M   2 13     16 150
10  87  67  77   1   0  12    T  0.0    0  5.4 13 150   M    M   1 1238   17 120
11  89  67  78   2   0  13 1.78  0.0    0  6.5 25  80   M    M   5 138    34  80
12  77  66  72  -5   0   7 0.01  0.0    0  7.0 15  40   M    M   8 13     20  40
13  86  69  78   1   0  13 0.00  0.0    0  5.4 13 250   M    M   6 12     17 280
14  86  69  78   1   0  13    T  0.0    0  5.8 16 180   M    M   1 13     21 170
15  84  67  76  -1   0  11 0.03  0.0    0  4.2 13 130   M    M   5 138    16 140
16  85  64  75  -3   0  10 0.00  0.0    0  4.2 12 170   M    M   0        16 140
17  89  67  78   0   0  13 0.33  0.0    0  5.7 24 280   M    M   2 13     34 270
18  91  73  82   4   0  17 0.07  0.0    0  5.8 18 220   M    M   5 138    23 210
19  95  72  84   6   0  19 0.00  0.0    0  6.1 15 350   M    M   0 1      18 350
20  93  73  83   5   0  18    T  0.0    0  3.1 16  30   M    M   1 13     21  20
21  94  72  83   5   0  18 0.70  0.0    0  5.7 22 220   M    M   1 138    29 240
22  93  72  83   4   0  18 0.01  0.0    0  7.6 16 210   M    M   1 13     22 210
23  92  76  84   5   0  19    T  0.0    0  9.9 21 180   M    M   1 138    29 180
================================================================================
SM 2008 1565         0 297  3.87     0.0 130.9          M       58
================================================================================
AV 87.3 68.0                               5.7 FASTST   M    M   3    MAX(MPH)
                                 MISC ---->  # 25  80               # 34   80
================================================================================
NOTES:
# LAST OF SEVERAL OCCURRENCES

COLUMN 17 PEAK WIND IN M.P.H.

PRELIMINARY LOCAL CLIMATOLOGICAL DATA (WS FORM: F-6) , PAGE 2

                                          STATION:  NEW BERN NC
                                          MONTH:    JUNE
                                          YEAR:     2018
                                          LATITUDE:   35  4 N
                                          LONGITUDE:  77  3 W

[TEMPERATURE DATA]      [PRECIPITATION DATA]       SYMBOLS USED IN COLUMN 16

AVERAGE MONTHLY: 77.7   TOTAL FOR MONTH:   3.87    1 = FOG OR MIST
DPTR FM NORMAL:   1.2   DPTR FM NORMAL:    0.42    2 = FOG REDUCING VISIBILITY
HIGHEST:    95 ON 19    GRTST 24HR  1.78 ON 11-11      TO 1/4 MILE OR LESS
LOWEST:     59 ON  6                               3 = THUNDER
                        SNOW, ICE PELLETS, HAIL    4 = ICE PELLETS
                        TOTAL MONTH:   0.0 INCH    5 = HAIL
                        GRTST 24HR     0.0         6 = FREEZING RAIN OR DRIZZLE
                        GRTST DEPTH:   0           7 = DUSTSTORM OR SANDSTORM:
                                                       VSBY 1/2 MILE OR LESS
                                                   8 = SMOKE OR HAZE
[NO. OF DAYS WITH]      [WEATHER - DAYS WITH]      9 = BLOWING SNOW
                                                   X = TORNADO
MAX 32 OR BELOW:   0    0.01 INCH OR MORE:  10
MAX 90 OR ABOVE:   6    0.10 INCH OR MORE:   5
MIN 32 OR BELOW:   0    0.50 INCH OR MORE:   3
MIN  0 OR BELOW:   0    1.00 INCH OR MORE:   1

[HDD (BASE 65) ]
TOTAL THIS MO.     0    CLEAR  (SCALE 0-3)  16
DPTR FM NORMAL     0    PTCLDY (SCALE 4-7)   7
TOTAL FM JUL 1  2912    CLOUDY (SCALE 8-10)  0
DPTR FM NORMAL   211

[CDD (BASE 65) ]
TOTAL THIS MO.   297
DPTR FM NORMAL    33    [PRESSURE DATA]
TOTAL FM JAN 1   615    HIGHEST SLP M ON M
DPTR FM NORMAL   108    LOWEST  SLP 29.71 ON  2

[REMARKS]
