761
CXUS52 KMHX 200700
CF6EWN
PRELIMINARY LOCAL CLIMATOLOGICAL DATA (WS FORM: F-6)

                                          STATION:   NEW BERN NC
                                          MONTH:     OCTOBER
                                          YEAR:      2019
                                          LATITUDE:   35  4 N
                                          LONGITUDE:  77  3 W

  TEMPERATURE IN F:       :PCPN:    SNOW:  WIND      :SUNSHINE: SKY     :PK WND
================================================================================
1   2   3   4   5  6A  6B    7    8   9   10  11  12  13   14  15   16   17  18
                                     12Z  AVG MX 2MIN
DY MAX MIN AVG DEP HDD CDD  WTR  SNW DPTH SPD SPD DIR MIN PSBL S-S WX    SPD DR
================================================================================

 1  85  66  76   7   0  11 0.00  0.0    0  4.3 10 140   M    M   3        16  20
 2  90  64  77   8   0  12 0.00  0.0    0  3.9 13 180   M    M   0 1      17 180
 3  95  72  84  16   0  19 0.00  0.0    0  5.8 12 190   M    M   0        15 180
 4  91  69  80  12   0  15 0.00  0.0    0  9.2 22  60   M    M   3 1      27  80
 5  74  64  69   1   0   4 0.00  0.0    0 10.0 18  60   M    M   7        24  50
 6  81  61  71   4   0   6 0.00  0.0    0  5.4 15 110   M    M   3 1      21 110
 7  81  64  73   6   0   8 0.07  0.0    0  5.3 16 150   M    M   5 1      21 110
 8  74  64  69   2   0   4 0.03  0.0    0 13.2 21  20   M    M  10 1      27  30
 9  69  60  65  -1   0   0    T  0.0    0 11.9 16  30   M    M  10 1      21  10
10  67  55  61  -5   4   0    T  0.0    0  7.8 15  30   M    M   8 1      19  20
11  77  50  64  -2   1   0 0.00  0.0    0  4.4 15 340   M    M   0 1      20 340
12  83  47  65   0   0   0 0.00  0.0    0  3.8 10 300   M    M   2 12     19 240
13  84  60  72   7   0   7 0.51  0.0    0  5.2 13 180   M    M   4 13     19 200
14  81  60  71   6   0   6 0.48  0.0    0  3.8 14 210   M    M   3 12     17 210
15  78  51  65   1   0   0 0.00  0.0    0  1.7 10 160   M    M   2 12     13 150
16  76  56  66   2   0   1 0.20  0.0    0  7.4 21 280   M    M   6 1      32 270
17  66  48  57  -7   8   0 0.00  0.0    0  8.0 18 320   M    M   0        25 310
18  66  43  55  -8  10   0 0.00  0.0    0  3.5 12 330   M    M   0        16 330
19  69  41  55  -8  10   0 0.01  0.0    0  3.9  9 110   M    M   3 12     14 110
================================================================================
SM 1487 1095        33  93  1.30     0.0 118.5          M       69
================================================================================
AV 78.3 57.6                               6.2 FASTST   M    M   4    MAX(MPH)
                                 MISC ---->  # 22  60               # 32  270
================================================================================
NOTES:
# LAST OF SEVERAL OCCURRENCES

COLUMN 17 PEAK WIND IN M.P.H.

PRELIMINARY LOCAL CLIMATOLOGICAL DATA (WS FORM: F-6) , PAGE 2

                                          STATION:  NEW BERN NC
                                          MONTH:    OCTOBER
                                          YEAR:     2019
                                          LATITUDE:   35  4 N
                                          LONGITUDE:  77  3 W

[TEMPERATURE DATA]      [PRECIPITATION DATA]       SYMBOLS USED IN COLUMN 16

AVERAGE MONTHLY: 68.0   TOTAL FOR MONTH:   1.30    1 = FOG OR MIST
DPTR FM NORMAL:   1.9   DPTR FM NORMAL:   -0.84    2 = FOG REDUCING VISIBILITY
HIGHEST:    95 ON  3    GRTST 24HR  0.51 ON 13-13      TO 1/4 MILE OR LESS
LOWEST:     41 ON 19                               3 = THUNDER
                        SNOW, ICE PELLETS, HAIL    4 = ICE PELLETS
                        TOTAL MONTH:   0.0 INCH    5 = HAIL
                        GRTST 24HR     0.0         6 = FREEZING RAIN OR DRIZZLE
                        GRTST DEPTH:   0           7 = DUSTSTORM OR SANDSTORM:
                                                       VSBY 1/2 MILE OR LESS
                                                   8 = SMOKE OR HAZE
[NO. OF DAYS WITH]      [WEATHER - DAYS WITH]      9 = BLOWING SNOW
                                                   X = TORNADO
MAX 32 OR BELOW:   0    0.01 INCH OR MORE:   6
MAX 90 OR ABOVE:   3    0.10 INCH OR MORE:   3
MIN 32 OR BELOW:   0    0.50 INCH OR MORE:   1
MIN  0 OR BELOW:   0    1.00 INCH OR MORE:   0

[HDD (BASE 65) ]
TOTAL THIS MO.    33    CLEAR  (SCALE 0-3)  10
DPTR FM NORMAL   -12    PTCLDY (SCALE 4-7)   7
TOTAL FM JUL 1    33    CLOUDY (SCALE 8-10)  2
DPTR FM NORMAL   -19

[CDD (BASE 65) ]
TOTAL THIS MO.    93
DPTR FM NORMAL    29    [PRESSURE DATA]
TOTAL FM JAN 1  2240    HIGHEST SLP M ON M
DPTR FM NORMAL   373    LOWEST  SLP 29.49 ON 16

[REMARKS]
