000
CXUS51 KOKX 210703
CF6EWR
PRELIMINARY LOCAL CLIMATOLOGICAL DATA (WS FORM: F-6)

                                          STATION:   NEWARK NJ
                                          MONTH:     MARCH
                                          YEAR:      2019
                                          LATITUDE:   40 42 N
                                          LONGITUDE:  74 10 W

  TEMPERATURE IN F:       :PCPN:    SNOW:  WIND      :SUNSHINE: SKY     :PK WND
================================================================================
1   2   3   4   5  6A  6B    7    8   9   10  11  12  13   14  15   16   17  18
                                     12Z  AVG MX 2MIN
DY MAX MIN AVG DEP HDD CDD  WTR  SNW DPTH SPD SPD DIR MIN PSBL S-S WX    SPD DR
================================================================================

 1  36  25  31  -7  34   0 0.05  0.8    1  8.3 15  30   M    M  10 15     20 340
 2  41  30  36  -2  29   0 0.51  4.5    4 10.0 16  20   M    M   9 14     19 360
 3  42  32  37  -1  28   0 0.66  3.1    1  6.3 14 150   M    M   9 1      18 160
 4  39  29  34  -4  31   0 0.23  1.3    4 12.8 22 330   M    M   8 1      28 310
 5  31  21  26 -13  39   0 0.00  0.0    T 12.1 21 240   M    M   3        26 290
 6  27  18  23 -16  42   0    T    T    T 14.4 25 270   M    M   4        34 280
 7  32  15  24 -15  41   0    T    T    T 10.1 23 260   M    M   5        30 270
 8  39  20  30 -10  35   0 0.00  0.0    T  4.6 12 160   M    M   8        17 160
 9  49  33  41   1  24   0 0.00  0.0    0  5.7 12 100   M    M   6        16 100
10  42  36  39  -1  26   0 0.77  0.2    T  9.2 20 100   M    M  10 14     29  90
11  55  39  47   7  18   0 0.00  0.0    0 15.0 32 330   M    M   6        39 330
12  45  34  40  -1  25   0 0.00  0.0    0 14.0 25 340   M    M   4        32 320
13  47  28  38  -3  27   0 0.00  0.0    0  5.2 14 130   M    M   6        18 130
14  54  42  48   7  17   0 0.00  0.0    0  5.3 13 120   M    M   8        18 100
15  77  45  61  19   4   0 0.52  0.0    0 12.7 28 220   M    M   8 13     37 250
16  56  37  47   5  18   0 0.00  0.0    0 17.6 30 280   M    M   6        37 310
17  46  30  38  -4  27   0 0.00  0.0    0  9.7 20 280   M    M   3        26 270
18  47  30  39  -4  26   0 0.00  0.0    0  5.7 15 330   M    M   4        20 270
19  51  29  40  -3  25   0 0.00  0.0    0  6.3 18 270   M    M   2        23 270
20  52  34  43   0  22   0 0.00  0.0    0  6.2 16 160   M    M   5        25 160
================================================================================
SM  908  607       538   0  2.74     9.9 191.2          M      124
================================================================================
AV 45.4 30.4                               9.6 FASTST   M    M   6    MAX(MPH)
                                 MISC ---->  # 32 330               # 39  330
================================================================================
NOTES:
# LAST OF SEVERAL OCCURRENCES

COLUMN 17 PEAK WIND IN M.P.H.

PRELIMINARY LOCAL CLIMATOLOGICAL DATA (WS FORM: F-6) , PAGE 2

                                          STATION:  NEWARK NJ
                                          MONTH:    MARCH
                                          YEAR:     2019
                                          LATITUDE:   40 42 N
                                          LONGITUDE:  74 10 W

[TEMPERATURE DATA]      [PRECIPITATION DATA]       SYMBOLS USED IN COLUMN 16

AVERAGE MONTHLY: 37.9   TOTAL FOR MONTH:   2.74    1 = FOG OR MIST
DPTR FM NORMAL:  -2.5   DPTR FM NORMAL:    0.15    2 = FOG REDUCING VISIBILITY
HIGHEST:    77 ON 15    GRTST 24HR  0.77 ON 10-10      TO 1/4 MILE OR LESS
LOWEST:     15 ON  7                               3 = THUNDER
                        SNOW, ICE PELLETS, HAIL    4 = ICE PELLETS
                        TOTAL MONTH:   9.9 INCHES  5 = HAIL
                        GRTST 24HR   4.5 ON  2- 2  6 = FREEZING RAIN OR DRIZZLE
                        GRTST DEPTH:   4 ON  4, 2  7 = DUSTSTORM OR SANDSTORM:
                                                       VSBY 1/2 MILE OR LESS
                                                   8 = SMOKE OR HAZE
[NO. OF DAYS WITH]      [WEATHER - DAYS WITH]      9 = BLOWING SNOW
                                                   X = TORNADO
MAX 32 OR BELOW:   3    0.01 INCH OR MORE:   6
MAX 90 OR ABOVE:   0    0.10 INCH OR MORE:   5
MIN 32 OR BELOW:  12    0.50 INCH OR MORE:   4
MIN  0 OR BELOW:   0    1.00 INCH OR MORE:   0

[HDD (BASE 65) ]
TOTAL THIS MO.   538    CLEAR  (SCALE 0-3)   3
DPTR FM NORMAL    45    PTCLDY (SCALE 4-7)  13
TOTAL FM JUL 1  4095    CLOUDY (SCALE 8-10)  4
DPTR FM NORMAL   -33

[CDD (BASE 65) ]
TOTAL THIS MO.     0
DPTR FM NORMAL     0    [PRESSURE DATA]
TOTAL FM JAN 1     0    HIGHEST SLP M ON M
DPTR FM NORMAL     0    LOWEST  SLP 29.58 ON 15

[REMARKS]
