000
CXUS51 KOKX 210702
CF6EWR
PRELIMINARY LOCAL CLIMATOLOGICAL DATA (WS FORM: F-6)

                                          STATION:   NEWARK NJ
                                          MONTH:     JANUARY
                                          YEAR:      2020
                                          LATITUDE:   40 42 N
                                          LONGITUDE:  74 10 W

  TEMPERATURE IN F:       :PCPN:    SNOW:  WIND      :SUNSHINE: SKY     :PK WND
================================================================================
1   2   3   4   5  6A  6B    7    8   9   10  11  12  13   14  15   16   17  18
                                     12Z  AVG MX 2MIN
DY MAX MIN AVG DEP HDD CDD  WTR  SNW DPTH SPD SPD DIR MIN PSBL S-S WX    SPD DR
================================================================================

 1  41  29  35   3  30   0    T    T    0 13.7 26 270   M    M   7        32 290
 2  50  26  38   6  27   0 0.00  0.0    0  7.4 20 220   M    M   5        26 190
 3  48  44  46  14  19   0 0.11  0.0    0  6.2 12 240   M    M  10 1      15 250
 4  52  41  47  15  18   0 0.21  0.0    M  5.9 22 310   M    M  10 12     31 320
 5  45  35  40   8  25   0    T    T    0 16.3 32 320   M    M   8        42 290
 6  46  31  39   7  26   0 0.03  0.9    1 10.2 21 260   M    M   7 1      26 260
 7  44  33  39   7  26   0    T    T    0  7.1 17 290   M    M   9        23 300
 8  45  28  37   5  28   0    T    T    0 16.9 35 300   M    M   4        46 310
 9  34  23  29  -3  36   0 0.00  0.0    0  8.4 29 320   M    M   5        35 310
10  55  30  43  11  22   0 0.00  0.0    0  8.6 21 230   M    M   9        25 230
11  70  48  59  28   6   0 0.00  0.0    0 12.3 30 200   M    M   9        40 200
12  69  44  57  26   8   0 0.04  0.0    0 19.6 37 270   M    M   7        48 270
13  46  35  41  10  24   0    T  0.0    0  6.4 16  20   M    M   9        20  20
14  46  36  41  10  24   0 0.02  0.0    0  4.5  8  10   M    M  10 1       M  M
15  53  41  47  16  18   0 0.00  0.0    0  6.9 16 290   M    M   6 18     20 320
16  50  34  42  11  23   0 0.05    T    0 16.7 38 310   M    M   7 1      51 290
17  34  21  28  -3  37   0 0.00  0.0    0 17.3 36 320   M    M   4        47 330
18  36  20  28  -3  37   0 0.31  1.8    0  7.9 23 240   M    M  10 146    26 240
19  45  28  37   6  28   0    T  0.0    T 14.9 28 320   M    M   7        35 320
20  33  21  27  -4  38   0 0.00  0.0    0 15.1 25 330   M    M   1        33 330
================================================================================
SM  942  648       500   0  0.77     2.7 222.3          M      144
================================================================================
AV 47.1 32.4                              11.1 FASTST   M    M   7    MAX(MPH)
                                 MISC ---->  # 38 310               # 51  290
================================================================================
NOTES:
# LAST OF SEVERAL OCCURRENCES

COLUMN 17 PEAK WIND IN M.P.H.

PRELIMINARY LOCAL CLIMATOLOGICAL DATA (WS FORM: F-6) , PAGE 2

                                          STATION:  NEWARK NJ
                                          MONTH:    JANUARY
                                          YEAR:     2020
                                          LATITUDE:   40 42 N
                                          LONGITUDE:  74 10 W

[TEMPERATURE DATA]      [PRECIPITATION DATA]       SYMBOLS USED IN COLUMN 16

AVERAGE MONTHLY: 39.8   TOTAL FOR MONTH:   0.77    1 = FOG OR MIST
DPTR FM NORMAL:   8.2   DPTR FM NORMAL:   -1.58    2 = FOG REDUCING VISIBILITY
HIGHEST:    70 ON 11    GRTST 24HR  0.31 ON 18-18      TO 1/4 MILE OR LESS
LOWEST:     20 ON 18                               3 = THUNDER
                        SNOW, ICE PELLETS, HAIL    4 = ICE PELLETS
                        TOTAL MONTH:   2.7 INCHES  5 = HAIL
                        GRTST 24HR   1.8 ON 18-18  6 = FREEZING RAIN OR DRIZZLE
                        GRTST DEPTH:   1 ON  6     7 = DUSTSTORM OR SANDSTORM:
                                                       VSBY 1/2 MILE OR LESS
                                                   8 = SMOKE OR HAZE
[NO. OF DAYS WITH]      [WEATHER - DAYS WITH]      9 = BLOWING SNOW
                                                   X = TORNADO
MAX 32 OR BELOW:   0    0.01 INCH OR MORE:   7
MAX 90 OR ABOVE:   0    0.10 INCH OR MORE:   3
MIN 32 OR BELOW:  10    0.50 INCH OR MORE:   0
MIN  0 OR BELOW:   0    1.00 INCH OR MORE:   0

[HDD (BASE 65) ]
TOTAL THIS MO.   500    CLEAR  (SCALE 0-3)   1
DPTR FM NORMAL  -170    PTCLDY (SCALE 4-7)  11
TOTAL FM JUL 1  2175    CLOUDY (SCALE 8-10)  8
DPTR FM NORMAL  -245

[CDD (BASE 65) ]
TOTAL THIS MO.     0
DPTR FM NORMAL     0    [PRESSURE DATA]
TOTAL FM JAN 1     0    HIGHEST SLP M ON M
DPTR FM NORMAL     0    LOWEST  SLP 29.52 ON  4

[REMARKS]
