000
CXUS51 KOKX 230910
CF6EWR
PRELIMINARY LOCAL CLIMATOLOGICAL DATA (WS FORM: F-6)

                                          STATION:   NEWARK NJ
                                          MONTH:     MAY
                                          YEAR:      2022
                                          LATITUDE:   40 42 N
                                          LONGITUDE:  74 10 W

  TEMPERATURE IN F:       :PCPN:    SNOW:  WIND      :SUNSHINE: SKY     :PK WND
================================================================================
1   2   3   4   5  6A  6B    7    8   9   10  11  12  13   14  15   16   17  18
                                     12Z  AVG MX 2MIN
DY MAX MIN AVG DEP HDD CDD  WTR  SNW DPTH SPD SPD DIR MIN PSBL S-S WX    SPD DR
================================================================================

 1  69  43  56  -3   9   0    T  0.0    0  7.1 16 120   M    M   6        19 120
 2  58  53  56  -3   9   0 0.22  0.0    0  7.6 20 130   M    M  10 138    28 130
 3  65  51  58  -2   7   0    T  0.0    0  9.6 17  20   M    M   8 1      21 130
 4  68  51  60   0   5   0 0.15  0.0    0  5.7 14 260   M    M   9 18     19 250
 5  75  58  67   7   0   2 0.00  0.0    0  8.6 17 360   M    M   8        21 360
 6  61  51  56  -4   9   0 0.94  0.0    0  5.7 14  50   M    M  10 1      18  50
 7  54  47  51 -10  14   0 1.21  0.0    0 15.0 25  40   M    M  10 1      34  70
 8  62  46  54  -7  11   0    T  0.0    0 15.4 30  40   M    M   9        37  40
 9  72  46  59  -2   6   0 0.00  0.0    0 15.5 29  40   M    M   3        41  30
10  75  50  63   1   2   0 0.00  0.0    0 12.2 22  30   M    M   3        30  40
11  78  53  66   4   0   1 0.00  0.0    0 10.3 22  20   M    M   6        27  30
12  76  57  67   5   0   2    T  0.0    0  5.8 13  30   M    M   7 1      18  30
13  75  59  67   5   0   2 0.17  0.0    0  5.0 13  30   M    M  10 18     16  40
14  71  60  66   3   0   1 0.29  0.0    0  3.4 13 140   M    M  10 1      19 150
15  80  60  70   7   0   5 0.21  0.0    0  4.9 14 150   M    M   9 12     18 150
16  83  63  73  10   0   8 0.11  0.0    0  9.9 25 270   M    M   8 38     34 290
17  81  57  69   5   0   4 0.00  0.0    0 15.7 31 260   M    M   2        40 270
18  76  57  67   3   0   2    T  0.0    M  9.9 20 330   M    M   6        26 320
19  70  56  63  -1   2   0 0.91  0.0    0  5.3 12 230   M    M   8 1      16 130
20  70  57  64   0   1   0 0.32  0.0    0  5.3 15  90   M    M   9 138    20 110
21  95  63  79  14   0  14 0.00  0.0    0  7.3 20 230   M    M   5 18     24 240
22  95  73  84  19   0  19 0.00  0.0    0 11.3 22 240   M    M   6 3      28 250
================================================================================
SM 1609 1211        75  60  4.53  0.0    196.5          M      162
================================================================================
AV 73.1 55.0                               8.9 FASTST   M    M   7    MAX(MPH)
                                 MISC ---->    31 260                 41  30
================================================================================
NOTES:
# LAST OF SEVERAL OCCURRENCES

COLUMN 17 PEAK WIND IN M.P.H.

PRELIMINARY LOCAL CLIMATOLOGICAL DATA (WS FORM: F-6) , PAGE 2

                                          STATION:   NEWARK NJ
                                          MONTH:     MAY
                                          YEAR:      2022
                                          LATITUDE:   40 42 N
                                          LONGITUDE:  74 10 W

[TEMPERATURE DATA]      [PRECIPITATION DATA]       SYMBOLS USED IN COLUMN 16

AVERAGE MONTHLY: 64.1   TOTAL FOR MONTH:   4.53    1 = FOG OR MIST
DPTR FM NORMAL:   2.1   DPTR FM NORMAL:    1.82    2 = FOG REDUCING VISIBILITY
HIGHEST:    95 ON 22,21  GRTST 24HR  1.82 ON  6- 7      TO 1/4 MILE OR LESS
LOWEST:     43 ON  1                               3 = THUNDER
                        SNOW, ICE PELLETS, HAIL    4 = ICE PELLETS
                        TOTAL MONTH:   0.0 INCH    5 = HAIL
                        GRTST 24HR  0.0            6 = FREEZING RAIN OR DRIZZLE
                        GRTST DEPTH:  0            7 = DUSTSTORM OR SANDSTORM:
                                                       VSBY 1/2 MILE OR LESS
                                                   8 = SMOKE OR HAZE
[NO. OF DAYS WITH]      [WEATHER - DAYS WITH]      9 = BLOWING SNOW
                                                   X = TORNADO
MAX 32 OR BELOW:   0    0.01 INCH OR MORE:  10
MAX 90 OR ABOVE:   2    0.10 INCH OR MORE:  10
MIN 32 OR BELOW:   0    0.50 INCH OR MORE:   3
MIN  0 OR BELOW:   0    1.00 INCH OR MORE:   1

[HDD (BASE 65) ]
TOTAL THIS MO.    75    CLEAR  (SCALE 0-3)   1
DPTR FM NORMAL   -28    PTCLDY (SCALE 4-7)  11
TOTAL FM JUL 1  4190    CLOUDY (SCALE 8-10) 10
DPTR FM NORMAL  -476

[CDD (BASE 65) ]
TOTAL THIS MO.    60
DPTR FM NORMAL    24    [PRESSURE DATA]
TOTAL FM JAN 1    67    HIGHEST SLP M ON M
DPTR FM NORMAL    16    LOWEST  SLP 29.52 ON 16

[REMARKS]
