000
CXUS51 KOKX 220703
CF6EWR
PRELIMINARY LOCAL CLIMATOLOGICAL DATA (WS FORM: F-6)

                                          STATION:   NEWARK NJ
                                          MONTH:     APRIL
                                          YEAR:      2018
                                          LATITUDE:   40 42 N
                                          LONGITUDE:  74 10 W

  TEMPERATURE IN F:       :PCPN:    SNOW:  WIND      :SUNSHINE: SKY     :PK WND
================================================================================
1   2   3   4   5  6A  6B    7    8   9   10  11  12  13   14  15   16   17  18
                                     12Z  AVG MX 2MIN
DY MAX MIN AVG DEP HDD CDD  WTR  SNW DPTH SPD SPD DIR MIN PSBL S-S WX    SPD DR
================================================================================

 1  63  40  52   4  13   0    T  0.0    0 11.7 23 300   M    M   8        28 300
 2  45  32  39  -9  26   0 0.56  5.0    4  6.9 24 350   M    M   9 12     29 350
 3  43  34  39  -9  26   0 0.23  0.0    1  4.9 13 360   M    M   9 18     16 360
 4  57  39  48  -1  17   0 0.06  0.0    0 15.9 44 270   M    M   8 12     54 260
 5  48  33  41  -8  24   0 0.00  0.0    0 16.4 30 300   M    M   4        39 300
 6  64  35  50   1  15   0 0.07  0.0    0  9.7 31 230   M    M   9 1      40 230
 7  49  37  43  -7  22   0 0.00  0.0    0 12.7 21 320   M    M   9        28 320
 8  48  31  40 -10  25   0 0.00  0.0    0 14.4 25 310   M    M   6        33 290
 9  50  31  41 -10  24   0    T  0.0    0  8.2 20 190   M    M   8        26 330
10  52  37  45  -6  20   0    T  0.0    0  9.1 17 310   M    M   8 18     24 310
11  54  32  43  -8  22   0    T  0.0    0  6.3 16 160   M    M   5        23 250
12  62  42  52   0  13   0 0.00  0.0    0  6.9 20 210   M    M   7        28 210
13  84  58  71  19   0   6 0.00  0.0    0 15.0 24 230   M    M   6        31 230
14  81  44  63  11   2   0    T  0.0    0 11.9 20  70   M    M   5 18     27  70
15  45  39  42 -11  23   0 0.44  0.0    0 14.4 21  50   M    M  10 1      28  50
16  61  40  51  -2  14   0 2.99  0.0    0 16.1 30 250   M    M   9 13     39  70
17  49  39  44 -10  21   0 0.00  0.0    0 16.0 28 280   M    M   9        32 260
18  55  38  47  -7  18   0 0.00  0.0    0 13.1 24 270   M    M   6        29 250
19  49  37  43 -11  22   0 0.12  0.0    0 12.3 25 320   M    M   8 1      34 300
20  53  37  45  -9  20   0 0.00  0.0    0 16.8 26 320   M    M   3        36 320
21  64  37  51  -4  14   0 0.00  0.0    0 10.0 18 330   M    M   6        28 310
================================================================================
SM 1176  792       381   6  4.47     5.0 248.7          M      152
================================================================================
AV 56.0 37.7                              11.8 FASTST   M    M   7    MAX(MPH)
                                 MISC ---->  # 44 270               # 54  260
================================================================================
NOTES:
# LAST OF SEVERAL OCCURRENCES

COLUMN 17 PEAK WIND IN M.P.H.

PRELIMINARY LOCAL CLIMATOLOGICAL DATA (WS FORM: F-6) , PAGE 2

                                          STATION:  NEWARK NJ
                                          MONTH:    APRIL
                                          YEAR:     2018
                                          LATITUDE:   40 42 N
                                          LONGITUDE:  74 10 W

[TEMPERATURE DATA]      [PRECIPITATION DATA]       SYMBOLS USED IN COLUMN 16

AVERAGE MONTHLY: 46.9   TOTAL FOR MONTH:   4.47    1 = FOG OR MIST
DPTR FM NORMAL:  -4.4   DPTR FM NORMAL:    1.46    2 = FOG REDUCING VISIBILITY
HIGHEST:    84 ON 13    GRTST 24HR  2.99 ON 16-16      TO 1/4 MILE OR LESS
LOWEST:     31 ON  9, 8                            3 = THUNDER
                        SNOW, ICE PELLETS, HAIL    4 = ICE PELLETS
                        TOTAL MONTH:   5.0 INCHES  5 = HAIL
                        GRTST 24HR   5.0 ON  2- 2  6 = FREEZING RAIN OR DRIZZLE
                        GRTST DEPTH:   4 ON  2     7 = DUSTSTORM OR SANDSTORM:
                                                       VSBY 1/2 MILE OR LESS
                                                   8 = SMOKE OR HAZE
[NO. OF DAYS WITH]      [WEATHER - DAYS WITH]      9 = BLOWING SNOW
                                                   X = TORNADO
MAX 32 OR BELOW:   0    0.01 INCH OR MORE:   7
MAX 90 OR ABOVE:   0    0.10 INCH OR MORE:   5
MIN 32 OR BELOW:   4    0.50 INCH OR MORE:   2
MIN  0 OR BELOW:   0    1.00 INCH OR MORE:   1

[HDD (BASE 65) ]
TOTAL THIS MO.   381    CLEAR  (SCALE 0-3)   1
DPTR FM NORMAL    86    PTCLDY (SCALE 4-7)  12
TOTAL FM JUL 1  4464    CLOUDY (SCALE 8-10)  8
DPTR FM NORMAL  -175

[CDD (BASE 65) ]
TOTAL THIS MO.     6
DPTR FM NORMAL     6    [PRESSURE DATA]
TOTAL FM JAN 1     9    HIGHEST SLP M ON M
DPTR FM NORMAL     8    LOWEST  SLP 29.39 ON 16

[REMARKS]
