000
CXUS51 KOKX 210703
CF6EWR
PRELIMINARY LOCAL CLIMATOLOGICAL DATA (WS FORM: F-6)

                                          STATION:   NEWARK NJ
                                          MONTH:     NOVEMBER
                                          YEAR:      2018
                                          LATITUDE:   40 42 N
                                          LONGITUDE:  74 10 W

  TEMPERATURE IN F:       :PCPN:    SNOW:  WIND      :SUNSHINE: SKY     :PK WND
================================================================================
1   2   3   4   5  6A  6B    7    8   9   10  11  12  13   14  15   16   17  18
                                     12Z  AVG MX 2MIN
DY MAX MIN AVG DEP HDD CDD  WTR  SNW DPTH SPD SPD DIR MIN PSBL S-S WX    SPD DR
================================================================================

 1  73  52  63  11   2   0 0.00  0.0    0  6.7 18 190   M    M   8        26 190
 2  73  65  69  18   0   4 0.07  0.0    0 11.5 22 190   M    M  10 1      28 210
 3  67  46  57   6   8   0 0.43  0.0    0 15.1 37 260   M    M   5 18     44 270
 4  56  39  48  -3  17   0 0.00  0.0    0  5.1 15 340   M    M   4        18 330
 5  54  49  52   2  13   0 0.29  0.0    0  9.8 17  20   M    M  10 18     25  70
 6  59  49  54   4  11   0 0.68  0.0    0  7.2 22 300   M    M  10 12     29 290
 7  63  45  54   4  11   0 0.00  0.0    0 12.7 23 240   M    M   4        29 240
 8  58  40  49   0  16   0 0.00  0.0    0  8.5 18 280   M    M   5        23 300
 9  52  36  44  -5  21   0 0.97  0.0    0  9.0 17  50   M    M   7 1      23  90
10  49  32  41  -8  24   0 0.03  0.0    0 14.7 32 280   M    M   2 1      40 270
11  48  28  38 -10  27   0 0.00  0.0    0  7.9 18 320   M    M   1        21 320
12  49  30  40  -8  25   0 0.06  0.0    0  3.0  9 360   M    M   6 1      13 200
13  50  43  47  -1  18   0 0.90  0.0    0 12.4 22 320   M    M  10 1      32 290
14  43  31  37 -10  28   0 0.00  0.0    0 14.3 26 330   M    M   9        34 280
15  40  28  34 -13  31   0 1.06  6.4    0 13.8 30  60   M    M  10 146    42  50
16  46  34  40  -7  25   0 0.33    T    3 16.7 30 320   M    M   6 14     38 300
17  49  34  42  -4  23   0 0.00  0.0    0 10.7 22 270   M    M   7        25 270
18  44  37  41  -5  24   0 0.00  0.0    0  4.4 14 320   M    M   9        18 330
19  52  37  45  -1  20   0 0.00  0.0    0  3.5 10  20   M    M   9 18     17 300
20  49  39  44  -1  21   0    T  0.0    0 10.6 24 300   M    M   8 18     31 290
================================================================================
SM 1074  794       365   4  4.82     6.4 197.6          M      140
================================================================================
AV 53.7 39.7                               9.9 FASTST   M    M   7    MAX(MPH)
                                 MISC ---->  # 37 260               # 44  270
================================================================================
NOTES:
# LAST OF SEVERAL OCCURRENCES

COLUMN 17 PEAK WIND IN M.P.H.

PRELIMINARY LOCAL CLIMATOLOGICAL DATA (WS FORM: F-6) , PAGE 2

                                          STATION:  NEWARK NJ
                                          MONTH:    NOVEMBER
                                          YEAR:     2018
                                          LATITUDE:   40 42 N
                                          LONGITUDE:  74 10 W

[TEMPERATURE DATA]      [PRECIPITATION DATA]       SYMBOLS USED IN COLUMN 16

AVERAGE MONTHLY: 46.7   TOTAL FOR MONTH:   4.82    1 = FOG OR MIST
DPTR FM NORMAL:  -1.8   DPTR FM NORMAL:    2.45    2 = FOG REDUCING VISIBILITY
HIGHEST:    73 ON  2, 1 GRTST 24HR  1.06 ON 15-15      TO 1/4 MILE OR LESS
LOWEST:     28 ON 15,11                            3 = THUNDER
                        SNOW, ICE PELLETS, HAIL    4 = ICE PELLETS
                        TOTAL MONTH:   6.4 INCHES  5 = HAIL
                        GRTST 24HR   6.4 ON 15-15  6 = FREEZING RAIN OR DRIZZLE
                        GRTST DEPTH:   3 ON 16     7 = DUSTSTORM OR SANDSTORM:
                                                       VSBY 1/2 MILE OR LESS
                                                   8 = SMOKE OR HAZE
[NO. OF DAYS WITH]      [WEATHER - DAYS WITH]      9 = BLOWING SNOW
                                                   X = TORNADO
MAX 32 OR BELOW:   0    0.01 INCH OR MORE:  10
MAX 90 OR ABOVE:   0    0.10 INCH OR MORE:   7
MIN 32 OR BELOW:   5    0.50 INCH OR MORE:   4
MIN  0 OR BELOW:   0    1.00 INCH OR MORE:   1

[HDD (BASE 65) ]
TOTAL THIS MO.   365    CLEAR  (SCALE 0-3)   2
DPTR FM NORMAL    34    PTCLDY (SCALE 4-7)   9
TOTAL FM JUL 1   675    CLOUDY (SCALE 8-10)  9
DPTR FM NORMAL    23

[CDD (BASE 65) ]
TOTAL THIS MO.     4
DPTR FM NORMAL     4    [PRESSURE DATA]
TOTAL FM JAN 1  1511    HIGHEST SLP M ON M
DPTR FM NORMAL   320    LOWEST  SLP 29.44 ON 16

[REMARKS]
