000
CXUS51 KOKX 200703
CF6EWR
PRELIMINARY LOCAL CLIMATOLOGICAL DATA (WS FORM: F-6)

                                          STATION:   NEWARK NJ
                                          MONTH:     JULY
                                          YEAR:      2019
                                          LATITUDE:   40 42 N
                                          LONGITUDE:  74 10 W

  TEMPERATURE IN F:       :PCPN:    SNOW:  WIND      :SUNSHINE: SKY     :PK WND
================================================================================
1   2   3   4   5  6A  6B    7    8   9   10  11  12  13   14  15   16   17  18
                                     12Z  AVG MX 2MIN
DY MAX MIN AVG DEP HDD CDD  WTR  SNW DPTH SPD SPD DIR MIN PSBL S-S WX    SPD DR
================================================================================

 1  88  66  77   1   0  12 0.00  0.0    0  9.6 17 240   M    M   3        25 270
 2  90  67  79   3   0  14    T  0.0    0  8.8 17 260   M    M   7        23 270
 3  87  77  82   5   0  17    T  0.0    0  4.4 12 330   M    M   8        14 330
 4  89  74  82   5   0  17 0.00  0.0    0  5.8 14 160   M    M   5        19 160
 5  83  74  79   2   0  14 0.00  0.0    0  6.5 15 160   M    M   8        19 170
 6  92  77  85   8   0  20 0.03  0.0    0  8.2 25 230   M    M   8 3      32 230
 7  87  72  80   3   0  15 0.00  0.0    0  9.1 17 130   M    M   7        23 140
 8  80  69  75  -2   0  10 0.03  0.0    0  4.4 10 200   M    M   7 1      13 270
 9  91  67  79   2   0  14 0.00  0.0    0  7.6 16 290   M    M   3        20 250
10  92  72  82   5   0  17 0.00  0.0    0  8.1 17 200   M    M   7        22 270
11  86  72  79   2   0  14 1.48  0.0    0  7.9 15 160   M    M   8 13     23 160
12  90  71  81   3   0  16 0.00  0.0    0 11.0 22 330   M    M   5        29 320
13  89  71  80   2   0  15 0.00  0.0    0  9.0 16 260   M    M   2        23 260
14  92  72  82   4   0  17 0.00  0.0    0 11.5 20 280   M    M   4        27 280
15  89  70  80   2   0  15 0.00  0.0    0  8.5 16 260   M    M   7        22 280
16  93  72  83   5   0  18 0.00  0.0    0  8.9 18 250   M    M   7 8      23 250
17  97  74  86   8   0  21 0.96  0.0    0  8.7 38 310   M    M   8 13     47 320
18  84  72  78   0   0  13 0.33  0.0    0  6.7 14  30   M    M  10 13     16  30
19  95  72  84   6   0  19 0.00  0.0    0  8.6 20 250   M    M   7        25 250
================================================================================
SM 1694 1361         0 298  2.83     0.0 153.3          M      121
================================================================================
AV 89.2 71.6                               8.1 FASTST   M    M   6    MAX(MPH)
                                 MISC ---->  # 38 310               # 47  320
================================================================================
NOTES:
# LAST OF SEVERAL OCCURRENCES

COLUMN 17 PEAK WIND IN M.P.H.

PRELIMINARY LOCAL CLIMATOLOGICAL DATA (WS FORM: F-6) , PAGE 2

                                          STATION:  NEWARK NJ
                                          MONTH:    JULY
                                          YEAR:     2019
                                          LATITUDE:   40 42 N
                                          LONGITUDE:  74 10 W

[TEMPERATURE DATA]      [PRECIPITATION DATA]       SYMBOLS USED IN COLUMN 16

AVERAGE MONTHLY: 80.4   TOTAL FOR MONTH:   2.83    1 = FOG OR MIST
DPTR FM NORMAL:   3.1   DPTR FM NORMAL:    0.04    2 = FOG REDUCING VISIBILITY
HIGHEST:    97 ON 17    GRTST 24HR  1.48 ON 11-11      TO 1/4 MILE OR LESS
LOWEST:     66 ON  1                               3 = THUNDER
                        SNOW, ICE PELLETS, HAIL    4 = ICE PELLETS
                        TOTAL MONTH:   0.0 INCH    5 = HAIL
                        GRTST 24HR     0.0         6 = FREEZING RAIN OR DRIZZLE
                        GRTST DEPTH:   0           7 = DUSTSTORM OR SANDSTORM:
                                                       VSBY 1/2 MILE OR LESS
                                                   8 = SMOKE OR HAZE
[NO. OF DAYS WITH]      [WEATHER - DAYS WITH]      9 = BLOWING SNOW
                                                   X = TORNADO
MAX 32 OR BELOW:   0    0.01 INCH OR MORE:   5
MAX 90 OR ABOVE:   9    0.10 INCH OR MORE:   3
MIN 32 OR BELOW:   0    0.50 INCH OR MORE:   2
MIN  0 OR BELOW:   0    1.00 INCH OR MORE:   1

[HDD (BASE 65) ]
TOTAL THIS MO.     0    CLEAR  (SCALE 0-3)   3
DPTR FM NORMAL     0    PTCLDY (SCALE 4-7)  15
TOTAL FM JUL 1     0    CLOUDY (SCALE 8-10)  1
DPTR FM NORMAL     0

[CDD (BASE 65) ]
TOTAL THIS MO.   298
DPTR FM NORMAL    63    [PRESSURE DATA]
TOTAL FM JAN 1   625    HIGHEST SLP M ON M
DPTR FM NORMAL    75    LOWEST  SLP 29.70 ON 12

[REMARKS]
