000
CXUS51 KOKX 230702
CF6EWR
PRELIMINARY LOCAL CLIMATOLOGICAL DATA (WS FORM: F-6)

                                          STATION:   NEWARK NJ
                                          MONTH:     OCTOBER
                                          YEAR:      2019
                                          LATITUDE:   40 42 N
                                          LONGITUDE:  74 10 W

  TEMPERATURE IN F:       :PCPN:    SNOW:  WIND      :SUNSHINE: SKY     :PK WND
================================================================================
1   2   3   4   5  6A  6B    7    8   9   10  11  12  13   14  15   16   17  18
                                     12Z  AVG MX 2MIN
DY MAX MIN AVG DEP HDD CDD  WTR  SNW DPTH SPD SPD DIR MIN PSBL S-S WX    SPD DR
================================================================================

 1  84  63  74  12   0   9 0.00  0.0    0 10.9 20 230   M    M   8        26 220
 2  96  67  82  20   0  17 0.58  0.0    0 13.7 25 270   M    M   7 1      32 260
 3  67  55  61   0   4   0 0.49  0.0    0  9.8 22  10   M    M  10 1      25  10
 4  68  49  59  -2   6   0    T  0.0    0 14.1 32 320   M    M   5 1      40 320
 5  60  43  52  -8  13   0 0.00  0.0    0  7.8 17 360   M    M   3        23 350
 6  71  59  65   5   0   0    T  0.0    0  8.8 16 200   M    M  10        22 200
 7  80  59  70  10   0   5 0.29  0.0    0 12.5 23 200   M    M   9 1      33 200
 8  65  58  62   3   3   0 0.03  0.0    0 13.1 21  20   M    M   9 1      25  20
 9  59  52  56  -3   9   0 0.26  0.0    0 15.4 23 360   M    M  10 1      29  40
10  73  53  63   4   2   0    T  0.0    0 17.4 26  30   M    M   7        33 350
11  65  54  60   2   5   0    T  0.0    0 16.3 26  20   M    M   7        37  40
12  70  55  63   5   2   0 0.00  0.0    0  7.3 14  10   M    M   7        24 270
13  67  52  60   2   5   0 0.00  0.0    0  6.0 12  30   M    M   6        16 300
14  75  58  67  10   0   2 0.00  0.0    0  7.6 20 270   M    M   5        25 270
15  66  51  59   2   6   0 0.00  0.0    0  5.6 14 360   M    M   3        18 360
16  66  50  58   2   7   0 2.13  0.0    0 11.9 38 290   M    M   8 1      49 270
17  60  51  56   0   9   0 0.00  0.0    0 22.5 38 260   M    M   8        52 280
18  61  47  54  -2  11   0 0.00  0.0    0 14.1 25 330   M    M   5        33 300
19  63  40  52  -4  13   0 0.00  0.0    0  4.9 13 230   M    M   4        17 270
20  58  44  51  -4  14   0 0.66  0.0    0  3.8  7  60   M    M   9 1       7  60
21  69  49  59   4   6   0    T  0.0    0  5.6 15  20   M    M   4        18  10
22  64  53  59   5   6   0 0.51  0.0    0  8.9 17 100   M    M  10 1      23 110
================================================================================
SM 1507 1162       121  33  4.95     0.0 238.0          M      154
================================================================================
AV 68.5 52.8                              10.8 FASTST   M    M   7    MAX(MPH)
                                 MISC ---->  # 38 290               # 52  280
================================================================================
NOTES:
# LAST OF SEVERAL OCCURRENCES

COLUMN 17 PEAK WIND IN M.P.H.

PRELIMINARY LOCAL CLIMATOLOGICAL DATA (WS FORM: F-6) , PAGE 2

                                          STATION:  NEWARK NJ
                                          MONTH:    OCTOBER
                                          YEAR:     2019
                                          LATITUDE:   40 42 N
                                          LONGITUDE:  74 10 W

[TEMPERATURE DATA]      [PRECIPITATION DATA]       SYMBOLS USED IN COLUMN 16

AVERAGE MONTHLY: 60.7   TOTAL FOR MONTH:   4.95    1 = FOG OR MIST
DPTR FM NORMAL:   2.5   DPTR FM NORMAL:    2.38    2 = FOG REDUCING VISIBILITY
HIGHEST:    96 ON  2    GRTST 24HR  2.13 ON 16-16      TO 1/4 MILE OR LESS
LOWEST:     40 ON 19                               3 = THUNDER
                        SNOW, ICE PELLETS, HAIL    4 = ICE PELLETS
                        TOTAL MONTH:   0.0 INCH    5 = HAIL
                        GRTST 24HR     0.0         6 = FREEZING RAIN OR DRIZZLE
                        GRTST DEPTH:   0           7 = DUSTSTORM OR SANDSTORM:
                                                       VSBY 1/2 MILE OR LESS
                                                   8 = SMOKE OR HAZE
[NO. OF DAYS WITH]      [WEATHER - DAYS WITH]      9 = BLOWING SNOW
                                                   X = TORNADO
MAX 32 OR BELOW:   0    0.01 INCH OR MORE:   8
MAX 90 OR ABOVE:   1    0.10 INCH OR MORE:   7
MIN 32 OR BELOW:   0    0.50 INCH OR MORE:   4
MIN  0 OR BELOW:   0    1.00 INCH OR MORE:   1

[HDD (BASE 65) ]
TOTAL THIS MO.   121    CLEAR  (SCALE 0-3)   2
DPTR FM NORMAL   -46    PTCLDY (SCALE 4-7)  13
TOTAL FM JUL 1   128    CLOUDY (SCALE 8-10)  7
DPTR FM NORMAL   -84

[CDD (BASE 65) ]
TOTAL THIS MO.    33
DPTR FM NORMAL    19    [PRESSURE DATA]
TOTAL FM JAN 1  1397    HIGHEST SLP M ON M
DPTR FM NORMAL   209    LOWEST  SLP 29.14 ON 16

[REMARKS]
