000
CXUS51 KOKX 230703
CF6EWR
PRELIMINARY LOCAL CLIMATOLOGICAL DATA (WS FORM: F-6)

                                          STATION:   NEWARK NJ
                                          MONTH:     JANUARY
                                          YEAR:      2019
                                          LATITUDE:   40 42 N
                                          LONGITUDE:  74 10 W

  TEMPERATURE IN F:       :PCPN:    SNOW:  WIND      :SUNSHINE: SKY     :PK WND
================================================================================
1   2   3   4   5  6A  6B    7    8   9   10  11  12  13   14  15   16   17  18
                                     12Z  AVG MX 2MIN
DY MAX MIN AVG DEP HDD CDD  WTR  SNW DPTH SPD SPD DIR MIN PSBL S-S WX    SPD DR
================================================================================

 1  58  40  49  17  16   0 0.08  0.0    0 15.0 31 330   M    M   8 1      40 340
 2  41  35  38   6  27   0 0.00  0.0    0  7.2 17 340   M    M   9        21 330
 3  45  32  39   7  26   0    T  0.0    0  8.7 22 330   M    M   8 8      30 310
 4  46  29  38   6  27   0    T  0.0    0  7.6 20 240   M    M   8        25 240
 5  47  41  44  12  21   0 0.61  0.0    0 10.5 22 360   M    M   8 1      27 300
 6  51  31  41   9  24   0 0.00  0.0    0 15.0 30 330   M    M   6        43 290
 7  34  25  30  -2  35   0    T  0.0    0  9.7 25 320   M    M   6        30 340
 8  44  34  39   7  26   0 0.15    T    0  2.5 15 270   M    M  10 13     19 280
 9  46  34  40   8  25   0 0.04    T    0 18.4 33 290   M    M   5 1      42 280
10  36  29  33   1  32   0    T    T    0 19.9 33 300   M    M   7        43 290
11  33  21  27  -4  38   0 0.00  0.0    0 14.9 26 310   M    M   3        34 300
12  35  20  28  -3  37   0 0.00  0.0    0  6.2 13 300   M    M   6        16 300
13  33  23  28  -3  37   0    T  0.1    T 11.5 18  10   M    M   8        23  20
14  34  20  27  -4  38   0 0.00  0.0    0 10.5 18  20   M    M   4        22  20
15  38  20  29  -2  36   0 0.00  0.0    0  5.5 13 340   M    M   4        18 330
16  39  23  31   0  34   0 0.00  0.0    0 10.3 18 320   M    M   7        25 320
17  34  24  29  -2  36   0    T    T    0  7.5 21 330   M    M   8        28 310
18  38  27  33   2  32   0 0.02  0.3    T  6.9 12 250   M    M   9 18     17 250
19  38  28  33   2  32   0 0.45    T    0  7.0 18  90   M    M   9 14     27 100
20  41  13  27  -4  38   0 1.07  0.0    0 16.3 33 290   M    M   8 12     43 330
21  15   4  10 -21  55   0 0.00  0.0    0 23.0 36 290   M    M   4        45 270
22  32  13  23  -8  42   0 0.00  0.0    0  8.5 25 310   M    M   4        30 300
================================================================================
SM  858  566       714   0  2.42     0.4 242.6          M      149
================================================================================
AV 39.0 25.7                              11.0 FASTST   M    M   7    MAX(MPH)
                                 MISC ---->  # 36 290               # 45  270
================================================================================
NOTES:
# LAST OF SEVERAL OCCURRENCES

COLUMN 17 PEAK WIND IN M.P.H.

PRELIMINARY LOCAL CLIMATOLOGICAL DATA (WS FORM: F-6) , PAGE 2

                                          STATION:  NEWARK NJ
                                          MONTH:    JANUARY
                                          YEAR:     2019
                                          LATITUDE:   40 42 N
                                          LONGITUDE:  74 10 W

[TEMPERATURE DATA]      [PRECIPITATION DATA]       SYMBOLS USED IN COLUMN 16

AVERAGE MONTHLY: 32.4   TOTAL FOR MONTH:   2.42    1 = FOG OR MIST
DPTR FM NORMAL:   0.9   DPTR FM NORMAL:   -0.15    2 = FOG REDUCING VISIBILITY
HIGHEST:    58 ON  1    GRTST 24HR  1.29 ON 31- 1      TO 1/4 MILE OR LESS
LOWEST:      4 ON 21                               3 = THUNDER
                        SNOW, ICE PELLETS, HAIL    4 = ICE PELLETS
                        TOTAL MONTH:   0.4 INCH    5 = HAIL
                        GRTST 24HR   0.3 ON 18-18  6 = FREEZING RAIN OR DRIZZLE
                        GRTST DEPTH:   0           7 = DUSTSTORM OR SANDSTORM:
                                                       VSBY 1/2 MILE OR LESS
                                                   8 = SMOKE OR HAZE
[NO. OF DAYS WITH]      [WEATHER - DAYS WITH]      9 = BLOWING SNOW
                                                   X = TORNADO
MAX 32 OR BELOW:   2    0.01 INCH OR MORE:   7
MAX 90 OR ABOVE:   0    0.10 INCH OR MORE:   4
MIN 32 OR BELOW:  17    0.50 INCH OR MORE:   2
MIN  0 OR BELOW:   0    1.00 INCH OR MORE:   1

[HDD (BASE 65) ]
TOTAL THIS MO.   714    CLEAR  (SCALE 0-3)   0
DPTR FM NORMAL   -24    PTCLDY (SCALE 4-7)  13
TOTAL FM JUL 1  2445    CLOUDY (SCALE 8-10)  9
DPTR FM NORMAL   -43

[CDD (BASE 65) ]
TOTAL THIS MO.     0
DPTR FM NORMAL     0    [PRESSURE DATA]
TOTAL FM JAN 1     0    HIGHEST SLP M ON M
DPTR FM NORMAL     0    LOWEST  SLP 29.21 ON 20

[REMARKS]
