000
CXUS53 KIND 180730
CF6EYE
PRELIMINARY LOCAL CLIMATOLOGICAL DATA (WS FORM: F-6)

                                          STATION:   INDIANAPOLIS EAGLE CREEK IN
                                          MONTH:     DECEMBER
                                          YEAR:      2018
                                          LATITUDE:   39 49 N
                                          LONGITUDE:  86 18 W

  TEMPERATURE IN F:       :PCPN:    SNOW:  WIND      :SUNSHINE: SKY     :PK WND
================================================================================
1   2   3   4   5  6A  6B    7    8   9   10  11  12  13   14  15   16   17  18
                                     12Z  AVG MX 2MIN
DY MAX MIN AVG DEP HDD CDD  WTR  SNW DPTH SPD SPD DIR MIN PSBL S-S WX    SPD DR
================================================================================

 1  58  42  50  13  15   0 0.80    M    M 11.6 20 100   M    M  10 1      33 140
 2  58  41  50  14  15   0    T    M    M  9.6 20 240   M    M   6        37 220
 3   M   M   M   M   M   M 0.05    M    M 10.7 14 260   M    M  10 1      25 260
 4  34  30  32  -4  33   0 0.03    M    M  7.4 16 290   M    M  10 1      20 290
 5  30  25  28  -7  37   0 0.01    M    M  7.2 16 280   M    M   8 1      27 280
 6  37  24  31  -4  34   0 0.08    M    M  7.4 15 310   M    M   6 1      23 270
 7  35  18  27  -7  38   0 0.00    M    M  4.9 15 310   M    M   0 1      19 310
 8  28  18  23 -11  42   0 0.00    M    M  6.5 13 350   M    M   1        18  10
 9  36  18  27  -7  38   0 0.00    M    M  6.2 12  10   M    M   0        17  40
10  25  17  21 -12  44   0 0.00    M    M  3.3 13 360   M    M   5 18     15 360
11  44  17  31  -2  34   0 0.00    M    M  6.1 14 240   M    M   0 18     23 240
12  48  28  38   6  27   0 0.00    M    M  5.9 16 210   M    M   1        25 200
13  49  26  38   6  27   0 0.04    M    M  4.4 13 160   M    M   8 18     20 130
14  48  43  46  14  19   0 0.20    M    M  5.1 15  20   M    M   9 1      25  10
15  45  39  42  10  23   0 0.21    M    M 10.8 21 340   M    M   9 1      29 340
16  54  36  45  14  20   0    T    M    M  6.6 16 290   M    M   4 1      19 300
17  43  30  37   6  28   0 0.00    M    M  6.4 14 300   M    M   0        17 340
================================================================================
SM  672  452       474   0  1.42    M    120.1          M       87
================================================================================
AV 42.0 28.3                               7.1 FASTST   M    M   5    MAX(MPH)
                                 MISC ---->  # 21 340               # 37  220
================================================================================
NOTES:
# LAST OF SEVERAL OCCURRENCES

COLUMN 17 PEAK WIND IN M.P.H.

PRELIMINARY LOCAL CLIMATOLOGICAL DATA (WS FORM: F-6) , PAGE 2

                                          STATION:  INDIANAPOLIS EAGLE CREEK IN
                                          MONTH:    DECEMBER
                                          YEAR:     2018
                                          LATITUDE:   39 49 N
                                          LONGITUDE:  86 18 W

[TEMPERATURE DATA]      [PRECIPITATION DATA]       SYMBOLS USED IN COLUMN 16

AVERAGE MONTHLY: 35.1   TOTAL FOR MONTH:   1.42    1 = FOG OR MIST
DPTR FM NORMAL:   1.4   DPTR FM NORMAL:    0.04    2 = FOG REDUCING VISIBILITY
HIGHEST:    58 ON  2, 1 GRTST 24HR  0.80 ON  1- 1      TO 1/4 MILE OR LESS
LOWEST:     17 ON 11,10                            3 = THUNDER
                        SNOW, ICE PELLETS, HAIL    4 = ICE PELLETS
                        TOTAL MONTH:    M          5 = HAIL
                        GRTST 24HR    M  ON   M    6 = FREEZING RAIN OR DRIZZLE
                        GRTST DEPTH:  M  ON   M    7 = DUSTSTORM OR SANDSTORM:
                                                       VSBY 1/2 MILE OR LESS
                                                   8 = SMOKE OR HAZE
[NO. OF DAYS WITH]      [WEATHER - DAYS WITH]      9 = BLOWING SNOW
                                                   X = TORNADO
MAX 32 OR BELOW:   3    0.01 INCH OR MORE:   8
MAX 90 OR ABOVE:   0    0.10 INCH OR MORE:   3
MIN 32 OR BELOW:  11    0.50 INCH OR MORE:   1
MIN  0 OR BELOW:   0    1.00 INCH OR MORE:   0

[HDD (BASE 65) ]
TOTAL THIS MO.   474    CLEAR  (SCALE 0-3)   6
DPTR FM NORMAL   -59    PTCLDY (SCALE 4-7)   5
TOTAL FM JUL 1  1658    CLOUDY (SCALE 8-10)  6
DPTR FM NORMAL   101

[CDD (BASE 65) ]
TOTAL THIS MO.     0
DPTR FM NORMAL     0    [PRESSURE DATA]
TOTAL FM JAN 1  1612    HIGHEST SLP M ON M
DPTR FM NORMAL   554    LOWEST  SLP 29.35 ON  1

[REMARKS]
