000
CXUS53 KIND 240730
CF6EYE
PRELIMINARY LOCAL CLIMATOLOGICAL DATA (WS FORM: F-6)

                                          STATION:   INDIANAPOLIS EAGLE CREEK IN
                                          MONTH:     FEBRUARY
                                          YEAR:      2018
                                          LATITUDE:   39 49 N
                                          LONGITUDE:  86 18 W

  TEMPERATURE IN F:       :PCPN:    SNOW:  WIND      :SUNSHINE: SKY     :PK WND
================================================================================
1   2   3   4   5  6A  6B    7    8   9   10  11  12  13   14  15   16   17  18
                                     12Z  AVG MX 2MIN
DY MAX MIN AVG DEP HDD CDD  WTR  SNW DPTH SPD SPD DIR MIN PSBL S-S WX    SPD DR
================================================================================

 1  44  14  29   0  36   0 0.00    M    M 12.7 23 290   M    M   5        29 330
 2  22  10  16 -13  49   0 0.00    M    M  8.1 20 310   M    M   0        26 310
 3  38  20  29   0  36   0 0.00    M    M 10.0 17 210   M    M  10        26 220
 4  40  14  27  -2  38   0 0.02    M    M 12.0 23 330   M    M  10 16     30 320
 5  26   4  15 -15  50   0 0.02    M    M  5.7 15 310   M    M   4 1      18 310
 6  26  16  21  -9  44   0 0.02    M    M  5.2 10 340   M    M   6 18     13 340
 7  27  16  22  -8  43   0 0.02    M    M  8.7 18 300   M    M   7 18     22 300
 8  30   9  20 -10  45   0    T    M    M  4.6 10 280   M    M   8 18     14 280
 9  52  29  41  11  24   0 0.00    M    M  7.7 15 210   M    M   5 8      23 230
10  34  28  31   0  34   0    T    M    M  9.1 15  20   M    M  10 18     20  40
11  30  21  26  -5  39   0 0.02    M    M  9.9 17 290   M    M  10 168    22 300
12  37  13  25  -6  40   0 0.00    M    M  6.6 14 310   M    M   0        18 320
13  43  21  32   1  33   0 0.00    M    M  7.0 15 210   M    M   3        19 220
14  57  37  47  15  18   0 0.14    M    M  6.1 14 200   M    M   9 1      19 230
15  64  55  60  28   5   0 0.48    M    M  7.4 15 240   M    M  10 1      21 250
16  55  28  42  10  23   0 0.09    M    M  9.1 22 340   M    M   8 128    29 330
17  36  23  30  -2  35   0 0.07    M    M  5.7 25 290   M    M   7 1      37 300
18  46  29  38   5  27   0 0.00    M    M  8.8 20 290   M    M   5        26 290
19  66  43  55  22  10   0 0.53    M    M  8.2 21 210   M    M   9 13     31 220
20  76  65  71  38   0   6    T    M    M 14.3 29 210   M    M   6        41 210
21  70  37  54  20  11   0 1.02    M    M 10.6 31 340   M    M  10 18     41 340
22  46  36  41   7  24   0 0.27    M    M 10.2 20  80   M    M  10 1      24  80
23  57  44  51  17  14   0 0.05    M    M  7.4 21 290   M    M  10 1      25 280
================================================================================
SM 1022  612       678   6  2.75    M    195.1          M      162
================================================================================
AV 44.4 26.6                               8.5 FASTST   M    M   7    MAX(MPH)
                                 MISC ---->  # 31 340               # 41  210
================================================================================
NOTES:
# LAST OF SEVERAL OCCURRENCES

COLUMN 17 PEAK WIND IN M.P.H.

PRELIMINARY LOCAL CLIMATOLOGICAL DATA (WS FORM: F-6) , PAGE 2

                                          STATION:  INDIANAPOLIS EAGLE CREEK IN
                                          MONTH:    FEBRUARY
                                          YEAR:     2018
                                          LATITUDE:   39 49 N
                                          LONGITUDE:  86 18 W

[TEMPERATURE DATA]      [PRECIPITATION DATA]       SYMBOLS USED IN COLUMN 16

AVERAGE MONTHLY: 35.5   TOTAL FOR MONTH:   2.75    1 = FOG OR MIST
DPTR FM NORMAL:   4.3   DPTR FM NORMAL:    1.03    2 = FOG REDUCING VISIBILITY
HIGHEST:    76 ON 20    GRTST 24HR  1.02 ON 21-21      TO 1/4 MILE OR LESS
LOWEST:      4 ON  5                               3 = THUNDER
                        SNOW, ICE PELLETS, HAIL    4 = ICE PELLETS
                        TOTAL MONTH:    M          5 = HAIL
                        GRTST 24HR    M  ON   M    6 = FREEZING RAIN OR DRIZZLE
                        GRTST DEPTH:  M  ON   M    7 = DUSTSTORM OR SANDSTORM:
                                                       VSBY 1/2 MILE OR LESS
                                                   8 = SMOKE OR HAZE
[NO. OF DAYS WITH]      [WEATHER - DAYS WITH]      9 = BLOWING SNOW
                                                   X = TORNADO
MAX 32 OR BELOW:   6    0.01 INCH OR MORE:  13
MAX 90 OR ABOVE:   0    0.10 INCH OR MORE:   5
MIN 32 OR BELOW:  16    0.50 INCH OR MORE:   2
MIN  0 OR BELOW:   0    1.00 INCH OR MORE:   1

[HDD (BASE 65) ]
TOTAL THIS MO.   678    CLEAR  (SCALE 0-3)   3
DPTR FM NORMAL   -98    PTCLDY (SCALE 4-7)   9
TOTAL FM JUL 1  3802    CLOUDY (SCALE 8-10) 11
DPTR FM NORMAL  -175

[CDD (BASE 65) ]
TOTAL THIS MO.     6
DPTR FM NORMAL     6    [PRESSURE DATA]
TOTAL FM JAN 1     6    HIGHEST SLP M ON M
DPTR FM NORMAL     6    LOWEST  SLP 29.69 ON 15

[REMARKS]
