000
CXUS53 KIND 220730
CF6EYE
PRELIMINARY LOCAL CLIMATOLOGICAL DATA (WS FORM: F-6)

                                          STATION:   INDIANAPOLIS EAGLE CREEK IN
                                          MONTH:     JUNE
                                          YEAR:      2018
                                          LATITUDE:   39 49 N
                                          LONGITUDE:  86 18 W

  TEMPERATURE IN F:       :PCPN:    SNOW:  WIND      :SUNSHINE: SKY     :PK WND
================================================================================
1   2   3   4   5  6A  6B    7    8   9   10  11  12  13   14  15   16   17  18
                                     12Z  AVG MX 2MIN
DY MAX MIN AVG DEP HDD CDD  WTR  SNW DPTH SPD SPD DIR MIN PSBL S-S WX    SPD DR
================================================================================

 1  88  70  79  11   0  14 0.01    M    M  4.4 20 320   M    M   5 18     26 320
 2  88  62  75   7   0  10 0.00    M    M  4.3 12  80   M    M   1        17  80
 3  81  66  74   5   0   9 0.03    M    M 12.8 24 310   M    M   2        31 290
 4  78  58  68  -1   0   3 0.00    M    M  7.1 18 330   M    M   0        27 340
 5  86  63  75   5   0  10    T    M    M  8.7 20 280   M    M   3 3      26 280
 6  80  56  68  -2   0   3 0.00    M    M  5.3 13 100   M    M   2        17 100
 7  92  64  78   8   0  13 0.00    M    M  6.5 23 330   M    M   1 3      30 340
 8  92  71  82  12   0  17 0.07    M    M  4.9 13 130   M    M   1 3      18  40
 9  90  68  79   8   0  14 0.02    M    M  6.1 31 300   M    M   1 3      39 290
10  71  66  69  -2   0   4 1.60    M    M  4.7 21 330   M    M   7 13     26 330
11  78  66  72   1   0   7 0.22    M    M  4.6  9 110   M    M   8 1      14  80
12  80  68  74   2   0   9 0.04    M    M  3.4 12 200   M    M   6 1      19 200
13  87  66  77   5   0  12 0.07    M    M  6.0 23 300   M    M   4 13     30 300
14  85  55  70  -2   0   5 0.00    M    M  2.8 10 140   M    M   0        15 140
15  90  66  78   5   0  13 0.00    M    M  2.4  8 270   M    M   2        14 190
16  93  70  82   9   0  17 0.00    M    M  2.9  9 270   M    M   1        13 290
17  94  75  85  12   0  20 0.00    M    M  3.8 10 210   M    M   1 18     16 250
18  92  75  84  11   0  19 0.00    M    M  6.9 14 210   M    M   1 18     21 270
19  92  71  82   8   0  17 1.31    M    M  5.4 26 330   M    M   3 13     32 330
20  86  71  79   5   0  14 0.01    M    M  4.7 13 290   M    M   3        16 290
21  77  66  72  -2   0   7 1.65    M    M  5.7 24 290   M    M   8 13     32 280
================================================================================
SM 1800 1393         0 237  5.03    M    113.4          M       60
================================================================================
AV 85.7 66.3                               5.4 FASTST   M    M   3    MAX(MPH)
                                 MISC ---->  # 31 300               # 39  290
================================================================================
NOTES:
# LAST OF SEVERAL OCCURRENCES

COLUMN 17 PEAK WIND IN M.P.H.

PRELIMINARY LOCAL CLIMATOLOGICAL DATA (WS FORM: F-6) , PAGE 2

                                          STATION:  INDIANAPOLIS EAGLE CREEK IN
                                          MONTH:    JUNE
                                          YEAR:     2018
                                          LATITUDE:   39 49 N
                                          LONGITUDE:  86 18 W

[TEMPERATURE DATA]      [PRECIPITATION DATA]       SYMBOLS USED IN COLUMN 16

AVERAGE MONTHLY: 76.0   TOTAL FOR MONTH:   5.03    1 = FOG OR MIST
DPTR FM NORMAL:   4.7   DPTR FM NORMAL:    2.00    2 = FOG REDUCING VISIBILITY
HIGHEST:    94 ON 17    GRTST 24HR  1.65 ON 21-21      TO 1/4 MILE OR LESS
LOWEST:     55 ON 14                               3 = THUNDER
                        SNOW, ICE PELLETS, HAIL    4 = ICE PELLETS
                        TOTAL MONTH:    M          5 = HAIL
                        GRTST 24HR    M  ON   M    6 = FREEZING RAIN OR DRIZZLE
                        GRTST DEPTH:  M  ON   M    7 = DUSTSTORM OR SANDSTORM:
                                                       VSBY 1/2 MILE OR LESS
                                                   8 = SMOKE OR HAZE
[NO. OF DAYS WITH]      [WEATHER - DAYS WITH]      9 = BLOWING SNOW
                                                   X = TORNADO
MAX 32 OR BELOW:   0    0.01 INCH OR MORE:  11
MAX 90 OR ABOVE:   8    0.10 INCH OR MORE:   4
MIN 32 OR BELOW:   0    0.50 INCH OR MORE:   3
MIN  0 OR BELOW:   0    1.00 INCH OR MORE:   3

[HDD (BASE 65) ]
TOTAL THIS MO.     0    CLEAR  (SCALE 0-3)  13
DPTR FM NORMAL   -12    PTCLDY (SCALE 4-7)   7
TOTAL FM JUL 1  5223    CLOUDY (SCALE 8-10)  1
DPTR FM NORMAL  -123

[CDD (BASE 65) ]
TOTAL THIS MO.   237
DPTR FM NORMAL    91    [PRESSURE DATA]
TOTAL FM JAN 1   488    HIGHEST SLP M ON M
DPTR FM NORMAL   258    LOWEST  SLP 29.67 ON 21

[REMARKS]
