000
CXUS53 KIND 230730
CF6EYE
PRELIMINARY LOCAL CLIMATOLOGICAL DATA (WS FORM: F-6)

                                          STATION:   INDIANAPOLIS EAGLE CREEK IN
                                          MONTH:     SEPTEMBER
                                          YEAR:      2018
                                          LATITUDE:   39 49 N
                                          LONGITUDE:  86 18 W

  TEMPERATURE IN F:       :PCPN:    SNOW:  WIND      :SUNSHINE: SKY     :PK WND
================================================================================
1   2   3   4   5  6A  6B    7    8   9   10  11  12  13   14  15   16   17  18
                                     12Z  AVG MX 2MIN
DY MAX MIN AVG DEP HDD CDD  WTR  SNW DPTH SPD SPD DIR MIN PSBL S-S WX    SPD DR
================================================================================

 1  88  70  79   7   0  14    T    M    M  6.1 16 200   M    M   1        21 190
 2  90  72  81   9   0  16    T    M    M  4.1 14 160   M    M   1        19 160
 3  92  73  83  11   0  18 0.00    M    M  3.8 12 200   M    M   0        16 180
 4  93  71  82  10   0  17 0.00    M    M  2.6 12 200   M    M   1        16 200
 5  93  71  82  11   0  17    T    M    M  3.6 14 300   M    M   1 3      28  30
 6  88  71  80   9   0  15 0.21    M    M  4.0 18  40   M    M   2 13     26  30
 7  73  65  69  -2   0   4 2.03    M    M  6.5 14  50   M    M  10 13     21  60
 8  65  60  63  -7   2   0 1.42    M    M 11.4 22  70   M    M  10 1      33  70
 9  61  58  60 -10   5   0 0.27    M    M 10.6 17  30   M    M  10 1      26  20
10  68  56  62  -8   3   0 0.01    M    M  4.5 13 330   M    M   9 1      17 340
11  77  53  65  -4   0   0 0.00    M    M  3.3 10  60   M    M   3 12     16  60
12  75  56  66  -3   0   1 0.00    M    M  2.7 10  80   M    M   5 1      13  80
13  83  62  73   5   0   8 0.00    M    M  1.0  8 310   M    M   2        10 350
14  87  64  76   8   0  11 0.00    M    M  3.6 12  50   M    M   0        21  50
15  88  66  77   9   0  12 0.00    M    M  6.0 12  50   M    M   1 18     16  10
16  88  68  78  11   0  13 0.00    M    M  4.9 13 100   M    M   1        18  90
17  90  71  81  14   0  16 0.00    M    M  3.2  9 320   M    M   1        15 350
18  91  67  79  13   0  14 0.00    M    M  2.1 10 310   M    M   3        15 310
19  90  70  80  14   0  15 0.00    M    M  1.7  9 210   M    M   2        16 210
20  91  70  81  16   0  16 0.00    M    M  4.9 15 200   M    M   1 1      23 190
21  84  64  74   9   0   9 0.00    M    M  8.9 18 310   M    M   1        27 250
22  64  56  60  -4   5   0 0.00    M    M  6.5 16  10   M    M   0        24  20
================================================================================
SM 1819 1434        15 216  3.94    M    106.0          M       65
================================================================================
AV 82.7 65.2                               4.8 FASTST   M    M   3    MAX(MPH)
                                 MISC ---->  # 22  70               # 33   70
================================================================================
NOTES:
# LAST OF SEVERAL OCCURRENCES

COLUMN 17 PEAK WIND IN M.P.H.

PRELIMINARY LOCAL CLIMATOLOGICAL DATA (WS FORM: F-6) , PAGE 2

                                          STATION:  INDIANAPOLIS EAGLE CREEK IN
                                          MONTH:    SEPTEMBER
                                          YEAR:     2018
                                          LATITUDE:   39 49 N
                                          LONGITUDE:  86 18 W

[TEMPERATURE DATA]      [PRECIPITATION DATA]       SYMBOLS USED IN COLUMN 16

AVERAGE MONTHLY: 73.9   TOTAL FOR MONTH:   3.94    1 = FOG OR MIST
DPTR FM NORMAL:   5.2   DPTR FM NORMAL:    2.30    2 = FOG REDUCING VISIBILITY
HIGHEST:    93 ON  5, 4 GRTST 24HR  2.03 ON  7- 7      TO 1/4 MILE OR LESS
LOWEST:     53 ON 11                               3 = THUNDER
                        SNOW, ICE PELLETS, HAIL    4 = ICE PELLETS
                        TOTAL MONTH:    M          5 = HAIL
                        GRTST 24HR    M  ON   M    6 = FREEZING RAIN OR DRIZZLE
                        GRTST DEPTH:  M  ON   M    7 = DUSTSTORM OR SANDSTORM:
                                                       VSBY 1/2 MILE OR LESS
                                                   8 = SMOKE OR HAZE
[NO. OF DAYS WITH]      [WEATHER - DAYS WITH]      9 = BLOWING SNOW
                                                   X = TORNADO
MAX 32 OR BELOW:   0    0.01 INCH OR MORE:   5
MAX 90 OR ABOVE:   8    0.10 INCH OR MORE:   4
MIN 32 OR BELOW:   0    0.50 INCH OR MORE:   2
MIN  0 OR BELOW:   0    1.00 INCH OR MORE:   2

[HDD (BASE 65) ]
TOTAL THIS MO.    15    CLEAR  (SCALE 0-3)  17
DPTR FM NORMAL    -7    PTCLDY (SCALE 4-7)   1
TOTAL FM JUL 1    15    CLOUDY (SCALE 8-10)  4
DPTR FM NORMAL   -10

[CDD (BASE 65) ]
TOTAL THIS MO.   216
DPTR FM NORMAL   108    [PRESSURE DATA]
TOTAL FM JAN 1  1519    HIGHEST SLP M ON M
DPTR FM NORMAL   491    LOWEST  SLP 29.85 ON 17

[REMARKS]
