000
CXAK56 PAFG 160953
CF6FAI
PRELIMINARY LOCAL CLIMATOLOGICAL DATA (WS FORM: F-6)

                                          STATION:   FAIRBANKS AK
                                          MONTH:     FEBRUARY
                                          YEAR:      2019
                                          LATITUDE:   64 49 N
                                          LONGITUDE: 147 52 W

  TEMPERATURE IN F:       :PCPN:    SNOW:  WIND      :SUNSHINE: SKY     :PK WND
================================================================================
1   2   3   4   5  6A  6B    7    8   9   10  11  12  13   14  15   16   17  18
                                     12Z  AVG MX 2MIN
DY MAX MIN AVG DEP HDD CDD  WTR  SNW DPTH SPD SPD DIR MIN PSBL S-S WX    SPD DR
================================================================================

 1   6 -26 -10  -4  75   0 0.00  0.0   16  5.8 15  60   M    M   1        17  60
 2   1 -29 -14  -8  79   0 0.00  0.0   16  1.9  9  50   M    M   4        10  40
 3  11   1   6  12  59   0 0.10  1.5   16  1.6  6 200   M    M   9 1       7 180
 4  17   8  13  18  52   0 0.01  0.8   18  2.9 10  30   M    M  10 1      13  50
 5  19   8  14  19  51   0    T  0.1   18  2.0 13  10   M    M   8 1      14  50
 6  17  -1   8  12  57   0 0.00  0.0   18  0.6  5  30   M    M   7         5  30
 7  18   2  10  14  55   0 0.00  0.0   17  0.7  6  20   M    M   8         7  30
 8  24   9  17  21  48   0 0.09  1.3   17  1.4  7  30   M    M   8 1       7  30
 9  23  -2  11  15  54   0 0.01  0.1   18  3.6 10  60   M    M   6 128    13  50
10  22  -2  10  13  55   0    T  0.1   17  1.4  8  40   M    M   6 1       9  40
11  25  11  18  21  47   0 0.07  0.9   17  3.0 10  70   M    M  10 16     13  70
12  32  19  26  28  39   0 0.27  5.3   18  8.4 29 250   M    M  10 1269   40 240
13  23   0  12  14  53   0 0.02  0.5   23  7.0 17 250   M    M   9 19     22 260
14   5 -14  -4  -2  69   0    T    T   23  3.6  9  30   M    M   5        10  20
15  -2 -24 -13 -12  78   0 0.00  0.0   21  2.6  9  50   M    M   0 1      10  50
================================================================================
SM  241  -40       871   0  0.57    10.6  46.5          M      101
================================================================================
AV 16.1 -2.7                               3.1 FASTST   M    M   7    MAX(MPH)
                                 MISC ---->  # 29 250               # 40  240
================================================================================
NOTES:
# LAST OF SEVERAL OCCURRENCES

COLUMN 17 PEAK WIND IN M.P.H.

PRELIMINARY LOCAL CLIMATOLOGICAL DATA (WS FORM: F-6) , PAGE 2

                                          STATION:  FAIRBANKS AK
                                          MONTH:    FEBRUARY
                                          YEAR:     2019
                                          LATITUDE:   64 49 N
                                          LONGITUDE: 147 52 W

[TEMPERATURE DATA]      [PRECIPITATION DATA]       SYMBOLS USED IN COLUMN 16

AVERAGE MONTHLY:  6.7   TOTAL FOR MONTH:   0.57    1 = FOG OR MIST
DPTR FM NORMAL:     M   DPTR FM NORMAL:    0.33    2 = FOG REDUCING VISIBILITY
HIGHEST:    32 ON 12    GRTST 24HR  0.27 ON 12-12      TO 1/4 MILE OR LESS
LOWEST:    -29 ON  2                               3 = THUNDER
                        SNOW, ICE PELLETS, HAIL    4 = ICE PELLETS
                        TOTAL MONTH:  10.6 INCHES  5 = HAIL
                        GRTST 24HR   5.3 ON 12-12  6 = FREEZING RAIN OR DRIZZLE
                        GRTST DEPTH:  23 ON 14,13  7 = DUSTSTORM OR SANDSTORM:
                                                       VSBY 1/2 MILE OR LESS
                                                   8 = SMOKE OR HAZE
[NO. OF DAYS WITH]      [WEATHER - DAYS WITH]      9 = BLOWING SNOW
                                                   X = TORNADO
MAX 32 OR BELOW:  15    0.01 INCH OR MORE:   7
MAX 90 OR ABOVE:   0    0.10 INCH OR MORE:   2
MIN 32 OR BELOW:  15    0.50 INCH OR MORE:   0
MIN  0 OR BELOW:   8    1.00 INCH OR MORE:   0

[HDD (BASE 65) ]
TOTAL THIS MO.   871    CLEAR  (SCALE 0-3)   2
DPTR FM NORMAL  -161    PTCLDY (SCALE 4-7)   7
TOTAL FM JUL 1  8485    CLOUDY (SCALE 8-10)  6
DPTR FM NORMAL -1079

[CDD (BASE 65) ]
TOTAL THIS MO.     0
DPTR FM NORMAL     0    [PRESSURE DATA]
TOTAL FM JAN 1     0    HIGHEST SLP M ON M
DPTR FM NORMAL     0    LOWEST  SLP 29.69 ON 12

[REMARKS]
