000
CXUS53 KFGF 170915
CF6FAR
PRELIMINARY LOCAL CLIMATOLOGICAL DATA (WS FORM: F-6)

                                          STATION:   FARGO HECTOR INTL AP ND
                                          MONTH:     JULY
                                          YEAR:      2018
                                          LATITUDE:   46 54 N
                                          LONGITUDE:  96 48 W

  TEMPERATURE IN F:       :PCPN:    SNOW:  WIND      :SUNSHINE: SKY     :PK WND
================================================================================
1   2   3   4   5  6A  6B    7    8   9   10  11  12  13   14  15   16   17  18
                                     12Z  AVG MX 2MIN
DY MAX MIN AVG DEP HDD CDD  WTR  SNW DPTH SPD SPD DIR MIN PSBL S-S WX    SPD DR
================================================================================

 1  82  61  72   2   0   7 0.01  0.0    0  5.5 21 330   M    M   1 3      27 310
 2  81  57  69  -1   0   4 0.56  0.0    0  7.3 23 200   M    M   3 13     31 200
 3  83  67  75   5   0  10 0.32  0.0    0 10.2 23 160   M    M   4 13     32 240
 4  86  63  75   5   0  10 0.55  0.0    0 11.5 32 320   M    M   2 13     43 320
 5  78  57  68  -2   0   3 0.00  0.0    0  6.6 15 360   M    M   0        19 340
 6  78  55  67  -3   0   2 0.14  0.0    0 10.7 21 180   M    M   1 3      29 170
 7  90  67  79   9   0  14 0.00  0.0    0 17.8 30 190   M    M   0        43 180
 8  88  67  78   7   0  13 0.30  0.0    0  8.9 20 250   M    M   2 13     23 250
 9  84  62  73   2   0   8 0.00  0.0    0  5.8 12  30   M    M   0        15  30
10  82  67  75   4   0  10 0.16  0.0    0 11.9 33 160   M    M   2 13     48 160
11  92  73  83  12   0  18    T  0.0    0 14.6 24 200   M    M   1        35 150
12  82  62  72   1   0   7    T  0.0    0  7.1 16 260   M    M   1        22 260
13  90  63  77   6   0  12 0.00  0.0    0  4.3 12 260   M    M   0        14 250
14  89  66  78   7   0  13 0.00  0.0    0 11.3 22 210   M    M   0        30 180
15  79  62  71   0   0   6 0.01  0.0    0 10.7 20 340   M    M   3 3      26 340
16  80  56  68  -3   0   3 0.00  0.0    0  8.9 16 350   M    M   0        22 330
================================================================================
SM 1344 1005         0 140  2.05     0.0 153.1          M       20
================================================================================
AV 84.0 62.8                               9.6 FASTST   M    M   1    MAX(MPH)
                                 MISC ---->  # 33 160               # 48  160
================================================================================
NOTES:
# LAST OF SEVERAL OCCURRENCES

COLUMN 17 PEAK WIND IN M.P.H.

PRELIMINARY LOCAL CLIMATOLOGICAL DATA (WS FORM: F-6) , PAGE 2

                                          STATION:  FARGO HECTOR INTL AP ND
                                          MONTH:    JULY
                                          YEAR:     2018
                                          LATITUDE:   46 54 N
                                          LONGITUDE:  96 48 W

[TEMPERATURE DATA]      [PRECIPITATION DATA]       SYMBOLS USED IN COLUMN 16

AVERAGE MONTHLY: 73.4   TOTAL FOR MONTH:   2.05    1 = FOG OR MIST
DPTR FM NORMAL:   2.8   DPTR FM NORMAL:    0.42    2 = FOG REDUCING VISIBILITY
HIGHEST:    92 ON 11    GRTST 24HR  0.56 ON  2- 2      TO 1/4 MILE OR LESS
LOWEST:     55 ON  6                               3 = THUNDER
                        SNOW, ICE PELLETS, HAIL    4 = ICE PELLETS
                        TOTAL MONTH:   0.0 INCH    5 = HAIL
                        GRTST 24HR     0.0         6 = FREEZING RAIN OR DRIZZLE
                        GRTST DEPTH:   0           7 = DUSTSTORM OR SANDSTORM:
                                                       VSBY 1/2 MILE OR LESS
                                                   8 = SMOKE OR HAZE
[NO. OF DAYS WITH]      [WEATHER - DAYS WITH]      9 = BLOWING SNOW
                                                   X = TORNADO
MAX 32 OR BELOW:   0    0.01 INCH OR MORE:   8
MAX 90 OR ABOVE:   3    0.10 INCH OR MORE:   6
MIN 32 OR BELOW:   0    0.50 INCH OR MORE:   2
MIN  0 OR BELOW:   0    1.00 INCH OR MORE:   0

[HDD (BASE 65) ]
TOTAL THIS MO.     0    CLEAR  (SCALE 0-3)  15
DPTR FM NORMAL   -12    PTCLDY (SCALE 4-7)   1
TOTAL FM JUL 1     0    CLOUDY (SCALE 8-10)  0
DPTR FM NORMAL   -12

[CDD (BASE 65) ]
TOTAL THIS MO.   140
DPTR FM NORMAL    38    [PRESSURE DATA]
TOTAL FM JAN 1   431    HIGHEST SLP M ON M
DPTR FM NORMAL   191    LOWEST  SLP 29.72 ON  1

[REMARKS]
