000
CXUS53 KFGF 180915
CF6FAR
PRELIMINARY LOCAL CLIMATOLOGICAL DATA (WS FORM: F-6)

                                          STATION:   FARGO HECTOR INTL AP ND
                                          MONTH:     JANUARY
                                          YEAR:      2019
                                          LATITUDE:   46 54 N
                                          LONGITUDE:  96 48 W

  TEMPERATURE IN F:       :PCPN:    SNOW:  WIND      :SUNSHINE: SKY     :PK WND
================================================================================
1   2   3   4   5  6A  6B    7    8   9   10  11  12  13   14  15   16   17  18
                                     12Z  AVG MX 2MIN
DY MAX MIN AVG DEP HDD CDD  WTR  SNW DPTH SPD SPD DIR MIN PSBL S-S WX    SPD DR
================================================================================

 1  -1 -19 -10 -20  75   0 0.00  0.0    8  8.7 17 160   M    M   2        24 160
 2  29  -6  12   2  53   0 0.02  0.2    8 11.5 20 160   M    M   8 18     30 160
 3  40  20  30  20  35   0 0.00  0.0    8 11.5 17 240   M    M   0        24 230
 4  39  22  31  21  34   0 0.00  0.0    7  8.7 13 220   M    M   0        16 220
 5  35  19  27  18  38   0 0.00  0.0    6 11.3 21 340   M    M   5 1      25 340
 6  33  15  24  15  41   0    T    T    6 13.4 25 120   M    M   6 168    36 120
 7  38  28  33  24  32   0 0.02  0.0    6  9.7 20 340   M    M   5 18     24 320
 8  29   5  17   8  48   0 0.00  0.0    5 23.8 43 290   M    M   5        55 300
 9   7   0   4  -5  61   0 0.00  0.0    5 10.9 23 320   M    M   3        30 310
10  19   6  13   4  52   0 0.00  0.0    5 12.3 23 170   M    M   2        31 160
11  20   7  14   5  51   0 0.00  0.0    5  9.8 18 360   M    M   3 18     23 360
12  27  19  23  14  42   0    T    T    5  5.0 15 360   M    M  10 16     18 360
13  27  23  25  16  40   0    T    T    5 13.0 21 200   M    M  10 1      26 200
14  26  19  23  14  42   0    T    T    5  7.9 17 200   M    M  10 12     21 190
15  27  -1  13   4  52   0 0.00  0.0    5 17.3 29 350   M    M   8 18     35 350
16   8  -5   2  -7  63   0 0.00  0.0    0  4.5 10  20   M    M   1 1      14 360
17  10  -4   3  -6  62   0    T    T    4  6.2 13  30   M    M   8 18     16  10
================================================================================
SM  413  148       821   0  0.04     0.2 185.5          M       86
================================================================================
AV 24.3  8.7                              10.9 FASTST   M    M   5    MAX(MPH)
                                 MISC ---->  # 43 290               # 55  300
================================================================================
NOTES:
# LAST OF SEVERAL OCCURRENCES

COLUMN 17 PEAK WIND IN M.P.H.

PRELIMINARY LOCAL CLIMATOLOGICAL DATA (WS FORM: F-6) , PAGE 2

                                          STATION:  FARGO HECTOR INTL AP ND
                                          MONTH:    JANUARY
                                          YEAR:     2019
                                          LATITUDE:   46 54 N
                                          LONGITUDE:  96 48 W

[TEMPERATURE DATA]      [PRECIPITATION DATA]       SYMBOLS USED IN COLUMN 16

AVERAGE MONTHLY: 16.5   TOTAL FOR MONTH:   0.04    1 = FOG OR MIST
DPTR FM NORMAL:   7.3   DPTR FM NORMAL:   -0.38    2 = FOG REDUCING VISIBILITY
HIGHEST:    40 ON  3    GRTST 24HR  0.02 ON  7- 7      TO 1/4 MILE OR LESS
LOWEST:    -19 ON  1                               3 = THUNDER
                        SNOW, ICE PELLETS, HAIL    4 = ICE PELLETS
                        TOTAL MONTH:   0.2 INCH    5 = HAIL
                        GRTST 24HR   0.2 ON  2- 2  6 = FREEZING RAIN OR DRIZZLE
                        GRTST DEPTH:   8 ON  3, 2  7 = DUSTSTORM OR SANDSTORM:
                                                       VSBY 1/2 MILE OR LESS
                                                   8 = SMOKE OR HAZE
[NO. OF DAYS WITH]      [WEATHER - DAYS WITH]      9 = BLOWING SNOW
                                                   X = TORNADO
MAX 32 OR BELOW:  12    0.01 INCH OR MORE:   2
MAX 90 OR ABOVE:   0    0.10 INCH OR MORE:   0
MIN 32 OR BELOW:  17    0.50 INCH OR MORE:   0
MIN  0 OR BELOW:   6    1.00 INCH OR MORE:   0

[HDD (BASE 65) ]
TOTAL THIS MO.   821    CLEAR  (SCALE 0-3)   6
DPTR FM NORMAL  -127    PTCLDY (SCALE 4-7)   6
TOTAL FM JUL 1  4515    CLOUDY (SCALE 8-10)  5
DPTR FM NORMAL    27

[CDD (BASE 65) ]
TOTAL THIS MO.     0
DPTR FM NORMAL     0    [PRESSURE DATA]
TOTAL FM JAN 1     0    HIGHEST SLP M ON M
DPTR FM NORMAL     0    LOWEST  SLP 29.43 ON  7

[REMARKS]
