000
CXUS56 KHNX 241146
CF6FAT
PRELIMINARY LOCAL CLIMATOLOGICAL DATA (WS FORM: F-6)

                                          STATION:   FRESNO CA
                                          MONTH:     JUNE
                                          YEAR:      2018
                                          LATITUDE:   36 46 N
                                          LONGITUDE: 119 43 W

  TEMPERATURE IN F:       :PCPN:    SNOW:  WIND      :SUNSHINE: SKY     :PK WND
================================================================================
1   2   3   4   5  6A  6B    7    8   9   10  11  12  13   14  15   16   17  18
                                     12Z  AVG MX 2MIN
DY MAX MIN AVG DEP HDD CDD  WTR  SNW DPTH SPD SPD DIR MIN PSBL S-S WX    SPD DR
================================================================================

 1  84  53  69  -5   0   4 0.00  0.0    0  6.0 15 310   M    M   1        19 320
 2  96  63  80   6   0  15 0.00  0.0    0  4.5 13 320   M    M   1        16 280
 3 104  69  87  13   0  22 0.00  0.0    0  7.0 14 300   M    M   1 8      17 300
 4 100  71  86  12   0  21 0.00  0.0    0 12.2 22 310   M    M   1 8      28 320
 5  92  61  77   2   0  12 0.00  0.0    0  9.3 17 300   M    M   3        22 310
 6  89  59  74  -1   0   9 0.00  0.0    0 10.2 21 310   M    M   2        25 320
 7  87  57  72  -3   0   7 0.00  0.0    0  9.2 17 310   M    M   0        22 310
 8  92  61  77   2   0  12 0.00  0.0    0 10.2 18 300   M    M   1        24 310
 9  84  61  73  -3   0   8 0.00  0.0    0 17.1 25 300   M    M   5        32 310
10  84  54  69  -7   0   4 0.00  0.0    0  8.6 21 300   M    M   3        24 310
11  90  59  75  -1   0  10 0.00  0.0    0  6.6 14 320   M    M   0         M  M
12  98  67  83   7   0  18 0.00  0.0    0  5.1 14 290   M    M   1        18 290
13 104  71  88  12   0  23 0.00  0.0    0  6.4 18 310   M    M   0        21 310
14 101  70  86   9   0  21 0.00  0.0    0  7.5 15 320   M    M   1        19 310
15  96  65  81   4   0  16 0.00  0.0    0  6.7 18 330   M    M   2        23 330
16  89  60  75  -2   0  10 0.00  0.0    0  6.5 15 330   M    M   1        18 330
17  78  58  68 -10   0   3 0.00  0.0    0  5.0 14 330   M    M   3        17 330
18  87  59  73  -5   0   8 0.00  0.0    0  6.9 16 310   M    M   1        22 350
19  95  65  80   2   0  15 0.00  0.0    0  7.6 15 310   M    M   1        21 300
20 100  68  84   6   0  19 0.00  0.0    0  9.7 18 300   M    M   1        24 300
21  98  65  82   3   0  17 0.00  0.0    0  8.1 20 310   M    M   0        25 300
22 100  66  83   4   0  18 0.00  0.0    0  6.7 16 300   M    M   1        19 300
23 102  71  87   8   0  22 0.00  0.0    0  6.1 17 300   M    M   1        26 280
================================================================================
SM 2150 1453         0 314  0.00     0.0 183.2          M       31
================================================================================
AV 93.5 63.2                               8.0 FASTST   M    M   1    MAX(MPH)
                                 MISC ---->  # 25 300               # 32  310
================================================================================
NOTES:
# LAST OF SEVERAL OCCURRENCES

COLUMN 17 PEAK WIND IN M.P.H.

PRELIMINARY LOCAL CLIMATOLOGICAL DATA (WS FORM: F-6) , PAGE 2

                                          STATION:  FRESNO CA
                                          MONTH:    JUNE
                                          YEAR:     2018
                                          LATITUDE:   36 46 N
                                          LONGITUDE: 119 43 W

[TEMPERATURE DATA]      [PRECIPITATION DATA]       SYMBOLS USED IN COLUMN 16

AVERAGE MONTHLY: 78.3   TOTAL FOR MONTH:   0.00    1 = FOG OR MIST
DPTR FM NORMAL:   2.0   DPTR FM NORMAL:   -0.20    2 = FOG REDUCING VISIBILITY
HIGHEST:   104 ON 13, 3 GRTST 24HR  0.00 ON 23-23      TO 1/4 MILE OR LESS
LOWEST:     53 ON  1                               3 = THUNDER
                        SNOW, ICE PELLETS, HAIL    4 = ICE PELLETS
                        TOTAL MONTH:   0.0 INCH    5 = HAIL
                        GRTST 24HR     0.0         6 = FREEZING RAIN OR DRIZZLE
                        GRTST DEPTH:   0           7 = DUSTSTORM OR SANDSTORM:
                                                       VSBY 1/2 MILE OR LESS
                                                   8 = SMOKE OR HAZE
[NO. OF DAYS WITH]      [WEATHER - DAYS WITH]      9 = BLOWING SNOW
                                                   X = TORNADO
MAX 32 OR BELOW:   0    0.01 INCH OR MORE:   0
MAX 90 OR ABOVE:  15    0.10 INCH OR MORE:   0
MIN 32 OR BELOW:   0    0.50 INCH OR MORE:   0
MIN  0 OR BELOW:   0    1.00 INCH OR MORE:   0

[HDD (BASE 65) ]
TOTAL THIS MO.     0    CLEAR  (SCALE 0-3)  20
DPTR FM NORMAL     0    PTCLDY (SCALE 4-7)   3
TOTAL FM JUL 1  1813    CLOUDY (SCALE 8-10)  0
DPTR FM NORMAL  -530

[CDD (BASE 65) ]
TOTAL THIS MO.   314
DPTR FM NORMAL    51    [PRESSURE DATA]
TOTAL FM JAN 1   595    HIGHEST SLP M ON M
DPTR FM NORMAL    91    LOWEST  SLP 29.58 ON 15

[REMARKS]
