000
CXUS52 KFFC 181110
CF6FFC
PRELIMINARY LOCAL CLIMATOLOGICAL DATA (WS FORM: F-6)

                                          STATION:   PEACHTREE CITY
                                          MONTH:     NOVEMBER
                                          YEAR:      2018
                                          LATITUDE:   33 20 N
                                          LONGITUDE:  84 34 W

  TEMPERATURE IN F:       :PCPN:    SNOW:  WIND      :SUNSHINE: SKY     :PK WND
================================================================================
1   2   3   4   5  6A  6B    7    8   9   10  11  12  13   14  15   16   17  18
                                     12Z  AVG MX 2MIN
DY MAX MIN AVG DEP HDD CDD  WTR  SNW DPTH SPD SPD DIR MIN PSBL S-S WX    SPD DR
================================================================================

 1  73  54  64   7   1   0 0.46  0.0    0  5.1 15 130   M    M   7 1      22 300
 2  64  42  53  -3  12   0 0.11    M    0  5.4 18 310   M    M   8 1      24 320
 3  67  37  52  -4  13   0    T    M    0  0.8  8 330   M    M   0        11 330
 4  68  38  53  -3  12   0 0.00  0.0    0  5.2 16 120   M    M   5 1      22 130
 5  67  58  63   7   2   0 0.08  0.0    0  4.5 10 130   M    M  10 1      14 130
 6  73  53  63   8   2   0 0.12  0.0    0  3.3 22 290   M    M   8 1      31 290
 7  74  47  61   6   4   0 0.98    M    0  2.5 17 320   M    M   7 123    21 310
 8  64  57  61   6   4   0 0.04  0.0    0  3.7  9  80   M    M  10 1      13  50
 9  64  46  55   0  10   0 0.27    M    0  7.6 24 340   M    M  10 1      36 320
10  53  32  43 -11  22   0 0.00  0.0    0 10.0 20 340   M    M   0        26 340
11  58  32  45  -9  20   0 0.00  0.0    0  4.9 13  90   M    M   5        17  90
12  50  44  47  -7  18   0 2.15  0.0    0  6.5 15 320   M    M  10 1      19 320
13  54  45  50  -4  15   0 0.21    M    0  5.1 14 310   M    M  10 1      17 320
14  53  44  49  -4  16   0 0.52    M    0  4.6 13  70   M    M  10 1      17  60
15  48  35  42 -11  23   0 0.06  0.0    0  7.3 17 300   M    M   7 1      26 320
16  59  33  46  -7  19   0 0.00  0.0    0  5.5 17 330   M    M   2        22 320
17  66  32  49  -3  16   0 0.00  0.0    0  1.0  9 340   M    M   0 1      13 350
================================================================================
SM 1055  729       209   0  5.00     0.0  83.0          M      109
================================================================================
AV 62.1 42.9                               4.9 FASTST   M    M   6    MAX(MPH)
                                 MISC ---->  # 24 340               # 36  320
================================================================================
NOTES:
# LAST OF SEVERAL OCCURRENCES

COLUMN 17 PEAK WIND IN M.P.H.

PRELIMINARY LOCAL CLIMATOLOGICAL DATA (WS FORM: F-6) , PAGE 2

                                          STATION:  PEACHTREE CITY
                                          MONTH:    NOVEMBER
                                          YEAR:     2018
                                          LATITUDE:   33 20 N
                                          LONGITUDE:  84 34 W

[TEMPERATURE DATA]      [PRECIPITATION DATA]       SYMBOLS USED IN COLUMN 16

AVERAGE MONTHLY: 52.5   TOTAL FOR MONTH:   5.00    1 = FOG OR MIST
DPTR FM NORMAL:  -2.1   DPTR FM NORMAL:    2.88    2 = FOG REDUCING VISIBILITY
HIGHEST:    74 ON  7    GRTST 24HR  2.15 ON 12-12      TO 1/4 MILE OR LESS
LOWEST:     32 ON 17,11                            3 = THUNDER
                        SNOW, ICE PELLETS, HAIL    4 = ICE PELLETS
                        TOTAL MONTH:   0.0 INCH    5 = HAIL
                        GRTST 24HR     0.0         6 = FREEZING RAIN OR DRIZZLE
                        GRTST DEPTH:   0           7 = DUSTSTORM OR SANDSTORM:
                                                       VSBY 1/2 MILE OR LESS
                                                   8 = SMOKE OR HAZE
[NO. OF DAYS WITH]      [WEATHER - DAYS WITH]      9 = BLOWING SNOW
                                                   X = TORNADO
MAX 32 OR BELOW:   0    0.01 INCH OR MORE:  11
MAX 90 OR ABOVE:   0    0.10 INCH OR MORE:   8
MIN 32 OR BELOW:   3    0.50 INCH OR MORE:   3
MIN  0 OR BELOW:   0    1.00 INCH OR MORE:   1

[HDD (BASE 65) ]
TOTAL THIS MO.   209    CLEAR  (SCALE 0-3)   4
DPTR FM NORMAL    27    PTCLDY (SCALE 4-7)   6
TOTAL FM JUL 1   317    CLOUDY (SCALE 8-10)  7
DPTR FM NORMAL   -31

[CDD (BASE 65) ]
TOTAL THIS MO.     0
DPTR FM NORMAL    -2    [PRESSURE DATA]
TOTAL FM JAN 1  2305    HIGHEST SLP M ON M
DPTR FM NORMAL   655    LOWEST  SLP 29.72 ON  1

[REMARKS]
