000
CXUS52 KMFL 241000
CF6FLL
PRELIMINARY LOCAL CLIMATOLOGICAL DATA (WS FORM: F-6)

                                          STATION:   FORT LAUDERDALE
                                          MONTH:     JUNE
                                          YEAR:      2018
                                          LATITUDE:   26  4 N
                                          LONGITUDE:  80  9 W

  TEMPERATURE IN F:       :PCPN:    SNOW:  WIND      :SUNSHINE: SKY     :PK WND
================================================================================
1   2   3   4   5  6A  6B    7    8   9   10  11  12  13   14  15   16   17  18
                                     12Z  AVG MX 2MIN
DY MAX MIN AVG DEP HDD CDD  WTR  SNW DPTH SPD SPD DIR MIN PSBL S-S WX    SPD DR
================================================================================

 1  86  77  82   0   0  17 0.00  0.0    0  7.3 15 140   M    M   6        21 140
 2  87  76  82   0   0  17 0.00  0.0    0  6.9 15 140   M    M   7        18 150
 3  92  78  85   3   0  20 0.00  0.0    0  7.3 15 250   M    M   7        21 200
 4  92  79  86   3   0  21 0.01  0.0    0  7.7 16 260   M    M   5 3      23 250
 5  92  78  85   2   0  20 0.00  0.0    0 10.3 17 260   M    M   6 3      22 160
 6  94  76  85   2   0  20 0.20  0.0    0  7.9 20 360   M    M   5 13     27 350
 7  89  71  80  -3   0  15 2.49  0.0    0  6.4 21 320   M    M   6 13     27 280
 8  87  75  81  -2   0  16 0.08  0.0    0  6.0 23 120   M    M   7 3      28 120
 9  86  74  80  -3   0  15 0.03  0.0    0  5.6 14  90   M    M   7 3      18  90
10  86  76  81  -2   0  16 0.01  0.0    0  3.7 14 120   M    M   8 3      16 120
11  86  75  81  -2   0  16 0.01  0.0    0  4.7 16 140   M    M   7 3      19 140
12  86  74  80  -3   0  15    T  0.0    0  7.5 16 100   M    M   7        19 100
13  87  77  82  -1   0  17 0.00  0.0    0  6.8 16 130   M    M   8        19 130
14  85  76  81  -2   0  16 0.28  0.0    0  3.5 18 210   M    M   7 13     24 210
15  87  75  81  -2   0  16 0.03  0.0    0  4.0 16 320   M    M   7 3      23 310
16  88  75  82  -1   0  17 0.00  0.0    0  6.4 15 110   M    M   7 3      19 120
17  89  78  84   1   0  19 0.00  0.0    0  6.9 16 100   M    M   7        19 100
18  88  79  84   1   0  19 0.00  0.0    0  7.5 16  80   M    M   5        21  80
19  87  78  83   0   0  18    T  0.0    0  7.9 17  80   M    M   5        24 100
20  88  77  83   0   0  18 0.00  0.0    0  6.5 16 120   M    M   5        23 110
21  92  79  86   3   0  21 0.00  0.0    0  5.7 18 270   M    M   5 3      23 270
22  93  76  85   2   0  20 0.62  0.0    0  6.6 31 110   M    M   6 1238   39 110
23  90  75  83   0   0  18 1.53  0.0    0  4.1 22 280   M    M   6 13     27 300
================================================================================
SM 2037 1754         0 407  5.29     0.0 147.2          M      146
================================================================================
AV 88.6 76.3                               6.4 FASTST   M    M   6    MAX(MPH)
                                 MISC ---->  # 31 110               # 39  110
================================================================================
NOTES:
# LAST OF SEVERAL OCCURRENCES

COLUMN 17 PEAK WIND IN M.P.H.

PRELIMINARY LOCAL CLIMATOLOGICAL DATA (WS FORM: F-6) , PAGE 2

                                          STATION:  FORT LAUDERDALE
                                          MONTH:    JUNE
                                          YEAR:     2018
                                          LATITUDE:   26  4 N
                                          LONGITUDE:  80  9 W

[TEMPERATURE DATA]      [PRECIPITATION DATA]       SYMBOLS USED IN COLUMN 16

AVERAGE MONTHLY: 82.4   TOTAL FOR MONTH:   5.29    1 = FOG OR MIST
DPTR FM NORMAL:  -0.5   DPTR FM NORMAL:   -2.41    2 = FOG REDUCING VISIBILITY
HIGHEST:    94 ON  6    GRTST 24HR  2.49 ON  7- 7      TO 1/4 MILE OR LESS
LOWEST:     71 ON  7                               3 = THUNDER
                        SNOW, ICE PELLETS, HAIL    4 = ICE PELLETS
                        TOTAL MONTH:   0.0 INCH    5 = HAIL
                        GRTST 24HR     0.0         6 = FREEZING RAIN OR DRIZZLE
                        GRTST DEPTH:   0           7 = DUSTSTORM OR SANDSTORM:
                                                       VSBY 1/2 MILE OR LESS
                                                   8 = SMOKE OR HAZE
[NO. OF DAYS WITH]      [WEATHER - DAYS WITH]      9 = BLOWING SNOW
                                                   X = TORNADO
MAX 32 OR BELOW:   0    0.01 INCH OR MORE:  11
MAX 90 OR ABOVE:   7    0.10 INCH OR MORE:   5
MIN 32 OR BELOW:   0    0.50 INCH OR MORE:   3
MIN  0 OR BELOW:   0    1.00 INCH OR MORE:   2

[HDD (BASE 65) ]
TOTAL THIS MO.     0    CLEAR  (SCALE 0-3)   0
DPTR FM NORMAL     0    PTCLDY (SCALE 4-7)  23
TOTAL FM JUL 1   141    CLOUDY (SCALE 8-10)  0
DPTR FM NORMAL    29

[CDD (BASE 65) ]
TOTAL THIS MO.   407
DPTR FM NORMAL    -4    [PRESSURE DATA]
TOTAL FM JAN 1  1811    HIGHEST SLP M ON M
DPTR FM NORMAL   -18    LOWEST  SLP 29.87 ON  6

[REMARKS]
