000
CXUS54 KLZK 201130
CF6FLP
PRELIMINARY LOCAL CLIMATOLOGICAL DATA (WS FORM: F-6)

                                          STATION:   Flippin
                                          MONTH:     JULY
                                          YEAR:      2018
                                          LATITUDE:   36 17 N
                                          LONGITUDE:  92 28 W

  TEMPERATURE IN F:       :PCPN:    SNOW:  WIND      :SUNSHINE: SKY     :PK WND
================================================================================
1   2   3   4   5  6A  6B    7    8   9   10  11  12  13   14  15   16   17  18
                                     12Z  AVG MX 2MIN
DY MAX MIN AVG DEP HDD CDD  WTR  SNW DPTH SPD SPD DIR MIN PSBL S-S WX    SPD DR
================================================================================

 1  94  72  83   M   0  18 0.00    M    M  4.3 13 230   M    M   0        16 240
 2  95  69  82   M   0  17 0.00    M    M  2.4  7  40   M    M   0         M  M
 3  98  73  86   M   0  21    T    M    M  3.6 13  70   M    M   1 3      17  70
 4  97  72  85   M   0  20 0.00    M    M  3.5 10 100   M    M   2        17  99
 5  99  72  86   M   0  21 0.16    M    M  3.8  9  60   M    M   2 3      20  60
 6  98  72  85   M   0  20    T  0.0    0  4.2 13  30   M    M   1        20  30
 7  92  69  81   M   0  16 0.00  0.0    0  6.2 10  50   M    M   2        20  50
 8  92  67  80   M   0  15 0.00  0.0    0  3.7  9  80   M    M   3 3       M  M
 9  93  71  82   M   0  17    T  0.0    0  1.3  5 270   M    M   4 3       M  M
10  98  70  84   M   0  19 0.08  0.0    0  2.4  8  10   M    M   1 13      M  M
11 100  71  86   M   0  21 0.00  0.0    0  1.8  6  99   M    M   1         M  M
12  98  73  86   M   0  21 0.00  0.0    0  1.4  6  99   M    M   1 3       M  M
13 101  71  86   M   0  21 0.00  0.0    0  3.3  9 210   M    M   2         M  M
14  99  72  86   M   0  21 0.00  0.0    0  4.0 12  10   M    M   2 3       M  M
15  92  73  83   M   0  18    T  0.0    0  3.1  8 220   M    M   2         M  M
16  94  71  83   M   0  18 0.04  0.0    0  1.8  6 240   M    M   2 13      M  M
17  99  70  85   M   0  20    T  0.0    0  3.0 13  40   M    M   1 13      M  M
18  86  73  80   M   0  15    T  0.0    0  2.7  8 120   M    M   6         M  M
19  97  71  84   M   0  19 0.06  0.0    0  4.4 30 340   M    M   5 13     39 340
================================================================================
SM 1822 1352         0 358  0.34     0.0  60.9          M       38
================================================================================
AV 95.9 71.2                               3.2 FASTST   M    M   2    MAX(MPH)
                                 MISC ---->  # 30 340               # 39  340
================================================================================
NOTES:
# LAST OF SEVERAL OCCURRENCES

COLUMN 17 PEAK WIND IN M.P.H.

PRELIMINARY LOCAL CLIMATOLOGICAL DATA (WS FORM: F-6) , PAGE 2

                                          STATION:  Flippin
                                          MONTH:    JULY
                                          YEAR:     2018
                                          LATITUDE:   36 17 N
                                          LONGITUDE:  92 28 W

[TEMPERATURE DATA]      [PRECIPITATION DATA]       SYMBOLS USED IN COLUMN 16

AVERAGE MONTHLY: 83.5   TOTAL FOR MONTH:   0.34    1 = FOG OR MIST
DPTR FM NORMAL:     M   DPTR FM NORMAL:       M    2 = FOG REDUCING VISIBILITY
HIGHEST:   101 ON 13    GRTST 24HR  0.16 ON  5- 5      TO 1/4 MILE OR LESS
LOWEST:     67 ON  8                               3 = THUNDER
                        SNOW, ICE PELLETS, HAIL    4 = ICE PELLETS
                        TOTAL MONTH:   0.0 INCH    5 = HAIL
                        GRTST 24HR     0.0         6 = FREEZING RAIN OR DRIZZLE
                        GRTST DEPTH:   0           7 = DUSTSTORM OR SANDSTORM:
                                                       VSBY 1/2 MILE OR LESS
                                                   8 = SMOKE OR HAZE
[NO. OF DAYS WITH]      [WEATHER - DAYS WITH]      9 = BLOWING SNOW
                                                   X = TORNADO
MAX 32 OR BELOW:   0    0.01 INCH OR MORE:   4
MAX 90 OR ABOVE:  18    0.10 INCH OR MORE:   1
MIN 32 OR BELOW:   0    0.50 INCH OR MORE:   0
MIN  0 OR BELOW:   0    1.00 INCH OR MORE:   0

[HDD (BASE 65) ]
TOTAL THIS MO.     0    CLEAR  (SCALE 0-3)  16
DPTR FM NORMAL     M    PTCLDY (SCALE 4-7)   3
TOTAL FM JUL 1     0    CLOUDY (SCALE 8-10)  0
DPTR FM NORMAL     M

[CDD (BASE 65) ]
TOTAL THIS MO.   358
DPTR FM NORMAL     M    [PRESSURE DATA]
TOTAL FM JAN 1  1100    HIGHEST SLP M ON M
DPTR FM NORMAL     M    LOWEST  SLP M ON M

[REMARKS]
