000
CXUS54 KLZK 271130
CF6FLP
PRELIMINARY LOCAL CLIMATOLOGICAL DATA (WS FORM: F-6)

                                          STATION:   Flippin
                                          MONTH:     MAY
                                          YEAR:      2020
                                          LATITUDE:   36 17 N
                                          LONGITUDE:  92 28 W

  TEMPERATURE IN F:       :PCPN:    SNOW:  WIND      :SUNSHINE: SKY     :PK WND
================================================================================
1   2   3   4   5  6A  6B    7    8   9   10  11  12  13   14  15   16   17  18
                                     12Z  AVG MX 2MIN
DY MAX MIN AVG DEP HDD CDD  WTR  SNW DPTH SPD SPD DIR MIN PSBL S-S WX    SPD DR
================================================================================

 1  81  44  63   M   2   0 0.01    M    M  3.5 12 170   M    M   0        17 170
 2  88  56  72   M   0   7 0.01    M    M  3.6 10 160   M    M   0 8       M  M
 3  75  60  68   M   0   3 0.03    M    M  3.1 10 230   M    M   8 13      M  M
 4  65  59  62   M   3   0 0.03    M    M  5.6  9 180   M    M  10 13     16 180
 5  74  57  66   M   0   1 0.05    M    M  8.8 16 320   M    M   4 1      27 330
 6  68  47  58   M   7   0    T    M    M  6.2 14  30   M    M   4        20  20
 7  69  43  56   M   9   0    T    M    M  2.8  7  60   M    M   4 3       M  M
 8  66  45  56   M   9   0 0.08    M    M  8.9 17  20   M    M   5 13     24  10
 9  68  37  53   M  12   0 0.00    M    M  1.2  5  99   M    M   0         M  M
10  68  43  56   M   9   0 0.00    M    M  6.8 13 290   M    M   0        18 320
11  53  39  46   M  19   0    T    M    M  2.2  7 290   M    M   5         M  M
12  50  44  47   M  18   0    M    M    M  4.2  7 100   M    M  10 1       M  M
13  73  50  62   M   3   0 0.71    M    M  3.7  7 100   M    M   8 18      M  M
14  82  63  73   M   0   8 0.00    M    M  6.7 10 170   M    M   4 18     21 210
15  71  61  66   M   0   1 0.73    M    M  4.3 14 220   M    M   5 13     23 220
16  78  62  70   M   0   5 1.18    M    M  3.6  7  10   M    M  10 138     M  M
17  78  57  68   M   0   3 0.98    M    M  6.1 14 310   M    M   6 1      23 330
18  67  54  61   M   4   0 0.00    M    M  7.1 14 310   M    M   7        22 320
19  69  55  62   M   3   0 0.00    M    M  5.0 13 330   M    M   8         M  M
20  74  51  63   M   2   0 0.00    M    M  2.4  6 260   M    M   6         M  M
21  75  54  65   M   0   0 0.05    M    M  3.9  9 120   M    M   7 13      M  M
22  72  61  67   M   0   2 1.84    M    M  2.5  6  99   M    M   5 13      M  M
23  85  63  74   M   0   9    T    M    M  3.3  8 230   M    M   1 3       M  M
24  86  64  75   M   0  10 0.00    M    M  4.3 10 110   M    M   2 3      17  99
25  85  66  76   M   0  11 0.87    M    M  4.9 10 140   M    M   2 13     22 140
26  80  66  73   M   0   8 0.07    M    M  5.3 10 170   M    M   6 1      20 150
================================================================================
SM 1900 1401       100  68  6.64    M    120.0          M      127
================================================================================
AV 73.1 53.9                               4.6 FASTST   M    M   5    MAX(MPH)
                                 MISC ---->  # 17  20               # 27  330
================================================================================
NOTES:
# LAST OF SEVERAL OCCURRENCES

COLUMN 17 PEAK WIND IN M.P.H.

PRELIMINARY LOCAL CLIMATOLOGICAL DATA (WS FORM: F-6) , PAGE 2

                                          STATION:  Flippin
                                          MONTH:    MAY
                                          YEAR:     2020
                                          LATITUDE:   36 17 N
                                          LONGITUDE:  92 28 W

[TEMPERATURE DATA]      [PRECIPITATION DATA]       SYMBOLS USED IN COLUMN 16

AVERAGE MONTHLY: 63.5   TOTAL FOR MONTH:   6.64    1 = FOG OR MIST
DPTR FM NORMAL:     M   DPTR FM NORMAL:       M    2 = FOG REDUCING VISIBILITY
HIGHEST:    88 ON  2    GRTST 24HR  1.84 ON 22-22      TO 1/4 MILE OR LESS
LOWEST:     37 ON  9                               3 = THUNDER
                        SNOW, ICE PELLETS, HAIL    4 = ICE PELLETS
                        TOTAL MONTH:    M          5 = HAIL
                        GRTST 24HR    M  ON   M    6 = FREEZING RAIN OR DRIZZLE
                        GRTST DEPTH:  M  ON   M    7 = DUSTSTORM OR SANDSTORM:
                                                       VSBY 1/2 MILE OR LESS
                                                   8 = SMOKE OR HAZE
[NO. OF DAYS WITH]      [WEATHER - DAYS WITH]      9 = BLOWING SNOW
                                                   X = TORNADO
MAX 32 OR BELOW:   0    0.01 INCH OR MORE:  14
MAX 90 OR ABOVE:   0    0.10 INCH OR MORE:   6
MIN 32 OR BELOW:   0    0.50 INCH OR MORE:   6
MIN  0 OR BELOW:   0    1.00 INCH OR MORE:   2

[HDD (BASE 65) ]
TOTAL THIS MO.   100    CLEAR  (SCALE 0-3)   7
DPTR FM NORMAL     M    PTCLDY (SCALE 4-7)  16
TOTAL FM JUL 1  3615    CLOUDY (SCALE 8-10)  3
DPTR FM NORMAL     M

[CDD (BASE 65) ]
TOTAL THIS MO.    68
DPTR FM NORMAL     M    [PRESSURE DATA]
TOTAL FM JAN 1   107    HIGHEST SLP M ON M
DPTR FM NORMAL     M    LOWEST  SLP M ON M

[REMARKS]
