359
CXUS55 KABQ 211000
CF6FMN
PRELIMINARY LOCAL CLIMATOLOGICAL DATA (WS FORM: F-6)

                                          STATION:   FARMINGTON NM
                                          MONTH:     OCTOBER
                                          YEAR:      2019
                                          LATITUDE:   36 45 N
                                          LONGITUDE: 108 14 W

  TEMPERATURE IN F:       :PCPN:    SNOW:  WIND      :SUNSHINE: SKY     :PK WND
================================================================================
1   2   3   4   5  6A  6B    7    8   9   10  11  12  13   14  15   16   17  18
                                     12Z  AVG MX 2MIN
DY MAX MIN AVG DEP HDD CDD  WTR  SNW DPTH SPD SPD DIR MIN PSBL S-S WX    SPD DR
================================================================================

 1  82  45  64   5   1   0 0.00    M    M  8.5 23 210   M    M   0        29 200
 2  73  41  57  -2   8   0 0.00    M    M  5.5 12 220   M    M   0        15 220
 3  82  40  61   3   4   0 0.00    M    M  7.8 18 210   M    M   1        21 200
 4  81  51  66   8   0   1 0.03    M    M  9.1 25 280   M    M   3 3      31 280
 5  75  35  55  -3  10   0 0.00    M    M  6.8 22 280   M    M   0        28 280
 6  73  33  53  -4  12   0 0.00    M    M  9.9 26 280   M    M   0        33 280
 7  76  32  54  -3  11   0 0.00    M    M  6.5 14 110   M    M   0        17 100
 8  79  39  59   3   6   0 0.00    M    M  6.5 17 290   M    M   0        23 290
 9  77  42  60   4   5   0 0.00    M    M  8.7 14 230   M    M   0        18 200
10  60  33  47  -8  18   0 0.00    M    M 14.2 32 280   M    M   0        40 280
11  56  20  38 -17  27   0 0.00    M    M  4.4 10 260   M    M   0        12 250
12  67  20  44 -10  21   0 0.00    M    M  6.1 13 280   M    M   0        16 280
13  73  25  49  -5  16   0 0.00    M    M  6.2 13  40   M    M   0        14  90
14  73  33  53  -1  12   0 0.00    M    M  6.5 17 290   M    M   0 8      23 280
15  74  29  52  -1  13   0 0.00    M    M  6.9 21 280   M    M   0        25 280
16  75  31  53   0  12   0 0.00    M    M  6.1 13 280   M    M   0 8      16 290
17  77  36  57   5   8   0 0.00    M    M  7.4 17 170   M    M   0        21 170
18  66  41  54   2  11   0 0.02    M    M 10.6 30 280   M    M   3 38     40 290
19  66  25  46  -5  19   0 0.00    M    M  4.6 15 270   M    M   0        19 240
20  54  33  44  -7  21   0 0.00    M    M 13.6 33 300   M    M   0 8      42 310
================================================================================
SM 1439  684       235   1  0.05    M    155.9          M        7
================================================================================
AV 72.0 34.2                               7.8 FASTST   M    M   0    MAX(MPH)
                                 MISC ---->  # 33 300               # 42  310
================================================================================
NOTES:
# LAST OF SEVERAL OCCURRENCES

COLUMN 17 PEAK WIND IN M.P.H.

PRELIMINARY LOCAL CLIMATOLOGICAL DATA (WS FORM: F-6) , PAGE 2

                                          STATION:  FARMINGTON NM
                                          MONTH:    OCTOBER
                                          YEAR:     2019
                                          LATITUDE:   36 45 N
                                          LONGITUDE: 108 14 W

[TEMPERATURE DATA]      [PRECIPITATION DATA]       SYMBOLS USED IN COLUMN 16

AVERAGE MONTHLY: 53.1   TOTAL FOR MONTH:   0.05    1 = FOG OR MIST
DPTR FM NORMAL:  -2.0   DPTR FM NORMAL:   -0.75    2 = FOG REDUCING VISIBILITY
HIGHEST:    82 ON  3, 1 GRTST 24HR  0.03 ON  4- 4      TO 1/4 MILE OR LESS
LOWEST:     20 ON 12,11                            3 = THUNDER
                        SNOW, ICE PELLETS, HAIL    4 = ICE PELLETS
                        TOTAL MONTH:    M          5 = HAIL
                        GRTST 24HR    M  ON   M    6 = FREEZING RAIN OR DRIZZLE
                        GRTST DEPTH:  M  ON   M    7 = DUSTSTORM OR SANDSTORM:
                                                       VSBY 1/2 MILE OR LESS
                                                   8 = SMOKE OR HAZE
[NO. OF DAYS WITH]      [WEATHER - DAYS WITH]      9 = BLOWING SNOW
                                                   X = TORNADO
MAX 32 OR BELOW:   0    0.01 INCH OR MORE:   2
MAX 90 OR ABOVE:   0    0.10 INCH OR MORE:   0
MIN 32 OR BELOW:   7    0.50 INCH OR MORE:   0
MIN  0 OR BELOW:   0    1.00 INCH OR MORE:   0

[HDD (BASE 65) ]
TOTAL THIS MO.   235    CLEAR  (SCALE 0-3)  20
DPTR FM NORMAL    34    PTCLDY (SCALE 4-7)   0
TOTAL FM JUL 1   273    CLOUDY (SCALE 8-10)  0
DPTR FM NORMAL     8

[CDD (BASE 65) ]
TOTAL THIS MO.     1
DPTR FM NORMAL     1    [PRESSURE DATA]
TOTAL FM JAN 1  1066    HIGHEST SLP M ON M
DPTR FM NORMAL   160    LOWEST  SLP 29.59 ON  9

[REMARKS]
